000
CXUS54 KHGX 241415
CF611R
PRELIMINARY LOCAL CLIMATOLOGICAL DATA (WS FORM: F-6)

                                          STATION:   BRENHAM
                                          MONTH:     NOVEMBER
                                          YEAR:      2017
                                          LATITUDE:   30 13 N
                                          LONGITUDE:  96 22 W

  TEMPERATURE IN F:       :PCPN:    SNOW:  WIND      :SUNSHINE: SKY     :PK WND
================================================================================
1   2   3   4   5  6A  6B    7    8   9   10  11  12  13   14  15   16   17  18
                                     12Z  AVG MX 2MIN
DY MAX MIN AVG DEP HDD CDD  WTR  SNW DPTH SPD SPD DIR MIN PSBL S-S WX    SPD DR
================================================================================

 1  81  58  70   M   0   5 0.22  0.0    0  4.7  9 170   M    M   7 1       M  M
 2  88  73  81   M   0  16 0.00  0.0    0  9.4 15 210   M    M   8 1      21 210
 3  89  74  82   M   0  17 0.00  0.0    0  5.6 10 170   M    M   6 1       M  M
 4  87  73  80   M   0  15 0.00  0.0    0  6.3 12 210   M    M   6         M  M
 5  89  73  81   M   0  16 0.00  0.0    0  8.6 13 180   M    M   7        28 210
 6  88  73  81   M   0  16 0.00  0.0    0  7.8 12 190   M    M   5        18 190
 7  86  61  74   M   0   9 0.00  0.0    0  6.8 20 340   M    M   7 1      21 330
 8  61  49  55   M  10   0 0.28    M    0 11.5 15 360   M    M  10 18     21 360
 9  55  48  52   M  13   0 0.02  0.0    0  6.8 12 360   M    M   8 1       M  M
10  68  47  58   M   7   0 0.00  0.0    0  2.5  8  90   M    M   7 1       M  M
11  78  59  69   M   0   4 0.00  0.0    0  5.3 10 170   M    M   9 8       M  M
12  81  61  71   M   0   6 0.00  0.0    0  2.4  6 140   M    M   8         M  M
13  79  60  70   M   0   5 0.00  0.0    0  2.3  7 110   M    M   3         M  M
14  80  58  69   M   0   4 0.00  0.0    0  3.8 10 170   M    M   4 1       M  M
15   M   M   M   M   M   M    M    M    M   M   M   M   M    M   M 1       M  M
16  79  68  74   M   0   9 0.01  0.0    0  5.2  7 140   M    M   7         M  M
17  86  68  77   M   0  12 0.00  0.0    0  8.8 17 190   M    M   7 1      24 190
18  84  55  70   M   0   5 0.00  0.0    0 15.6 24 330   M    M   5        35 340
19  65  42  54   M  11   0 0.00  0.0    0  5.2 10 360   M    M   0         M  M
20  70  40  55   M  10   0 0.00  0.0    0  3.6 12 190   M    M   0         M  M
21  76  52  64   M   1   0 0.00  0.0    0  3.0  8  40   M    M   4 1       M  M
22  64  44  54   M  11   0 0.00  0.0    0 10.2 17 350   M    M   3        22 340
23  67  36  52   M  13   0 0.00  0.0    0  0.9  6 340   M    M   0 8       M  M
================================================================================
SM 1701 1272        76 139  0.53     0.0 136.3          M      121
================================================================================
AV 77.3 57.8                               6.2 FASTST   M    M   6    MAX(MPH)
                                 MISC ---->  # 24 330               # 35  340
================================================================================
NOTES:
# LAST OF SEVERAL OCCURRENCES

COLUMN 17 PEAK WIND IN M.P.H.

PRELIMINARY LOCAL CLIMATOLOGICAL DATA (WS FORM: F-6) , PAGE 2

                                          STATION:  BRENHAM
                                          MONTH:    NOVEMBER
                                          YEAR:     2017
                                          LATITUDE:   30 13 N
                                          LONGITUDE:  96 22 W

[TEMPERATURE DATA]      [PRECIPITATION DATA]       SYMBOLS USED IN COLUMN 16

AVERAGE MONTHLY: 67.6   TOTAL FOR MONTH:   0.53    1 = FOG OR MIST
DPTR FM NORMAL:     M   DPTR FM NORMAL:       M    2 = FOG REDUCING VISIBILITY
HIGHEST:    89 ON  5, 3 GRTST 24HR  0.28 ON  8- 8      TO 1/4 MILE OR LESS
LOWEST:     36 ON 23                               3 = THUNDER
                        SNOW, ICE PELLETS, HAIL    4 = ICE PELLETS
                        TOTAL MONTH:   0.0 INCH    5 = HAIL
                        GRTST 24HR     0.0         6 = FREEZING RAIN OR DRIZZLE
                        GRTST DEPTH:   0           7 = DUSTSTORM OR SANDSTORM:
                                                       VSBY 1/2 MILE OR LESS
                                                   8 = SMOKE OR HAZE
[NO. OF DAYS WITH]      [WEATHER - DAYS WITH]      9 = BLOWING SNOW
                                                   X = TORNADO
MAX 32 OR BELOW:   0    0.01 INCH OR MORE:   4
MAX 90 OR ABOVE:   0    0.10 INCH OR MORE:   2
MIN 32 OR BELOW:   0    0.50 INCH OR MORE:   0
MIN  0 OR BELOW:   0    1.00 INCH OR MORE:   0

[HDD (BASE 65) ]
TOTAL THIS MO.    76    CLEAR  (SCALE 0-3)   4
DPTR FM NORMAL     M    PTCLDY (SCALE 4-7)  16
TOTAL FM JUL 1   125    CLOUDY (SCALE 8-10)  2
DPTR FM NORMAL     M

[CDD (BASE 65) ]
TOTAL THIS MO.   139
DPTR FM NORMAL     M    [PRESSURE DATA]
TOTAL FM JAN 1  3427    HIGHEST SLP M ON M
DPTR FM NORMAL     M    LOWEST  SLP M ON M

[REMARKS]
