000
CXUS51 KBTV 200700
CF61V4
PRELIMINARY LOCAL CLIMATOLOGICAL DATA (WS FORM: F-6)

                                          STATION:   SAINT JOHNSBURY VT
                                          MONTH:     JANUARY
                                          YEAR:      2017
                                          LATITUDE:   44 25 N
                                          LONGITUDE:  72  1 W

  TEMPERATURE IN F:       :PCPN:    SNOW:  WIND      :SUNSHINE: SKY     :PK WND
================================================================================
1   2   3   4   5  6A  6B    7    8   9   10  11  12  13   14  15   16   17  18
                                     12Z  AVG MX 2MIN
DY MAX MIN AVG DEP HDD CDD  WTR  SNW DPTH SPD SPD DIR MIN PSBL S-S WX    SPD DR
================================================================================

 1  36  17  27   9  38   0 0.02    M    0   M   M   M   M    M   0         M  M
 2  33   7  20   2  45   0 0.00  0.0    0   M   M   M   M    M   0         M  M
 3  36  12  24   6  41   0 0.20    M    0   M   M   M   M    M   0         M  M
 4  39  27  33  15  32   0 0.16    M    0   M   M   M   M    M   0         M  M
 5  26  21  24   7  41   0 0.00  0.0    0   M   M   M   M    M   0         M  M
 6  24   5  15  -2  50   0 0.00  0.0    0   M   M   M   M    M   0         M  M
 7  15  -5   5 -12  60   0 0.00  0.0    0   M   M   M   M    M   0         M  M
 8  15  -4   6 -11  59   0 0.00  0.0    0   M   M   M   M    M   0         M  M
 9  12  -7   3 -14  62   0 0.00  0.0    0   M   M   M   M    M   0         M  M
10  39  -1  19   2  46   0 0.01    M    0   M   M   M   M    M   0         M  M
11  50  31  41  24  24   0 0.15    M    0   M   M   M   M    M   0         M  M
12  49  38  44  27  21   0 0.19    M    0   M   M   M   M    M   0         M  M
13  45  12  29  12  36   0 0.01    M    0   M   M   M   M    M   0         M  M
14  19   2  11  -5  54   0 0.00  0.0    0   M   M   M   M    M   0         M  M
15  24  11  18   2  47   0 0.00  0.0    0   M   M   M   M    M   0         M  M
16  34   4  19   3  46   0 0.00  0.0    0   M   M   M   M    M   0         M  M
17  36  12  24   8  41   0 0.09    M    0   M   M   M   M    M   0         M  M
18  34  29  32  16  33   0 0.10    M    0   M   M   M   M    M   0         M  M
19  39  30  35  19  30   0 0.01    M    0   M   M   M   M    M   0         M  M
================================================================================
SM  605  241       806   0  0.94     0.0     M          M        0
================================================================================
AV 31.8 12.7                                 M FASTST   M    M   0    MAX(MPH)
                                 MISC ---->     M   M                  M    M
================================================================================
NOTES:
# LAST OF SEVERAL OCCURRENCES

COLUMN 17 PEAK WIND IN M.P.H.

PRELIMINARY LOCAL CLIMATOLOGICAL DATA (WS FORM: F-6) , PAGE 2

                                          STATION:  SAINT JOHNSBURY VT
                                          MONTH:    JANUARY
                                          YEAR:     2017
                                          LATITUDE:   44 25 N
                                          LONGITUDE:  72  1 W

[TEMPERATURE DATA]      [PRECIPITATION DATA]       SYMBOLS USED IN COLUMN 16

AVERAGE MONTHLY: 22.3   TOTAL FOR MONTH:   0.94    1 = FOG OR MIST
DPTR FM NORMAL:   5.4   DPTR FM NORMAL:   -0.58    2 = FOG REDUCING VISIBILITY
HIGHEST:    50 ON 11    GRTST 24HR  0.20 ON  3- 3      TO 1/4 MILE OR LESS
LOWEST:     -7 ON  9                               3 = THUNDER
                        SNOW, ICE PELLETS, HAIL    4 = ICE PELLETS
                        TOTAL MONTH:   0.0 INCH    5 = HAIL
                        GRTST 24HR     0.0         6 = FREEZING RAIN OR DRIZZLE
                        GRTST DEPTH:   0           7 = DUSTSTORM OR SANDSTORM:
                                                       VSBY 1/2 MILE OR LESS
                                                   8 = SMOKE OR HAZE
[NO. OF DAYS WITH]      [WEATHER - DAYS WITH]      9 = BLOWING SNOW
                                                   X = TORNADO
MAX 32 OR BELOW:   7    0.01 INCH OR MORE:  10
MAX 90 OR ABOVE:   0    0.10 INCH OR MORE:   5
MIN 32 OR BELOW:  18    0.50 INCH OR MORE:   0
MIN  0 OR BELOW:   4    1.00 INCH OR MORE:   0

[HDD (BASE 65) ]
TOTAL THIS MO.   806    CLEAR  (SCALE 0-3)  19
DPTR FM NORMAL  -108    PTCLDY (SCALE 4-7)   0
TOTAL FM JUL 1  3527    CLOUDY (SCALE 8-10)  0
DPTR FM NORMAL  -340

[CDD (BASE 65) ]
TOTAL THIS MO.     0
DPTR FM NORMAL     0    [PRESSURE DATA]
TOTAL FM JAN 1     0    HIGHEST SLP M ON M
DPTR FM NORMAL     0    LOWEST  SLP M ON M

[REMARKS]
