000
CXUS53 KUNR 230945
CF62WX
PRELIMINARY LOCAL CLIMATOLOGICAL DATA (WS FORM: F-6)

                                          STATION:   BUFFALO SD
                                          MONTH:     OCTOBER
                                          YEAR:      2014
                                          LATITUDE:   45 35 N
                                          LONGITUDE: 103 33 W

  TEMPERATURE IN F:       :PCPN:    SNOW:  WIND      :SUNSHINE: SKY     :PK WND
================================================================================
1   2   3   4   5  6A  6B    7    8   9   10  11  12  13   14  15   16   17  18
                                     12Z  AVG MX 2MIN
DY MAX MIN AVG DEP HDD CDD  WTR  SNW DPTH SPD SPD DIR MIN PSBL S-S WX    SPD DR
================================================================================

 1  55  40  48  -3  17   0 0.00    M    M 14.8 30 290   M    M   M        37 290
 2  59  36  48  -3  17   0 0.01    M    M 21.4 40 320   M    M   M        46 320
 3  49  29  39 -11  26   0 0.00    M    M 22.7 41 320   M    M   M        53 300
 4  65  31  48  -2  17   0 0.00    M    M 12.5 35 320   M    M   M        42 320
 5  65  39  52   3  13   0 0.00    M    M 23.0 49 310   M    M   M        59 330
 6  69  38  54   5  11   0 0.00    M    M 18.6 35 310   M    M   M        41 310
 7  57  38  48  -1  17   0 0.00    M    M 14.1 30 300   M    M   M        37 300
 8  63  34  49   1  16   0 0.00    M    M  9.8 21  80   M    M   M        25  80
 9  56  34  45  -3  20   0 0.00    M    M  9.1 15  80   M    M   M        19 120
10  61  33  47  -1  18   0 0.00    M    M 10.5 22 150   M    M   M        30 140
11  76  36  56   9   9   0 0.00    M    M  7.6 20 280   M    M   M        23 280
12  61  41  51   4  14   0 0.02    M    M 19.8 36 320   M    M   M        42 320
13  63  34  49   3  16   0 0.00    M    M 11.5 22 280   M    M   M        28 310
14  69  36  53   7  12   0 0.00    M    M  9.2 18 160   M    M   M        22 170
15  82  43  63  17   2   0 0.00    M    M 10.0 25 280   M    M   M        31 280
16  61  46  54   9  11   0 0.00    M    M 28.5 53 300   M    M   M        66 310
17  55  35  45   0  20   0 0.00    M    M  7.4 14  10   M    M   M        17 320
18  70  34  52   7  13   0 0.00    M    M  8.9 14 170   M    M   M        18 170
19  71  40  56  12   9   0 0.00    M    M  8.5 23 320   M    M   M        31 320
20  76  43  60  16   5   0 0.00    M    M  9.3 20 150   M    M   M        28 140
21  84  45  65  21   0   0 0.00    M    M 11.5 26 300   M    M   M        34 200
22  63  39  51   8  14   0 0.00    M    M 14.7 28 280   M    M   M        34 280
================================================================================
SM 1430  824       297   0  0.03    M    303.4          M        M
================================================================================
AV 65.0 37.5                              13.8 FASTST   M    M   2    MAX(MPH)
                                 MISC ---->  # 53 300               # 66  310
================================================================================
NOTES:
# LAST OF SEVERAL OCCURRENCES

COLUMN 17 PEAK WIND IN M.P.H.

PRELIMINARY LOCAL CLIMATOLOGICAL DATA (WS FORM: F-6) , PAGE 2

                                          STATION:  BUFFALO SD
                                          MONTH:    OCTOBER
                                          YEAR:     2014
                                          LATITUDE:   45 35 N
                                          LONGITUDE: 103 33 W

[TEMPERATURE DATA]      [PRECIPITATION DATA]       SYMBOLS USED IN COLUMN 16

AVERAGE MONTHLY: 51.2   TOTAL FOR MONTH:   0.03    1 = FOG OR MIST
DPTR FM NORMAL:   4.2   DPTR FM NORMAL:   -0.35    2 = FOG REDUCING VISIBILITY
HIGHEST:    84 ON 21    GRTST 24HR  1.29 ON 30- 1      TO 1/4 MILE OR LESS
LOWEST:     29 ON  3                               3 = THUNDER
                        SNOW, ICE PELLETS, HAIL    4 = ICE PELLETS
                        TOTAL MONTH:    M          5 = HAIL
                        GRTST 24HR    M  ON   M    6 = FREEZING RAIN OR DRIZZLE
                        GRTST DEPTH:  M  ON   M    7 = DUSTSTORM OR SANDSTORM:
                                                       VSBY 1/2 MILE OR LESS
                                                   8 = SMOKE OR HAZE
[NO. OF DAYS WITH]      [WEATHER - DAYS WITH]      9 = BLOWING SNOW
                                                   X = TORNADO
MAX 32 OR BELOW:   0    0.01 INCH OR MORE:   2
MAX 90 OR ABOVE:   0    0.10 INCH OR MORE:   0
MIN 32 OR BELOW:   2    0.50 INCH OR MORE:   0
MIN  0 OR BELOW:   0    1.00 INCH OR MORE:   0

[HDD (BASE 65) ]
TOTAL THIS MO.   297    CLEAR  (SCALE 0-3)   0
DPTR FM NORMAL  -100    PTCLDY (SCALE 4-7)   0
TOTAL FM JUL 1   576    CLOUDY (SCALE 8-10)  0
DPTR FM NORMAL  -112

[CDD (BASE 65) ]
TOTAL THIS MO.     0
DPTR FM NORMAL     0    [PRESSURE DATA]
TOTAL FM JAN 1   420    HIGHEST SLP M ON M
DPTR FM NORMAL   -92    LOWEST  SLP 29.53 ON 11

[REMARKS]
