285
CXUS55 KBOU 210900
CF633V
PRELIMINARY LOCAL CLIMATOLOGICAL DATA (WS FORM: F-6)

                                          STATION:   Walden
                                          MONTH:     NOVEMBER
                                          YEAR:      2017
                                          LATITUDE:   40 45 N
                                          LONGITUDE: 106 16 W

  TEMPERATURE IN F:       :PCPN:    SNOW:  WIND      :SUNSHINE: SKY     :PK WND
================================================================================
1   2   3   4   5  6A  6B    7    8   9   10  11  12  13   14  15   16   17  18
                                     12Z  AVG MX 2MIN
DY MAX MIN AVG DEP HDD CDD  WTR  SNW DPTH SPD SPD DIR MIN PSBL S-S WX    SPD DR
================================================================================

 1  54  39  47   M  18   0    M    M    M 17.3 31 230   M    M   7        39 230
 2  54  34  44   M  21   0    M    M    M 14.2 23 250   M    M   6        36 250
 3  54  32  43   M  22   0    M    M    M 13.0 27 240   M    M   1        33 240
 4  45  34  40   M  25   0    M    M    M 14.2 28 220   M    M   7        39 220
 5  37  30  34   M  31   0    M    M    M  8.6 16 210   M    M   9        28 240
 6  39  23  31   M  34   0    M    M    M  8.7 22 250   M    M   8        29 250
 7  32   9  21   M  44   0    M    M    M  5.7 13 340   M    M   6         M  M
 8  34   5  20   M  45   0    M    M    M  5.2 10 160   M    M   0         M  M
 9  43  16  30   M  35   0    M    M    M  8.5 18 210   M    M   2        16 200
10  48  27  38   M  27   0    M    M    M 11.3 21 230   M    M   0        29 230
11  39  19  29   M  36   0    M    M    M  5.8 14 340   M    M   4        18 340
12  48  14  31   M  34   0    M    M    M  7.3 16 200   M    M   0        22 200
13  54  30  42   M  23   0    M    M    M  9.1 14 180   M    M   1        20 190
14  52  25  39   M  26   0    M    M    M 12.6 27 240   M    M   1        35 240
15  48  16  32   M  33   0    M    M    M  8.6 17 220   M    M   2        22 200
16  54  34  44   M  21   0    M    M    M 19.0 33 230   M    M   1        47 240
17  50  19  35   M  30   0    M    M    M 15.7 28 230   M    M  10        39 230
18  25   3  14   M  51   0    M    M    M  9.4 14 200   M    M   1        18 190
19  37   7  22   M  43   0    M    M    M  9.2 16 210   M    M   0        20 230
20  43  27  35   M  30   0    M    M    M 13.1 20 240   M    M   2        25 240
================================================================================
SM  890  443       629   0    M     M    216.5          M       68
================================================================================
AV 44.5 22.2                              10.8 FASTST   M    M   3    MAX(MPH)
                                 MISC ---->  # 33 230               # 47  240
================================================================================
NOTES:
# LAST OF SEVERAL OCCURRENCES

COLUMN 17 PEAK WIND IN M.P.H.

PRELIMINARY LOCAL CLIMATOLOGICAL DATA (WS FORM: F-6) , PAGE 2

                                          STATION:  Walden
                                          MONTH:    NOVEMBER
                                          YEAR:     2017
                                          LATITUDE:   40 45 N
                                          LONGITUDE: 106 16 W

[TEMPERATURE DATA]      [PRECIPITATION DATA]       SYMBOLS USED IN COLUMN 16

AVERAGE MONTHLY: 33.3   TOTAL FOR MONTH:      M    1 = FOG OR MIST
DPTR FM NORMAL:     M   DPTR FM NORMAL:       M    2 = FOG REDUCING VISIBILITY
HIGHEST:    54 ON 16,13 GRTST 24HR    M  ON   M        TO 1/4 MILE OR LESS
LOWEST:      3 ON 18                               3 = THUNDER
                        SNOW, ICE PELLETS, HAIL    4 = ICE PELLETS
                        TOTAL MONTH:    M          5 = HAIL
                        GRTST 24HR    M  ON   M    6 = FREEZING RAIN OR DRIZZLE
                        GRTST DEPTH:  M  ON   M    7 = DUSTSTORM OR SANDSTORM:
                                                       VSBY 1/2 MILE OR LESS
                                                   8 = SMOKE OR HAZE
[NO. OF DAYS WITH]      [WEATHER - DAYS WITH]      9 = BLOWING SNOW
                                                   X = TORNADO
MAX 32 OR BELOW:   2    0.01 INCH OR MORE:   0
MAX 90 OR ABOVE:   0    0.10 INCH OR MORE:   0
MIN 32 OR BELOW:  16    0.50 INCH OR MORE:   0
MIN  0 OR BELOW:   0    1.00 INCH OR MORE:   0

[HDD (BASE 65) ]
TOTAL THIS MO.   629    CLEAR  (SCALE 0-3)  12
DPTR FM NORMAL     M    PTCLDY (SCALE 4-7)   5
TOTAL FM JUL 1  2327    CLOUDY (SCALE 8-10)  3
DPTR FM NORMAL     M

[CDD (BASE 65) ]
TOTAL THIS MO.     0
DPTR FM NORMAL     M    [PRESSURE DATA]
TOTAL FM JAN 1     2    HIGHEST SLP M ON M
DPTR FM NORMAL     M    LOWEST  SLP M ON M

[REMARKS]
