000
CXUS55 KBOU 271112
CF633V
PRELIMINARY LOCAL CLIMATOLOGICAL DATA (WS FORM: F-6)

                                          STATION:   Walden
                                          MONTH:     AUGUST
                                          YEAR:      2014
                                          LATITUDE:   40 45 N
                                          LONGITUDE: 106 16 W

  TEMPERATURE IN F:       :PCPN:    SNOW:  WIND      :SUNSHINE: SKY     :PK WND
================================================================================
1   2   3   4   5  6A  6B    7    8   9   10  11  12  13   14  15   16   17  18
                                     12Z  AVG MX 2MIN
DY MAX MIN AVG DEP HDD CDD  WTR  SNW DPTH SPD SPD DIR MIN PSBL S-S WX    SPD DR
================================================================================

 1  73  37  55   M  10   0    M    M    M  5.1 15  70   M    M   1        22  70
 2  77  36  57   M   8   0    M    M    M  6.6 14  30   M    M   1         M  M
 3  77  37  57   M   8   0    M    M    M  5.0 14  10   M    M   1        18  10
 4  70  46  58   M   7   0    M    M    M  6.2 15 110   M    M   5        21 110
 5  72  46  59   M   6   0    M    M    M  7.6 15 200   M    M   7        18 200
 6  73  43  58   M   7   0    M    M    M  7.3 23 310   M    M   4        31 310
 7  70  37  54   M  11   0    M    M    M  5.3 15 310   M    M   3        23 290
 8  73  36  55   M  10   0    M    M    M  8.3 25 200   M    M   4        31 200
 9  70  39  55   M  10   0    M    M    M  6.8 14 220   M    M   3        18 250
10  70  36  53   M  12   0    M    M    M  5.7 13  80   M    M   1         M  M
11  73  34  54   M  11   0    M    M    M  4.8 10  30   M    M   0        16 100
12  79  36  58   M   7   0    M    M    M  4.5  9 320   M    M   1         M  M
13  79  43  61   M   4   0    M    M    M  4.9 18 100   M    M   5        24 100
14  70  46  58   M   7   0    M    M    M  6.8 20 300   M    M   7        29 300
15  70  41  56   M   9   0    M    M    M  7.1 17 360   M    M   2        23 360
16  77  36  57   M   8   0    M    M    M  6.9 15 260   M    M   2        24 240
17  79  37  58   M   7   0    M    M    M  6.3 13 270   M    M   1        22 270
18  77  37  57   M   8   0    M    M    M  5.9 18  20   M    M   3        24  20
19  70  37  54   M  11   0    M    M    M  6.0 15 270   M    M   5        17 200
20  68  43  56   M   9   0    M    M    M  9.8 20 220   M    M   7        23 290
21  70  41  56   M   9   0    M    M    M  8.1 16 230   M    M   3        21 350
22  64  45  55   M  10   0    M    M    M  7.2 15 170   M    M   6        20 170
23  55  41  48   M  17   0    M    M    M 11.9 24 210   M    M   7        32 210
24  64  36  50   M  15   0    M    M    M 11.5 18 220   M    M   5        25 230
25  68  43  56   M   9   0    M    M    M  7.5 15 140   M    M   5        21 140
26  68  39  54   M  11   0    M    M    M  4.9 17 250   M    M   5         M  M
================================================================================
SM 1856 1028       241   0    M     M    178.0          M       94
================================================================================
AV 71.4 39.5                               6.8 FASTST   M    M   4    MAX(MPH)
                                 MISC ---->    25   M                 32    M
================================================================================
NOTES:
# LAST OF SEVERAL OCCURRENCES

COLUMN 17 PEAK WIND IN M.P.H.

PRELIMINARY LOCAL CLIMATOLOGICAL DATA (WS FORM: F-6) , PAGE 2

                                          STATION:  Walden
                                          MONTH:    AUGUST
                                          YEAR:     2014
                                          LATITUDE:   40 45 N
                                          LONGITUDE: 106 16 W

[TEMPERATURE DATA]      [PRECIPITATION DATA]       SYMBOLS USED IN COLUMN 16

AVERAGE MONTHLY: 55.5   TOTAL FOR MONTH:      M    1 = FOG OR MIST
DPTR FM NORMAL:     M   DPTR FM NORMAL:       M    2 = FOG REDUCING VISIBILITY
HIGHEST:    79 ON 17,13 GRTST 24HR    M  ON   M        TO 1/4 MILE OR LESS
LOWEST:     34 ON 11                               3 = THUNDER
                        SNOW, ICE PELLETS, HAIL    4 = ICE PELLETS
                        TOTAL MONTH:    M          5 = HAIL
                        GRTST 24HR    M  ON   M    6 = FREEZING RAIN OR DRIZZLE
                        GRTST DEPTH:  M  ON   M    7 = DUSTSTORM OR SANDSTORM:
                                                       VSBY 1/2 MILE OR LESS
                                                   8 = SMOKE OR HAZE
[NO. OF DAYS WITH]      [WEATHER - DAYS WITH]      9 = BLOWING SNOW
                                                   X = TORNADO
MAX 32 OR BELOW:   0    0.01 INCH OR MORE:   0
MAX 90 OR ABOVE:   0    0.10 INCH OR MORE:   0
MIN 32 OR BELOW:   0    0.50 INCH OR MORE:   0
MIN  0 OR BELOW:   0    1.00 INCH OR MORE:   0

[HDD (BASE 65) ]
TOTAL THIS MO.   241    CLEAR  (SCALE 0-3)  11
DPTR FM NORMAL     M    PTCLDY (SCALE 4-7)  15
TOTAL FM JUL 1   409    CLOUDY (SCALE 8-10)  0
DPTR FM NORMAL     M

[CDD (BASE 65) ]
TOTAL THIS MO.     0
DPTR FM NORMAL     M    [PRESSURE DATA]
TOTAL FM JAN 1     1    HIGHEST SLP M ON M
DPTR FM NORMAL     M    LOWEST  SLP M ON M

[REMARKS]
