000
CXUS52 KTAE 010800
CF6AAF
PRELIMINARY LOCAL CLIMATOLOGICAL DATA (WS FORM: F-6)

                                          STATION:   APALACHICOLA
                                          MONTH:     APRIL
                                          YEAR:      2016
                                          LATITUDE:   29 43 N
                                          LONGITUDE:  85  2 W

  TEMPERATURE IN F:       :PCPN:    SNOW:  WIND      :SUNSHINE: SKY     :PK WND
================================================================================
1   2   3   4   5  6A  6B    7    8   9   10  11  12  13   14  15   16   17  18
                                     12Z  AVG MX 2MIN
DY MAX MIN AVG DEP HDD CDD  WTR  SNW DPTH SPD SPD DIR MIN PSBL S-S WX    SPD DR
================================================================================

 1  78  67  73  10   0   8 2.04  0.0    0 10.9 26  30   M    M  10 123    34 310
 2  76  59  68   5   0   3 1.61  0.0    0  8.6 20  10   M    M   5 13     23  10
 3  77  52  65   1   0   0 0.00  0.0    0  7.5 21  20   M    M   0        25  10
 4  81  54  68   4   0   3 0.00  0.0    0  6.3 16 300   M    M   0        22 290
 5  84  54  69   5   0   4 0.00  0.0    0  6.6 15 360   M    M   0        21 360
 6  73  54  64   0   1   0    T  0.0    0 11.8 20 130   M    M   6 8      25 100
 7  77  64  71   7   0   6 0.00  0.0    0  9.7 20 250   M    M   1        24 250
 8  81  58  70   5   0   5 0.00  0.0    0  8.6 21 310   M    M   0        26 300
 9  77  48  63  -2   2   0 0.00  0.0    0  7.8 18 300   M    M   0 8      23 320
10  71  51  61  -4   4   0 0.00  0.0    0  6.9 17 120   M    M   0        23 100
11  75  50  63  -2   2   0 0.00  0.0    0  9.0 18 140   M    M   0 12     25 150
12  78  64  71   5   0   6 0.01  0.0    0  6.6 15 170   M    M   4        19 180
13  78  65  72   6   0   7 0.10  0.0    0  6.0 15 120   M    M   7 1      18 120
14  72  64  68   2   0   3    T  0.0    0  8.5 15  60   M    M  10        23  60
15  73  58  66   0   0   1 0.00  0.0    0 11.1 17  80   M    M  10 8      24  60
16  78  64  71   5   0   6 0.00  0.0    0 13.1 23  90   M    M   8        32  70
17  77  60  69   2   0   4 0.00  0.0    0 11.1 20  90   M    M   0        27  60
18  76  52  64  -3   1   0 0.00  0.0    0  7.8 17 110   M    M   0 8      24 110
19  75  54  65  -2   0   0 0.00  0.0    0  6.6 14 170   M    M   0 1      17 170
20  78  57  68   1   0   3 0.00  0.0    0  4.5 12 170   M    M   0 18     14 100
21  79  64  72   4   0   7 0.00  0.0    0  9.2 20 150   M    M   2        25 150
22  75  60  68   0   0   3 1.20  0.0    0  5.1 14 170   M    M   5 13     18 160
23  85  59  72   4   0   7 0.00  0.0    0  5.7 17 300   M    M   3 1      21 290
24  81  58  70   2   0   5 0.00  0.0    0  5.7 14 140   M    M   0        17 170
25  79  64  72   3   0   7 0.00  0.0    0  7.9 16 170   M    M   3 1      22 150
26  80  65  73   4   0   8 0.00  0.0    0  6.6 14 160   M    M   4 1      18 140
27  81  69  75   6   0  10 0.00  0.0    0 10.3 20 170   M    M   5        26 160
28  82  66  74   4   0   9 0.00  0.0    0  6.2 24 160   M    M   3 1      31 170
29  83  69  76   6   0  11 0.00  0.0    0  5.1 14 190   M    M   4 12     17 200
30  84  68  76   6   0  11 0.00  0.0    0  6.9 14 150   M    M   3 12     18 160
================================================================================
SM 2344 1791        10 137  4.96     0.0 237.7          M       93
================================================================================
AV 78.1 59.7                               7.9 FASTST   M    M   3    MAX(MPH)
                                 MISC ---->  # 26  30               # 34  310
================================================================================
NOTES:
# LAST OF SEVERAL OCCURRENCES

COLUMN 17 PEAK WIND IN M.P.H.

PRELIMINARY LOCAL CLIMATOLOGICAL DATA (WS FORM: F-6) , PAGE 2

                                          STATION:  APALACHICOLA
                                          MONTH:    APRIL
                                          YEAR:     2016
                                          LATITUDE:   29 43 N
                                          LONGITUDE:  85  2 W

[TEMPERATURE DATA]      [PRECIPITATION DATA]       SYMBOLS USED IN COLUMN 16

AVERAGE MONTHLY: 68.9   TOTAL FOR MONTH:   4.96    1 = FOG OR MIST
DPTR FM NORMAL:   2.4   DPTR FM NORMAL:    1.89    2 = FOG REDUCING VISIBILITY
HIGHEST:    85 ON 23    GRTST 24HR  3.65 ON  1- 2      TO 1/4 MILE OR LESS
LOWEST:     48 ON  9                               3 = THUNDER
                        SNOW, ICE PELLETS, HAIL    4 = ICE PELLETS
                        TOTAL MONTH:   0.0 INCH    5 = HAIL
                        GRTST 24HR     0.0         6 = FREEZING RAIN OR DRIZZLE
                        GRTST DEPTH:   0           7 = DUSTSTORM OR SANDSTORM:
                                                       VSBY 1/2 MILE OR LESS
                                                   8 = SMOKE OR HAZE
[NO. OF DAYS WITH]      [WEATHER - DAYS WITH]      9 = BLOWING SNOW
                                                   X = TORNADO
MAX 32 OR BELOW:   0    0.01 INCH OR MORE:   5
MAX 90 OR ABOVE:   0    0.10 INCH OR MORE:   4
MIN 32 OR BELOW:   0    0.50 INCH OR MORE:   3
MIN  0 OR BELOW:   0    1.00 INCH OR MORE:   3

[HDD (BASE 65) ]
TOTAL THIS MO.    10    CLEAR  (SCALE 0-3)  16
DPTR FM NORMAL   -40    PTCLDY (SCALE 4-7)  11
TOTAL FM JUL 1   917    CLOUDY (SCALE 8-10)  3
DPTR FM NORMAL  -472

[CDD (BASE 65) ]
TOTAL THIS MO.   137
DPTR FM NORMAL    43    [PRESSURE DATA]
TOTAL FM JAN 1   234    HIGHEST SLP 30.30 ON 10
DPTR FM NORMAL   104    LOWEST  SLP 29.73 ON  2

[REMARKS]
#FINAL-04-16#
