000
CXUS52 KTAE 240800
CF6AAF
PRELIMINARY LOCAL CLIMATOLOGICAL DATA (WS FORM: F-6)

                                          STATION:   APALACHICOLA
                                          MONTH:     MAY
                                          YEAR:      2017
                                          LATITUDE:   29 43 N
                                          LONGITUDE:  85  2 W

  TEMPERATURE IN F:       :PCPN:    SNOW:  WIND      :SUNSHINE: SKY     :PK WND
================================================================================
1   2   3   4   5  6A  6B    7    8   9   10  11  12  13   14  15   16   17  18
                                     12Z  AVG MX 2MIN
DY MAX MIN AVG DEP HDD CDD  WTR  SNW DPTH SPD SPD DIR MIN PSBL S-S WX    SPD DR
================================================================================

 1  81  62  72   2   0   7 0.05  0.0    0 12.7 26 180   M    M   4 1      35 180
 2  87  56  72   1   0   7 0.00  0.0    0  5.4 16  10   M    M   0 1      21  20
 3  86  56  71   0   0   6 0.00  0.0    0  6.1 17  90   M    M   0        23  70
 4  78  64  71   0   0   6 0.15  0.0    0 14.8 33 240   M    M   6 1      54 200
 5  73  53  63  -9   2   0    T  0.0    0 13.1 31 320   M    M   6        41 310
 6  78  48  63  -9   2   0 0.00  0.0    0  8.9 22 250   M    M   1        34 310
 7  83  57  70  -2   0   5 0.00  0.0    0  8.0 21 250   M    M   0        25 250
 8   M  62   M   M   M   M 0.00  0.0    0  6.2 15 220   M    M   0        19  20
 9   M   M   M   M   M   M    M  0.0    0  5.4 13 190   M    M   0 18      M  M
10   M   M   M   M   M   M    M  0.0    0  6.3 15 210   M    M   0 128     M  M
11  86  61  74   1   0   9 0.00  0.0    0  7.4 21 240   M    M   0 12     24 250
12  83  66  75   2   0  10    T  0.0    0  8.2 17 220   M    M   3        23 220
13  85  70  78   4   0  13    T  0.0    0 12.6 23 300   M    M   4        28 220
14  84  66  75   1   0  10 0.00  0.0    0  6.9 17 150   M    M   0        21 150
15  84  66  75   1   0  10 0.00  0.0    0  6.0 15 160   M    M   0        20 160
16  87  67  77   3   0  12 0.00  0.0    0  6.8 15 150   M    M   0        21 140
17  85  68  77   2   0  12 0.00  0.0    0  9.0 20 140   M    M   3        28 140
18  85  71  78   3   0  13 0.00  0.0    0  9.4 17 150   M    M   3        24 140
19  85  75  80   5   0  15 0.00  0.0    0  9.4 18 140   M    M   4        26 130
20  87  76  82   6   0  17    T  0.0    0 11.5 18 160   M    M   3        25 150
21  81  70  76   0   0  11 0.76  0.0    0  6.7 20 160   M    M   5 1      26 150
22  85  69  77   1   0  12 0.17  0.0    0  6.1 15 190   M    M   5 1      18 190
23  83  74  79   3   0  14 0.53  0.0    0 13.7 28 220   M    M   7 1      33 220
================================================================================
SM 1666 1357         4 189  1.66     0.0 200.6          M       54
================================================================================
AV 83.3 64.6                               8.7 FASTST   M    M   2    MAX(MPH)
                                 MISC ---->  # 33 240               # 54  200
================================================================================
NOTES:
# LAST OF SEVERAL OCCURRENCES

COLUMN 17 PEAK WIND IN M.P.H.

PRELIMINARY LOCAL CLIMATOLOGICAL DATA (WS FORM: F-6) , PAGE 2

                                          STATION:  APALACHICOLA
                                          MONTH:    MAY
                                          YEAR:     2017
                                          LATITUDE:   29 43 N
                                          LONGITUDE:  85  2 W

[TEMPERATURE DATA]      [PRECIPITATION DATA]       SYMBOLS USED IN COLUMN 16

AVERAGE MONTHLY: 74.0   TOTAL FOR MONTH:   1.66    1 = FOG OR MIST
DPTR FM NORMAL:   0.6   DPTR FM NORMAL:    0.01    2 = FOG REDUCING VISIBILITY
HIGHEST:    87 ON 20,16 GRTST 24HR  0.76 ON 21-21      TO 1/4 MILE OR LESS
LOWEST:     48 ON  6                               3 = THUNDER
                        SNOW, ICE PELLETS, HAIL    4 = ICE PELLETS
                        TOTAL MONTH:   0.0 INCH    5 = HAIL
                        GRTST 24HR     0.0         6 = FREEZING RAIN OR DRIZZLE
                        GRTST DEPTH:   0           7 = DUSTSTORM OR SANDSTORM:
                                                       VSBY 1/2 MILE OR LESS
                                                   8 = SMOKE OR HAZE
[NO. OF DAYS WITH]      [WEATHER - DAYS WITH]      9 = BLOWING SNOW
                                                   X = TORNADO
MAX 32 OR BELOW:   0    0.01 INCH OR MORE:   5
MAX 90 OR ABOVE:   0    0.10 INCH OR MORE:   4
MIN 32 OR BELOW:   0    0.50 INCH OR MORE:   2
MIN  0 OR BELOW:   0    1.00 INCH OR MORE:   0

[HDD (BASE 65) ]
TOTAL THIS MO.     4    CLEAR  (SCALE 0-3)  11
DPTR FM NORMAL     4    PTCLDY (SCALE 4-7)  12
TOTAL FM JUL 1   679    CLOUDY (SCALE 8-10)  0
DPTR FM NORMAL  -710

[CDD (BASE 65) ]
TOTAL THIS MO.   189
DPTR FM NORMAL    -4    [PRESSURE DATA]
TOTAL FM JAN 1   497    HIGHEST SLP M ON M
DPTR FM NORMAL   174    LOWEST  SLP 29.64 ON  4

[REMARKS]
