000
CXUS52 KTAE 180800
CF6ABY
PRELIMINARY LOCAL CLIMATOLOGICAL DATA (WS FORM: F-6)

                                          STATION:   ALBANY
                                          MONTH:     JANUARY
                                          YEAR:      2017
                                          LATITUDE:   31 31 N
                                          LONGITUDE:  84 11 W

  TEMPERATURE IN F:       :PCPN:    SNOW:  WIND      :SUNSHINE: SKY     :PK WND
================================================================================
1   2   3   4   5  6A  6B    7    8   9   10  11  12  13   14  15   16   17  18
                                     12Z  AVG MX 2MIN
DY MAX MIN AVG DEP HDD CDD  WTR  SNW DPTH SPD SPD DIR MIN PSBL S-S WX    SPD DR
================================================================================

 1  70  48  59  10   6   0 1.60    M    0  8.3 15 140   M    M   9 1      21 190
 2  78  65  72  23   0   7 1.18  0.0    0  8.9 35 240   M    M   9 13     49 240
 3  73  53  63  14   2   0 0.21  0.0    0  6.2 15 190   M    M   4 1      21 190
 4  65  49  57   8   8   0 0.00  0.0    0  6.1 13 330   M    M   2 18     18 360
 5  64  38  51   2  14   0 0.00  0.0    0  4.3 13 220   M    M   1        17 220
 6  58  41  50   1  15   0 0.26  0.0    0  5.2 15  20   M    M   8 1      20 360
 7  45  30  38 -11  27   0 0.05  0.0    0 14.0 22 340   M    M   4 1      30 310
 8  45  24  35 -14  30   0 0.00  0.0    0  6.3 15  50   M    M   0        18  60
 9  53  23  38 -11  27   0 0.00  0.0    0  1.9 10 110   M    M   0        14 100
10  67  30  49   0  16   0 0.00  0.0    0  4.8 17 190   M    M   1 1      23 140
11  75  47  61  12   4   0 0.00  0.0    0  5.9 17 210   M    M   2        22  60
12  78  45  62  13   3   0 0.00  0.0    0  2.2 14 190   M    M   2 18     20 160
13  79  46  63  14   2   0 0.00  0.0    0  1.5  9  50   M    M   0 1      21  90
14  78  46  62  13   3   0 0.00  0.0    0  1.0  8 100   M    M   2 1      13 120
15  77  48  63  14   2   0 0.00  0.0    0  0.7  7 160   M    M   3 18      8 170
16  79  54  67  18   0   2 0.00  0.0    0  3.3 13 160   M    M   6        17 180
17  80  49  65  16   0   0 0.00  0.0    0  4.9 20 220   M    M   2 1      24 230
================================================================================
SM 1164  736       159   9  3.30     0.0  85.5          M       55
================================================================================
AV 68.5 43.3                               5.0 FASTST   M    M   3    MAX(MPH)
                                 MISC ---->  # 35 240               # 49  240
================================================================================
NOTES:
# LAST OF SEVERAL OCCURRENCES

COLUMN 17 PEAK WIND IN M.P.H.

PRELIMINARY LOCAL CLIMATOLOGICAL DATA (WS FORM: F-6) , PAGE 2

                                          STATION:  ALBANY
                                          MONTH:    JANUARY
                                          YEAR:     2017
                                          LATITUDE:   31 31 N
                                          LONGITUDE:  84 11 W

[TEMPERATURE DATA]      [PRECIPITATION DATA]       SYMBOLS USED IN COLUMN 16

AVERAGE MONTHLY: 55.9   TOTAL FOR MONTH:   3.30    1 = FOG OR MIST
DPTR FM NORMAL:   6.9   DPTR FM NORMAL:    1.06    2 = FOG REDUCING VISIBILITY
HIGHEST:    80 ON 17    GRTST 24HR  1.60 ON  1- 1      TO 1/4 MILE OR LESS
LOWEST:     23 ON  9                               3 = THUNDER
                        SNOW, ICE PELLETS, HAIL    4 = ICE PELLETS
                        TOTAL MONTH:   0.0 INCH    5 = HAIL
                        GRTST 24HR     0.0         6 = FREEZING RAIN OR DRIZZLE
                        GRTST DEPTH:   0           7 = DUSTSTORM OR SANDSTORM:
                                                       VSBY 1/2 MILE OR LESS
                                                   8 = SMOKE OR HAZE
[NO. OF DAYS WITH]      [WEATHER - DAYS WITH]      9 = BLOWING SNOW
                                                   X = TORNADO
MAX 32 OR BELOW:   0    0.01 INCH OR MORE:   5
MAX 90 OR ABOVE:   0    0.10 INCH OR MORE:   4
MIN 32 OR BELOW:   4    0.50 INCH OR MORE:   2
MIN  0 OR BELOW:   0    1.00 INCH OR MORE:   2

[HDD (BASE 65) ]
TOTAL THIS MO.   159    CLEAR  (SCALE 0-3)  10
DPTR FM NORMAL  -113    PTCLDY (SCALE 4-7)   5
TOTAL FM JUL 1   553    CLOUDY (SCALE 8-10)  2
DPTR FM NORMAL  -432

[CDD (BASE 65) ]
TOTAL THIS MO.     9
DPTR FM NORMAL     9    [PRESSURE DATA]
TOTAL FM JAN 1     9    HIGHEST SLP M ON M
DPTR FM NORMAL     9    LOWEST  SLP 29.88 ON  3

[REMARKS]
