000
CXUS54 KFWD 260730
CF6ACT
PRELIMINARY LOCAL CLIMATOLOGICAL DATA (WS FORM: F-6)

                                          STATION:   WACO
                                          MONTH:     MAY
                                          YEAR:      2015
                                          LATITUDE:   31 37 N
                                          LONGITUDE:  97 13 W

  TEMPERATURE IN F:       :PCPN:    SNOW:  WIND      :SUNSHINE: SKY     :PK WND
================================================================================
1   2   3   4   5  6A  6B    7    8   9   10  11  12  13   14  15   16   17  18
                                     12Z  AVG MX 2MIN
DY MAX MIN AVG DEP HDD CDD  WTR  SNW DPTH SPD SPD DIR MIN PSBL S-S WX    SPD DR
================================================================================

 1  82  52  67  -3   0   2 0.00  0.0    0  3.2  9  60   M    M   1        12  50
 2  83  54  69  -2   0   4 0.00  0.0    0  6.4 15 190   M    M   1 1      20 180
 3  82  56  69  -2   0   4 0.00  0.0    0 10.7 17 180   M    M   1        25 140
 4  84  63  74   3   0   9 0.00  0.0    0 11.6 21 130   M    M   3 1      26 150
 5  85  61  73   2   0   8 0.01  0.0    0 14.0 25 160   M    M   7        32 170
 6  86  67  77   5   0  12 0.09  0.0    0 13.5 21 160   M    M   6 1      25 140
 7  84  71  78   6   0  13 0.34  0.0    0 12.7 23 170   M    M   8 1      31 180
 8  84  70  77   5   0  12 0.41  0.0    0 12.2 25 150   M    M   8 138    38 190
 9  86  71  79   6   0  14 0.02  0.0    0 13.7 24 170   M    M   8 138    33 170
10  85  67  76   3   0  11 0.74  0.0    0 12.2 26 150   M    M   8 138    34 140
11  73  64  69  -4   0   4    T  0.0    0  8.6 18 340   M    M   7 13     23  10
12  67  58  63 -10   2   0 0.24  0.0    0  7.0 15 360   M    M  10 13     19 350
13  71  63  67  -7   0   2 0.37  0.0    0 10.9 29 180   M    M   8 13     37 160
14  84  66  75   1   0  10 0.04  0.0    0  8.6 20 130   M    M   8 12     25 140
15  77  69  73  -1   0   8 0.06  0.0    0 11.2 17 130   M    M   7 13     23 180
16  88  69  79   5   0  14    T  0.0    0 15.5 26 170   M    M   6        35 170
17  81  62  72  -3   0   7 1.06  0.0    0  9.8 25 300   M    M   5 138    35 300
18  89  67  78   3   0  13    T  0.0    0  5.8 22 120   M    M   6 138    27 120
19  87  71  79   4   0  14 0.01  0.0    0 13.5 23 140   M    M   7 1      29 150
20  89  71  80   4   0  15    T  0.0    0  8.0 18 360   M    M   5 13     24 180
21  71  60  66 -10   0   1 0.01  0.0    0 11.4 23  10   M    M  10 1      31 360
22  76  61  69  -7   0   4 0.01  0.0    0  8.2 15 150   M    M  10 1      19 130
23  86  67  77   1   0  12 1.04  0.0    0 11.1 44 160   M    M   9 138    54 160
24  81  65  73  -3   0   8 1.82  0.0    0  9.2 26 180   M    M   6 13     32 200
25  78  64  71  -6   0   6 1.70  0.0    0  9.4 32 310   M    M   8 123    41 300
================================================================================
SM 2039 1609         2 207  7.97     0.0 258.4          M      163
================================================================================
AV 81.6 64.4                              10.3 FASTST   M    M   7    MAX(MPH)
                                 MISC ---->  # 44 160               # 54  160
================================================================================
NOTES:
# LAST OF SEVERAL OCCURRENCES

COLUMN 17 PEAK WIND IN M.P.H.

PRELIMINARY LOCAL CLIMATOLOGICAL DATA (WS FORM: F-6) , PAGE 2

                                          STATION:  WACO
                                          MONTH:    MAY
                                          YEAR:     2015
                                          LATITUDE:   31 37 N
                                          LONGITUDE:  97 13 W

[TEMPERATURE DATA]      [PRECIPITATION DATA]       SYMBOLS USED IN COLUMN 16

AVERAGE MONTHLY: 73.0   TOTAL FOR MONTH:   7.97    1 = FOG OR MIST
DPTR FM NORMAL:  -0.6   DPTR FM NORMAL:    4.54    2 = FOG REDUCING VISIBILITY
HIGHEST:    89 ON 20,18 GRTST 24HR  2.86 ON 23-24      TO 1/4 MILE OR LESS
LOWEST:     52 ON  1                               3 = THUNDER
                        SNOW, ICE PELLETS, HAIL    4 = ICE PELLETS
                        TOTAL MONTH:   0.0 INCH    5 = HAIL
                        GRTST 24HR     0.0         6 = FREEZING RAIN OR DRIZZLE
                        GRTST DEPTH:   0           7 = DUSTSTORM OR SANDSTORM:
                                                       VSBY 1/2 MILE OR LESS
                                                   8 = SMOKE OR HAZE
[NO. OF DAYS WITH]      [WEATHER - DAYS WITH]      9 = BLOWING SNOW
                                                   X = TORNADO
MAX 32 OR BELOW:   0    0.01 INCH OR MORE:  17
MAX 90 OR ABOVE:   0    0.10 INCH OR MORE:   9
MIN 32 OR BELOW:   0    0.50 INCH OR MORE:   5
MIN  0 OR BELOW:   0    1.00 INCH OR MORE:   4

[HDD (BASE 65) ]
TOTAL THIS MO.     2    CLEAR  (SCALE 0-3)   4
DPTR FM NORMAL    -2    PTCLDY (SCALE 4-7)  15
TOTAL FM JUL 1  2306    CLOUDY (SCALE 8-10)  6
DPTR FM NORMAL   166

[CDD (BASE 65) ]
TOTAL THIS MO.   207
DPTR FM NORMAL   -15    [PRESSURE DATA]
TOTAL FM JAN 1   368    HIGHEST SLP M ON M
DPTR FM NORMAL    -8    LOWEST  SLP 29.68 ON 16

[REMARKS]
