000
CXUS54 KFWD 260730
CF6ACT
PRELIMINARY LOCAL CLIMATOLOGICAL DATA (WS FORM: F-6)

                                          STATION:   WACO
                                          MONTH:     APRIL
                                          YEAR:      2017
                                          LATITUDE:   31 37 N
                                          LONGITUDE:  97 13 W

  TEMPERATURE IN F:       :PCPN:    SNOW:  WIND      :SUNSHINE: SKY     :PK WND
================================================================================
1   2   3   4   5  6A  6B    7    8   9   10  11  12  13   14  15   16   17  18
                                     12Z  AVG MX 2MIN
DY MAX MIN AVG DEP HDD CDD  WTR  SNW DPTH SPD SPD DIR MIN PSBL S-S WX    SPD DR
================================================================================

 1  75  58  67   5   0   2    T  0.0    0 11.4 21 130   M    M   6        27 150
 2  74  55  65   2   0   0 1.30  0.0    0 11.8 28 350   M    M   8 1358   34 350
 3  83  50  67   4   0   2 0.00  0.0    0  6.5 14 240   M    M   0 8      18 240
 4  82  57  70   7   0   5 0.00  0.0    0 11.9 25 300   M    M   1        33 310
 5  71  44  58  -5   7   0 0.00  0.0    0 14.5 28 340   M    M   0        34 340
 6  76  39  58  -6   7   0 0.00  0.0    0  3.5  9 160   M    M   0        16 250
 7  78  46  62  -2   3   0 0.00  0.0    0  9.6 21 190   M    M   0        27 180
 8  79  60  70   6   0   5 0.00  0.0    0 19.6 26 180   M    M   1        34 170
 9  80  65  73   9   0   8 0.00  0.0    0 19.1 28 190   M    M   7        34 190
10  82  65  74   9   0   9 2.33  0.0    0 10.9 22 350   M    M   6 13     27 170
11  68  60  64  -1   1   0 2.20  0.0    0  5.6 20  60   M    M  10 123    23  60
12  75  58  67   2   0   2 0.00  0.0    0  5.1 13  70   M    M   6 12     17 120
13  78  63  71   6   0   6 0.01  0.0    0  9.6 18 140   M    M   6 1      23 160
14  80  60  70   4   0   5    T  0.0    0  9.5 16 170   M    M   5 1      21 150
15  82  65  74   8   0   9 0.00  0.0    0 12.7 20 180   M    M   M        25 190
16  80  67  74   8   0   9 0.00  0.0    0 11.0 22 190   M    M   3        27 190
17  82  62  72   6   0   7 1.09  0.0    0  9.1 23 360   M    M   6 13     31 360
18  77  61  69   2   0   4 0.01  0.0    0  5.3 20 110   M    M   7 18     25 110
19  83  63  73   6   0   8 0.00  0.0    0 11.5 20 170   M    M   5 1      25 170
20  86  69  78  11   0  13 0.00  0.0    0 11.2 18 180   M    M   5        23 170
21  84  68  76   8   0  11 0.00  0.0    0 15.0 24 190   M    M   5        30 200
22  73  50  62  -6   3   0 0.02  0.0    0 13.9 24 340   M    M   7 1      30 340
23  74  45  60  -8   5   0 0.00  0.0    0  8.0 17 350   M    M   0        25 340
24  79  44  62  -6   3   0 0.00  0.0    0 10.0 23 180   M    M   0        30 180
25  84  62  73   4   0   8 0.00  0.0    0 18.3 29 170   M    M   4        34 180
================================================================================
SM 1965 1436        29 113  6.96     0.0 274.6          M       98
================================================================================
AV 78.6 57.4                              11.0 FASTST   M    M   4    MAX(MPH)
                                 MISC ---->  # 29 170               # 34  350
================================================================================
NOTES:
# LAST OF SEVERAL OCCURRENCES

COLUMN 17 PEAK WIND IN M.P.H.

PRELIMINARY LOCAL CLIMATOLOGICAL DATA (WS FORM: F-6) , PAGE 2

                                          STATION:  WACO
                                          MONTH:    APRIL
                                          YEAR:     2017
                                          LATITUDE:   31 37 N
                                          LONGITUDE:  97 13 W

[TEMPERATURE DATA]      [PRECIPITATION DATA]       SYMBOLS USED IN COLUMN 16

AVERAGE MONTHLY: 68.0   TOTAL FOR MONTH:   6.96    1 = FOG OR MIST
DPTR FM NORMAL:   2.6   DPTR FM NORMAL:    4.81    2 = FOG REDUCING VISIBILITY
HIGHEST:    86 ON 20    GRTST 24HR  2.33 ON 10-10      TO 1/4 MILE OR LESS
LOWEST:     39 ON  6                               3 = THUNDER
                        SNOW, ICE PELLETS, HAIL    4 = ICE PELLETS
                        TOTAL MONTH:   0.0 INCH    5 = HAIL
                        GRTST 24HR     0.0         6 = FREEZING RAIN OR DRIZZLE
                        GRTST DEPTH:   0           7 = DUSTSTORM OR SANDSTORM:
                                                       VSBY 1/2 MILE OR LESS
                                                   8 = SMOKE OR HAZE
[NO. OF DAYS WITH]      [WEATHER - DAYS WITH]      9 = BLOWING SNOW
                                                   X = TORNADO
MAX 32 OR BELOW:   0    0.01 INCH OR MORE:   7
MAX 90 OR ABOVE:   0    0.10 INCH OR MORE:   4
MIN 32 OR BELOW:   0    0.50 INCH OR MORE:   4
MIN  0 OR BELOW:   0    1.00 INCH OR MORE:   4

[HDD (BASE 65) ]
TOTAL THIS MO.    29    CLEAR  (SCALE 0-3)   9
DPTR FM NORMAL   -44    PTCLDY (SCALE 4-7)  14
TOTAL FM JUL 1  1323    CLOUDY (SCALE 8-10)  1
DPTR FM NORMAL  -808

[CDD (BASE 65) ]
TOTAL THIS MO.   113
DPTR FM NORMAL    30    [PRESSURE DATA]
TOTAL FM JAN 1   266    HIGHEST SLP M ON M
DPTR FM NORMAL   140    LOWEST  SLP 29.37 ON 25

[REMARKS]
