000
CXUS54 KLZK 261430
CF6ADF
PRELIMINARY LOCAL CLIMATOLOGICAL DATA (WS FORM: F-6)

                                          STATION:   Arkadelphia Airport
                                          MONTH:     FEBRUARY
                                          YEAR:      2015
                                          LATITUDE:   34  9 N
                                          LONGITUDE:  93  4 W

  TEMPERATURE IN F:       :PCPN:    SNOW:  WIND      :SUNSHINE: SKY     :PK WND
================================================================================
1   2   3   4   5  6A  6B    7    8   9   10  11  12  13   14  15   16   17  18
                                     12Z  AVG MX 2MIN
DY MAX MIN AVG DEP HDD CDD  WTR  SNW DPTH SPD SPD DIR MIN PSBL S-S WX    SPD DR
================================================================================

 1  61  32  47   5  18   0 0.34    M    0  9.9 16 300   M    M   6 1       M  M
 2  41  23  32 -10  33   0 0.00  0.0    0  5.9 13 280   M    M   1         M  M
 3  53  24  39  -4  26   0 0.00  0.0    0  1.9  8 200   M    M   0         M  M
 4  55  31  43   0  22   0 0.02    M    0  1.8  5 310   M    M   4 18      M  M
 5  46  27  37  -6  28   0 0.00  0.0    0  8.2 14  30   M    M   4         M  M
 6  53  24  39  -4  26   0 0.00  0.0    0  2.4 10 180   M    M   4         M  M
 7  68  28  48   5  17   0 0.00  0.0    0  4.8 15 200   M    M   1 1       M  M
 8  68  40  54  10  11   0 0.00  0.0    0  4.0 12 220   M    M   6 128     M  M
 9  71  37  54  10  11   0 0.00  0.0    0  5.0 12 350   M    M   1 128     M  M
10  57  33  45   1  20   0 0.00  0.0    0  4.1  8  50   M    M   0 18      M  M
11  64  34  49   5  16   0 0.00  0.0    0  2.2  7  50   M    M   1         M  M
12  51  34  43  -1  22   0 0.00  0.0    0  7.1 13  20   M    M   0         M  M
13  47  28  38  -7  27   0 0.00  0.0    0  2.2  6 200   M    M   0         M  M
14  73  25  49   4  16   0 0.00  0.0    0  4.3 14 210   M    M   0         M  M
15  50  28  39  -6  26   0 0.04    M    0  8.8 12  40   M    M   3 1       M  M
16   M   M   M   M   M   M 1.02    M    0  5.9 10  20   M    M  10 1       M  M
17  37  30  34 -12  31   0    T    M    0  2.9  7 270   M    M   2 1       M  M
18  44  25  35 -11  30   0 0.00  0.0    0  7.0 10 310   M    M   2 1       M  M
19  40  24  32 -14  33   0 0.00  0.0    0  5.4  9 110   M    M   1         M  M
20  40  28  34 -13  31   0 0.09    M    0  5.9  8  10   M    M  10 1       M  M
21   M   M   M   M   M   M 0.35    M    0  6.0 12 190   M    M   8 13      M  M
22  42  33  38  -9  27   0 0.75    M    M 13.1 16  20   M    M   8 1       M  M
23  33  24  29 -19  36   0 0.02    M    0 10.5 17  20   M    M   8 1       M  M
24  42  25  34 -14  31   0 0.00  0.0    0  3.9  8 220   M    M   4 1       M  M
25  34  24  29 -19  36   0 0.57    M    0  1.4  6  20   M    M   5 12      M  M
================================================================================
SM 1170  661       574   0  3.20     0.0 134.6          M       89
================================================================================
AV 50.9 28.7                               5.4 FASTST   M    M   4    MAX(MPH)
                                 MISC ---->    17   M                  M    M
================================================================================
NOTES:
# LAST OF SEVERAL OCCURRENCES

COLUMN 17 PEAK WIND IN M.P.H.

PRELIMINARY LOCAL CLIMATOLOGICAL DATA (WS FORM: F-6) , PAGE 2

                                          STATION:  Arkadelphia Airport
                                          MONTH:    FEBRUARY
                                          YEAR:     2015
                                          LATITUDE:   34  9 N
                                          LONGITUDE:  93  4 W

[TEMPERATURE DATA]      [PRECIPITATION DATA]       SYMBOLS USED IN COLUMN 16

AVERAGE MONTHLY: 39.8   TOTAL FOR MONTH:   3.20    1 = FOG OR MIST
DPTR FM NORMAL:  -5.1   DPTR FM NORMAL:   -0.61    2 = FOG REDUCING VISIBILITY
HIGHEST:    73 ON 14    GRTST 24HR  1.02 ON 16-16      TO 1/4 MILE OR LESS
LOWEST:     23 ON  2                               3 = THUNDER
                        SNOW, ICE PELLETS, HAIL    4 = ICE PELLETS
                        TOTAL MONTH:   0.0 INCH    5 = HAIL
                        GRTST 24HR     0.0         6 = FREEZING RAIN OR DRIZZLE
                        GRTST DEPTH:   0           7 = DUSTSTORM OR SANDSTORM:
                                                       VSBY 1/2 MILE OR LESS
                                                   8 = SMOKE OR HAZE
[NO. OF DAYS WITH]      [WEATHER - DAYS WITH]      9 = BLOWING SNOW
                                                   X = TORNADO
MAX 32 OR BELOW:   0    0.01 INCH OR MORE:   9
MAX 90 OR ABOVE:   0    0.10 INCH OR MORE:   5
MIN 32 OR BELOW:  17    0.50 INCH OR MORE:   3
MIN  0 OR BELOW:   0    1.00 INCH OR MORE:   1

[HDD (BASE 65) ]
TOTAL THIS MO.   574    CLEAR  (SCALE 0-3)  12
DPTR FM NORMAL    70    PTCLDY (SCALE 4-7)   9
TOTAL FM JUL 1  2487    CLOUDY (SCALE 8-10)  4
DPTR FM NORMAL    28

[CDD (BASE 65) ]
TOTAL THIS MO.     0
DPTR FM NORMAL     0    [PRESSURE DATA]
TOTAL FM JAN 1     0    HIGHEST SLP M ON M
DPTR FM NORMAL     0    LOWEST  SLP M ON M

[REMARKS]
