000
CXUS54 KLCH 260814
CF6AEX
PRELIMINARY LOCAL CLIMATOLOGICAL DATA (WS FORM: F-6)

                                          STATION:   ALEXANDRIA
                                          MONTH:     MAY
                                          YEAR:      2017
                                          LATITUDE:   31 19 N
                                          LONGITUDE:  92 33 W

  TEMPERATURE IN F:       :PCPN:    SNOW:  WIND      :SUNSHINE: SKY     :PK WND
================================================================================
1   2   3   4   5  6A  6B    7    8   9   10  11  12  13   14  15   16   17  18
                                     12Z  AVG MX 2MIN
DY MAX MIN AVG DEP HDD CDD  WTR  SNW DPTH SPD SPD DIR MIN PSBL S-S WX    SPD DR
================================================================================

 1  80  48  64  -7   1   0 0.00  0.0    0  5.2 14 260   M    M   0 8      17 230
 2  86  54  70  -1   0   5 0.00  0.0    0  4.8 15 150   M    M   M        21 170
 3  68  59  64  -7   1   0 0.82  0.0    0 10.7 33 280   M    M   4 13     42 290
 4  68  54  61 -10   4   0 0.09  0.0    0 13.2 25 310   M    M   M 1      32 320
 5  76  51  64  -8   1   0 0.00  0.0    0 10.2 22 300   M    M   0        29 310
 6  80  49  65  -7   0   0 0.00  0.0    0  2.6 13 280   M    M   0        17 280
 7  83  53  68  -4   0   3 0.00  0.0    0  3.8 13  90   M    M   0        16 140
 8  84  56  70  -2   0   5 0.00  0.0    0  4.5 17 140   M    M   1 1      23 150
 9  86  57  72  -1   0   7 0.00  0.0    0  6.6 17 140   M    M   0 1      23 130
10  85  61  73   0   0   8 0.00  0.0    0  7.6 15 160   M    M   1 1      21 160
11  84  65  75   2   0  10    T  0.0    0  6.7 15 190   M    M   4 1      20 170
12  80  63  72  -2   0   7 0.37  0.0    0  9.5 22 300   M    M   5 13     27 310
13  79  62  71  -3   0   6 0.00  0.0    0  6.6 13 360   M    M   7        18 340
14  84  55  70  -4   0   5 0.00  0.0    0  2.8  9 130   M    M   2 1      13 350
15  87  59  73  -1   0   8 0.00  0.0    0  3.8 14 180   M    M   1 1      18 180
16  87  63  75   0   0  10 0.00  0.0    0  9.4 21 140   M    M   2 128    28 140
17  89  67  78   3   0  13 0.00  0.0    0 11.9 24 160   M    M   5 18     30 180
18  91  70  81   6   0  16 0.00  0.0    0  9.9 20 150   M    M   3 1      26 130
19  92  73  83   8   0  18    T  0.0    0 10.1 20 160   M    M   4 1      25 150
20  85  72  79   3   0  14 0.27  0.0    0  5.8 31 110   M    M   6 13     37 100
21  84  66  75  -1   0  10 0.03  0.0    0  5.3 23 310   M    M   6 13     29 310
22  68  65  67  -9   0   2 0.09  0.0    0  6.8 13  40   M    M   9 1      17  30
23  78  63  71  -5   0   6 0.03  0.0    0  6.9 13 310   M    M   8 1      16 310
24  75  55  65 -11   0   0    T  0.0    0 10.1 21 310   M    M   2        33 280
25  86  53  70  -6   0   5 0.00  0.0    0  7.6 24 290   M    M   0        33 280
================================================================================
SM 2045 1493         7 158  1.70     0.0 182.4          M       70
================================================================================
AV 81.8 59.7                               7.3 FASTST   M    M   3    MAX(MPH)
                                 MISC ---->  # 33 280               # 42  290
================================================================================
NOTES:
# LAST OF SEVERAL OCCURRENCES

COLUMN 17 PEAK WIND IN M.P.H.

PRELIMINARY LOCAL CLIMATOLOGICAL DATA (WS FORM: F-6) , PAGE 2

                                          STATION:  ALEXANDRIA
                                          MONTH:    MAY
                                          YEAR:     2017
                                          LATITUDE:   31 19 N
                                          LONGITUDE:  92 33 W

[TEMPERATURE DATA]      [PRECIPITATION DATA]       SYMBOLS USED IN COLUMN 16

AVERAGE MONTHLY: 70.8   TOTAL FOR MONTH:   1.70    1 = FOG OR MIST
DPTR FM NORMAL:  -3.0   DPTR FM NORMAL:   -2.10    2 = FOG REDUCING VISIBILITY
HIGHEST:    92 ON 19    GRTST 24HR  0.83 ON 30- 1      TO 1/4 MILE OR LESS
LOWEST:     48 ON  1                               3 = THUNDER
                        SNOW, ICE PELLETS, HAIL    4 = ICE PELLETS
                        TOTAL MONTH:   0.0 INCH    5 = HAIL
                        GRTST 24HR     0.0         6 = FREEZING RAIN OR DRIZZLE
                        GRTST DEPTH:   0           7 = DUSTSTORM OR SANDSTORM:
                                                       VSBY 1/2 MILE OR LESS
                                                   8 = SMOKE OR HAZE
[NO. OF DAYS WITH]      [WEATHER - DAYS WITH]      9 = BLOWING SNOW
                                                   X = TORNADO
MAX 32 OR BELOW:   0    0.01 INCH OR MORE:   7
MAX 90 OR ABOVE:   2    0.10 INCH OR MORE:   3
MIN 32 OR BELOW:   0    0.50 INCH OR MORE:   1
MIN  0 OR BELOW:   0    1.00 INCH OR MORE:   0

[HDD (BASE 65) ]
TOTAL THIS MO.     7    CLEAR  (SCALE 0-3)  13
DPTR FM NORMAL     7    PTCLDY (SCALE 4-7)   9
TOTAL FM JUL 1  1136    CLOUDY (SCALE 8-10)  1
DPTR FM NORMAL  -811

[CDD (BASE 65) ]
TOTAL THIS MO.   158
DPTR FM NORMAL   -63    [PRESSURE DATA]
TOTAL FM JAN 1   502    HIGHEST SLP M ON M
DPTR FM NORMAL   122    LOWEST  SLP 29.74 ON M

[REMARKS]
