000
CXUS55 KCAE 241400
CF6AGS
PRELIMINARY LOCAL CLIMATOLOGICAL DATA (WS FORM: F-6)

                                          STATION:   AUGUSTA BUSH FIELD GA
                                          MONTH:     MAY
                                          YEAR:      2015
                                          LATITUDE:   33 22 N
                                          LONGITUDE:  81 58 W

  TEMPERATURE IN F:       :PCPN:    SNOW:  WIND      :SUNSHINE: SKY     :PK WND
================================================================================
1   2   3   4   5  6A  6B    7    8   9   10  11  12  13   14  15   16   17  18
                                     12Z  AVG MX 2MIN
DY MAX MIN AVG DEP HDD CDD  WTR  SNW DPTH SPD SPD DIR MIN PSBL S-S WX    SPD DR
================================================================================

 1  72  48  60  -7   5   0 0.00  0.0    0  8.1 20 340   M    M   3        30  40
 2  79  42  61  -6   4   0 0.00  0.0    0  2.6 12  30   M    M   0 18     18 330
 3  82  46  64  -3   1   0 0.00  0.0    0  2.1  9 160   M    M   1 128    13 140
 4  83  49  66  -2   0   1 0.00  0.0    0  2.6 14 170   M    M   1 1      20 170
 5  83  50  67  -1   0   2 0.00  0.0    0  3.8 16 110   M    M   1 12     21 120
 6  83  50  67  -1   0   2 0.00  0.0    0  3.9 16  90   M    M   0 1      20  90
 7  82  51  67  -1   0   2 0.00  0.0    0  4.3 18  70   M    M   1 1      23  70
 8  88  57  73   4   0   8 0.00  0.0    0  7.4 18  30   M    M   1        23  40
 9  87  58  73   4   0   8 0.00  0.0    0  7.5 21  40   M    M   3        29  50
10  90  62  76   7   0  11 0.00  0.0    0  5.1 14 340   M    M   2        18  50
11  94  68  81  11   0  16 0.07  0.0    0  3.3 22 130   M    M   2 13     27 140
12  92  64  78   8   0  13 0.13  0.0    0  4.3 26 280   M    M   2 13     38 280
13  88  58  73   3   0   8 0.00  0.0    0  2.8  9 350   M    M   0 1      14  70
14  84  54  69  -2   0   4 0.00  0.0    0  5.7 13 100   M    M   2 1      16  80
15  85  63  74   3   0   9 0.00  0.0    0  5.4 12 150   M    M   3 1      15 170
16  86  58  72   1   0   7 0.00  0.0    0  4.9 13 140   M    M   1 12     21 110
17  88  57  73   1   0   8 0.00  0.0    0  3.4 12 120   M    M   0 12     15 120
18  89  64  77   5   0  12 0.02  0.0    0  3.5 16 260   M    M   2 13     21 260
19  93  62  78   6   0  13 0.00  0.0    0  4.7 15 310   M    M   2 12     17 320
20  94  63  79   7   0  14 0.27  0.0    0  3.1 21 230   M    M   2 18     27 230
21  91  66  79   6   0  14 0.00  0.0    0  9.4 22 290   M    M   1 12     28 290
22  81  56  69  -4   0   4 0.00  0.0    0  6.0 18 310   M    M   3        23 310
23  85  50  68  -5   0   3 0.00  0.0    0  4.0 18  80   M    M   0 1      23  80
================================================================================
SM 1979 1296        10 159  0.49     0.0 107.9          M       33
================================================================================
AV 86.0 56.3                               4.7 FASTST   M    M   1    MAX(MPH)
                                 MISC ---->  # 26 280               # 38  280
================================================================================
NOTES:
# LAST OF SEVERAL OCCURRENCES

COLUMN 17 PEAK WIND IN M.P.H.

PRELIMINARY LOCAL CLIMATOLOGICAL DATA (WS FORM: F-6) , PAGE 2

                                          STATION:  AUGUSTA BUSH FIELD GA
                                          MONTH:    MAY
                                          YEAR:     2015
                                          LATITUDE:   33 22 N
                                          LONGITUDE:  81 58 W

[TEMPERATURE DATA]      [PRECIPITATION DATA]       SYMBOLS USED IN COLUMN 16

AVERAGE MONTHLY: 71.2   TOTAL FOR MONTH:   0.49    1 = FOG OR MIST
DPTR FM NORMAL:   1.2   DPTR FM NORMAL:   -1.28    2 = FOG REDUCING VISIBILITY
HIGHEST:    94 ON 20,11 GRTST 24HR  0.27 ON 20-20      TO 1/4 MILE OR LESS
LOWEST:     42 ON  2                               3 = THUNDER
                        SNOW, ICE PELLETS, HAIL    4 = ICE PELLETS
                        TOTAL MONTH:   0.0 INCH    5 = HAIL
                        GRTST 24HR     0.0         6 = FREEZING RAIN OR DRIZZLE
                        GRTST DEPTH:   0           7 = DUSTSTORM OR SANDSTORM:
                                                       VSBY 1/2 MILE OR LESS
                                                   8 = SMOKE OR HAZE
[NO. OF DAYS WITH]      [WEATHER - DAYS WITH]      9 = BLOWING SNOW
                                                   X = TORNADO
MAX 32 OR BELOW:   0    0.01 INCH OR MORE:   4
MAX 90 OR ABOVE:   6    0.10 INCH OR MORE:   2
MIN 32 OR BELOW:   0    0.50 INCH OR MORE:   0
MIN  0 OR BELOW:   0    1.00 INCH OR MORE:   0

[HDD (BASE 65) ]
TOTAL THIS MO.    10    CLEAR  (SCALE 0-3)  21
DPTR FM NORMAL    -8    PTCLDY (SCALE 4-7)   2
TOTAL FM JUL 1  2563    CLOUDY (SCALE 8-10)  0
DPTR FM NORMAL    93

[CDD (BASE 65) ]
TOTAL THIS MO.   159
DPTR FM NORMAL    26    [PRESSURE DATA]
TOTAL FM JAN 1   273    HIGHEST SLP M ON M
DPTR FM NORMAL    67    LOWEST  SLP 29.78 ON M

[REMARKS]
