000
CXUS55 KCAE 161400
CF6AGS
PRELIMINARY LOCAL CLIMATOLOGICAL DATA (WS FORM: F-6)

                                          STATION:   AUGUSTA BUSH FIELD GA
                                          MONTH:     SEPTEMBER
                                          YEAR:      2014
                                          LATITUDE:   33 22 N
                                          LONGITUDE:  81 58 W

  TEMPERATURE IN F:       :PCPN:    SNOW:  WIND      :SUNSHINE: SKY     :PK WND
================================================================================
1   2   3   4   5  6A  6B    7    8   9   10  11  12  13   14  15   16   17  18
                                     12Z  AVG MX 2MIN
DY MAX MIN AVG DEP HDD CDD  WTR  SNW DPTH SPD SPD DIR MIN PSBL S-S WX    SPD DR
================================================================================

 1  98  70  84   5   0  19 0.12  0.0    0  3.0 15 350   M    M   2 138    17 350
 2  95  70  83   5   0  18 1.12  0.0    0  3.3 23 170   M    M   1 13     29 180
 3  94  69  82   4   0  17    T  0.0    0  4.5 14 330   M    M   2 138    18 150
 4  94  72  83   5   0  18    T  0.0    0  4.5 20 150   M    M   3 13     24 150
 5  94  69  82   4   0  17    T  0.0    0  3.8 15 130   M    M   3 1      20 130
 6  89  71  80   2   0  15    T  0.0    0  2.9 14 100   M    M   5 18     17 100
 7  91  70  81   4   0  16 0.02  0.0    0  3.4 16 310   M    M   5 13     19 310
 8  84  72  78   1   0  13 0.03  0.0    0  5.7 14  20   M    M   9 1      17  20
 9  84  67  76  -1   0  11 0.00  0.0    0  4.1  9  30   M    M   9        12  20
10  88  65  77   1   0  12 0.00  0.0    0  2.7  9 150   M    M   5 12     12 140
11  93  67  80   4   0  15 0.00  0.0    0  2.6 12 200   M    M   4 12     16 270
12  95  70  83   7   0  18    T  0.0    0  2.5 13 100   M    M   3 13     16  90
13  89  71  80   4   0  15 0.03  0.0    0  3.7 16 230   M    M   3 13     21 240
14  76  70  73  -2   0   8 0.05  0.0    0  4.9 13  60   M    M  10 138    16  60
15  76  69  73  -2   0   8 0.34  0.0    0  2.7  8  50   M    M  10 1      11  40
================================================================================
SM 1340 1042         0 220  1.71     0.0  54.3          M       74
================================================================================
AV 89.3 69.5                               3.6 FASTST   M    M   5    MAX(MPH)
                                 MISC ---->  # 23 170               # 29  180
================================================================================
NOTES:
# LAST OF SEVERAL OCCURRENCES

COLUMN 17 PEAK WIND IN M.P.H.

PRELIMINARY LOCAL CLIMATOLOGICAL DATA (WS FORM: F-6) , PAGE 2

                                          STATION:  AUGUSTA BUSH FIELD GA
                                          MONTH:    SEPTEMBER
                                          YEAR:     2014
                                          LATITUDE:   33 22 N
                                          LONGITUDE:  81 58 W

[TEMPERATURE DATA]      [PRECIPITATION DATA]       SYMBOLS USED IN COLUMN 16

AVERAGE MONTHLY: 79.4   TOTAL FOR MONTH:   1.71    1 = FOG OR MIST
DPTR FM NORMAL:   2.5   DPTR FM NORMAL:    0.09    2 = FOG REDUCING VISIBILITY
HIGHEST:    98 ON  1    GRTST 24HR  1.24 ON  1- 2      TO 1/4 MILE OR LESS
LOWEST:     65 ON 10                               3 = THUNDER
                        SNOW, ICE PELLETS, HAIL    4 = ICE PELLETS
                        TOTAL MONTH:   0.0 INCH    5 = HAIL
                        GRTST 24HR     0.0         6 = FREEZING RAIN OR DRIZZLE
                        GRTST DEPTH:   0           7 = DUSTSTORM OR SANDSTORM:
                                                       VSBY 1/2 MILE OR LESS
                                                   8 = SMOKE OR HAZE
[NO. OF DAYS WITH]      [WEATHER - DAYS WITH]      9 = BLOWING SNOW
                                                   X = TORNADO
MAX 32 OR BELOW:   0    0.01 INCH OR MORE:   7
MAX 90 OR ABOVE:   8    0.10 INCH OR MORE:   3
MIN 32 OR BELOW:   0    0.50 INCH OR MORE:   1
MIN  0 OR BELOW:   0    1.00 INCH OR MORE:   1

[HDD (BASE 65) ]
TOTAL THIS MO.     0    CLEAR  (SCALE 0-3)   4
DPTR FM NORMAL     0    PTCLDY (SCALE 4-7)   7
TOTAL FM JUL 1     0    CLOUDY (SCALE 8-10)  4
DPTR FM NORMAL     0

[CDD (BASE 65) ]
TOTAL THIS MO.   220
DPTR FM NORMAL    40    [PRESSURE DATA]
TOTAL FM JAN 1  1871    HIGHEST SLP M ON M
DPTR FM NORMAL     3    LOWEST  SLP 29.91 ON M

[REMARKS]
