000
CXUS53 KDMX 190920
CF6AMW
PRELIMINARY LOCAL CLIMATOLOGICAL DATA (WS FORM: F-6)

                                          STATION:   AMES IA
                                          MONTH:     DECEMBER
                                          YEAR:      2014
                                          LATITUDE:   41 59 N
                                          LONGITUDE:  93 37 W

  TEMPERATURE IN F:       :PCPN:    SNOW:  WIND      :SUNSHINE: SKY     :PK WND
================================================================================
1   2   3   4   5  6A  6B    7    8   9   10  11  12  13   14  15   16   17  18
                                     12Z  AVG MX 2MIN
DY MAX MIN AVG DEP HDD CDD  WTR  SNW DPTH SPD SPD DIR MIN PSBL S-S WX    SPD DR
================================================================================

 1  15   6  11 -17  54   0 0.00  0.0    M  9.6 26 350   M    M   0        34 350
 2  36   9  23  -5  42   0 0.00  0.0    M  8.1 20 210   M    M   2        25 220
 3  33  19  26  -1  39   0 0.00  0.0    M  8.2 20 330   M    M   0        24 320
 4  33  17  25  -2  40   0 0.00  0.0    M  8.2 17 150   M    M   6 8      24 140
 5  38  30  34   8  31   0 0.00  0.0    M  5.5 10 350   M    M  10 128    13 150
 6  42  27  35   9  30   0 0.00  0.0    M  7.2 16  10   M    M   3 18     19 360
 7  37  27  32   6  33   0 0.02    M    M 10.9 21 150   M    M   8 18     26 150
 8  40  27  34   9  31   0 0.00  0.0    M 15.4 28 300   M    M  10 1      33 300
 9  33  20  27   2  38   0 0.00  0.0    M  6.9 21 350   M    M   6        27 340
10  32  19  26   2  39   0 0.00  0.0    M  5.1 13 160   M    M   9 18     16 160
11  34  28  31   7  34   0 0.00  0.0    M  4.7  9 170   M    M  10 18     12 140
12  46  28  37  13  28   0 0.00  0.0    M  5.3 14 190   M    M   7 128    17 190
13  53  38  46  23  19   0 0.00  0.0    M  8.1 14 180   M    M  10 128    17 180
14  57  47  52  29  13   0 0.00  0.0    M  9.2 14 190   M    M   9 18     18 150
15  50  32  41  18  24   0 0.64    M    M 11.5 32 330   M    M  10 1      39 330
16  32  14  23   1  42   0    T    M    M 19.4 30 330   M    M   9 18     41 330
17  27  13  20  -2  45   0 0.00  0.0    M  5.8 14 330   M    M   2        16 330
18  27  18  23   1  42   0    T    M    M  2.3  8 130   M    M  10 8       9 130
================================================================================
SM  665  419       624   0  0.66     0.0 151.4          M      121
================================================================================
AV 36.9 23.3                               8.4 FASTST   M    M   7    MAX(MPH)
                                 MISC ---->  # 32 330               # 41  330
================================================================================
NOTES:
# LAST OF SEVERAL OCCURRENCES

COLUMN 17 PEAK WIND IN M.P.H.

PRELIMINARY LOCAL CLIMATOLOGICAL DATA (WS FORM: F-6) , PAGE 2

                                          STATION:  AMES IA
                                          MONTH:    DECEMBER
                                          YEAR:     2014
                                          LATITUDE:   41 59 N
                                          LONGITUDE:  93 37 W

[TEMPERATURE DATA]      [PRECIPITATION DATA]       SYMBOLS USED IN COLUMN 16

AVERAGE MONTHLY: 30.1   TOTAL FOR MONTH:   0.66    1 = FOG OR MIST
DPTR FM NORMAL:   5.4   DPTR FM NORMAL:   -0.13    2 = FOG REDUCING VISIBILITY
HIGHEST:    57 ON 14    GRTST 24HR  0.64 ON 15-15      TO 1/4 MILE OR LESS
LOWEST:      6 ON  1                               3 = THUNDER
                        SNOW, ICE PELLETS, HAIL    4 = ICE PELLETS
                        TOTAL MONTH:   0.0 INCH    5 = HAIL
                        GRTST 24HR     0.0         6 = FREEZING RAIN OR DRIZZLE
                        GRTST DEPTH:  M  ON   M    7 = DUSTSTORM OR SANDSTORM:
                                                       VSBY 1/2 MILE OR LESS
                                                   8 = SMOKE OR HAZE
[NO. OF DAYS WITH]      [WEATHER - DAYS WITH]      9 = BLOWING SNOW
                                                   X = TORNADO
MAX 32 OR BELOW:   5    0.01 INCH OR MORE:   2
MAX 90 OR ABOVE:   0    0.10 INCH OR MORE:   1
MIN 32 OR BELOW:  16    0.50 INCH OR MORE:   1
MIN  0 OR BELOW:   0    1.00 INCH OR MORE:   0

[HDD (BASE 65) ]
TOTAL THIS MO.   624    CLEAR  (SCALE 0-3)   4
DPTR FM NORMAL  -101    PTCLDY (SCALE 4-7)   5
TOTAL FM JUL 1  2246    CLOUDY (SCALE 8-10)  9
DPTR FM NORMAL    67

[CDD (BASE 65) ]
TOTAL THIS MO.     0
DPTR FM NORMAL     0    [PRESSURE DATA]
TOTAL FM JAN 1   650    HIGHEST SLP M ON M
DPTR FM NORMAL  -102    LOWEST  SLP 29.55 ON 15

[REMARKS]
