000
CXUS53 KDMX 310920
CF6AMW
PRELIMINARY LOCAL CLIMATOLOGICAL DATA (WS FORM: F-6)

                                          STATION:   AMES IA
                                          MONTH:     AUGUST
                                          YEAR:      2015
                                          LATITUDE:   41 59 N
                                          LONGITUDE:  93 37 W

  TEMPERATURE IN F:       :PCPN:    SNOW:  WIND      :SUNSHINE: SKY     :PK WND
================================================================================
1   2   3   4   5  6A  6B    7    8   9   10  11  12  13   14  15   16   17  18
                                     12Z  AVG MX 2MIN
DY MAX MIN AVG DEP HDD CDD  WTR  SNW DPTH SPD SPD DIR MIN PSBL S-S WX    SPD DR
================================================================================

 1  86  58  72  -1   0   7 0.00  0.0    0  5.4 16 230   M    M   0 1      19 250
 2  89  67  78   5   0  13 0.02  0.0    0 10.1 22 250   M    M   1 3      26 250
 3  80  59  70  -3   0   5 0.00  0.0    0  4.7 13 360   M    M   0        16 360
 4  80  58  69  -4   0   4 0.00  0.0    0  1.9 12  70   M    M   2 1      15  80
 5  79  62  71  -2   0   6 0.01  0.0    0  4.1 10 130   M    M   6 1      13 120
 6  80  59  70  -2   0   5 0.00  0.0    0  5.3 15 140   M    M   2 12     18 150
 7  85  66  76   4   0  11 0.00  0.0    0  5.2 16 330   M    M   3 18     21 300
 8  84  65  75   3   0  10 0.07  0.0    0  6.0 14 130   M    M   5 13     19 130
 9  82  68  75   3   0  10 4.22  0.0    0  5.3 17  90   M    M   7 13     25  70
10  83  61  72   0   0   7 0.03  0.0    0 10.1 21 340   M    M   2 13     25 360
11  83  61  72   0   0   7 0.00  0.0    0  6.3 14 340   M    M   1 1      20  10
12  82  58  70  -2   0   5 0.00  0.0    0  2.3  7 200   M    M   1        10 220
13  84  58  71  -1   0   6 0.00  0.0    0  5.3 16 220   M    M   0 1      20 220
14  86  65  76   4   0  11 0.01  0.0    0  3.7 10 230   M    M   1 1      13 240
15  85  62  74   3   0   9 0.00  0.0    0  5.8 14 190   M    M   0 1      18 210
16  86  62  74   3   0   9 0.00  0.0    0  6.4 16 200   M    M   0 1      21 210
17  75  67  71   0   0   6 0.67  0.0    0  4.2 13 320   M    M   7 1      16 310
18  70  57  64  -7   1   0 2.03  0.0    0  7.8 22 260   M    M   8 13     28 260
19  65  56  61 -10   4   0    T  0.0    0 14.7 24 260   M    M   9        35 260
20  77  49  63  -8   2   0 0.00  0.0    0  6.9 15 280   M    M   0        19 270
21  80  57  69  -1   0   4 0.00  0.0    0 10.4 23 190   M    M   1        30 190
22  80  60  70   0   0   5 0.82  0.0    0 12.5 24 310   M    M   6 13     32 320
23  70  53  62  -8   3   0 0.00  0.0    0 12.7 25 310   M    M   1 1      35 300
24  71  49  60 -10   5   0 0.00  0.0    0 10.9 22 310   M    M   0        29 330
25  73  50  62  -8   3   0 0.00  0.0    0  7.5 17 340   M    M   0 1      23 320
26  76  46  61  -8   4   0 0.00  0.0    0  1.8  8 150   M    M   0 1      10 150
27  72  50  61  -8   4   0 0.03  0.0    0  6.5 24 180   M    M   1 13     31 190
28  68  62  65  -4   0   0 1.66  0.0    0  6.9 22 140   M    M  10 13     31 130
29  72  62  67  -2   0   2    T  0.0    0  5.8 14 350   M    M  10 1      17 350
30  75  56  66  -2   0   1    T  0.0    0  3.5 12 190   M    M   8 12     15 210
================================================================================
SM 2358 1763        26 143  9.57     0.0 200.0          M       92
================================================================================
AV 78.6 58.8                               6.7 FASTST   M    M   3    MAX(MPH)
                                 MISC ---->  # 25 310               # 35  260
================================================================================
NOTES:
# LAST OF SEVERAL OCCURRENCES

COLUMN 17 PEAK WIND IN M.P.H.

PRELIMINARY LOCAL CLIMATOLOGICAL DATA (WS FORM: F-6) , PAGE 2

                                          STATION:  AMES IA
                                          MONTH:    AUGUST
                                          YEAR:     2015
                                          LATITUDE:   41 59 N
                                          LONGITUDE:  93 37 W

[TEMPERATURE DATA]      [PRECIPITATION DATA]       SYMBOLS USED IN COLUMN 16

AVERAGE MONTHLY: 68.7   TOTAL FOR MONTH:   9.57    1 = FOG OR MIST
DPTR FM NORMAL:  -2.4   DPTR FM NORMAL:    5.28    2 = FOG REDUCING VISIBILITY
HIGHEST:    89 ON  2    GRTST 24HR  4.27 ON  8- 9      TO 1/4 MILE OR LESS
LOWEST:     46 ON 26                               3 = THUNDER
                        SNOW, ICE PELLETS, HAIL    4 = ICE PELLETS
                        TOTAL MONTH:   0.0 INCH    5 = HAIL
                        GRTST 24HR     0.0         6 = FREEZING RAIN OR DRIZZLE
                        GRTST DEPTH:   0           7 = DUSTSTORM OR SANDSTORM:
                                                       VSBY 1/2 MILE OR LESS
                                                   8 = SMOKE OR HAZE
[NO. OF DAYS WITH]      [WEATHER - DAYS WITH]      9 = BLOWING SNOW
                                                   X = TORNADO
MAX 32 OR BELOW:   0    0.01 INCH OR MORE:  11
MAX 90 OR ABOVE:   0    0.10 INCH OR MORE:   5
MIN 32 OR BELOW:   0    0.50 INCH OR MORE:   5
MIN  0 OR BELOW:   0    1.00 INCH OR MORE:   3

[HDD (BASE 65) ]
TOTAL THIS MO.    26    CLEAR  (SCALE 0-3)  20
DPTR FM NORMAL    20    PTCLDY (SCALE 4-7)   6
TOTAL FM JUL 1    34    CLOUDY (SCALE 8-10)  4
DPTR FM NORMAL    24

[CDD (BASE 65) ]
TOTAL THIS MO.   143
DPTR FM NORMAL   -51    [PRESSURE DATA]
TOTAL FM JAN 1   591    HIGHEST SLP M ON M
DPTR FM NORMAL   -89    LOWEST  SLP 29.58 ON 18

[REMARKS]
