000
CXAK56 PAFC 181320
CF6ANC
PRELIMINARY LOCAL CLIMATOLOGICAL DATA (WS FORM: F-6)

                                          STATION:   ANCHORAGE AK
                                          MONTH:     NOVEMBER
                                          YEAR:      2017
                                          LATITUDE:   61 10 N
                                          LONGITUDE: 150  2 W

  TEMPERATURE IN F:       :PCPN:    SNOW:  WIND      :SUNSHINE: SKY     :PK WND
================================================================================
1   2   3   4   5  6A  6B    7    8   9   10  11  12  13   14  15   16   17  18
                                     12Z  AVG MX 2MIN
DY MAX MIN AVG DEP HDD CDD  WTR  SNW DPTH SPD SPD DIR MIN PSBL S-S WX    SPD DR
================================================================================

 1  34  30  32   5  33   0 0.00  0.0    0  1.7  6 130   M    M  10 12      M  M
 2  33  28  31   5  34   0 0.00  0.0    0  2.9  8  80   M    M  10 12      M  M
 3  35  30  33   7  32   0 0.00  0.0    0  3.0  7 350   M    M  10 12      M  M
 4  32  25  29   4  36   0 0.00  0.0    0  2.7  6  80   M    M   9 1       M  M
 5  33  25  29   4  36   0 0.30  3.4    3  8.2 12  20   M    M   8 1       M  M
 6  35  25  30   6  35   0 0.00  0.0    3 16.9 24 360   M    M   1        33 360
 7  30  17  24   0  41   0 0.00  0.0    3  5.0 18 350   M    M   3        23 340
 8  28  16  22  -2  43   0 0.00  0.0    3  2.5  8  40   M    M   3         9  40
 9  26  15  21  -2  44   0 0.05  0.6    4  3.2 12 340   M    M   8 1      15 330
10  25  12  19  -4  46   0 0.00  0.0    4  8.7 21 360   M    M   2 1      32 360
11  28  16  22  -1  43   0 0.00  0.0    4 15.3 22 350   M    M   1        30 350
12  25   7  16  -6  49   0 0.00  0.0    3  2.8  7 350   M    M   2         M  M
13  31   6  19  -3  46   0 0.00  0.0    3 10.3 23 350   M    M   0 1      30 360
14  31  25  28   6  37   0 0.00  0.0    3 16.8 24 350   M    M   0        30 340
15  27  11  19  -3  46   0 0.00  0.0    3  2.0 16 360   M    M   4        21 360
16  27  18  23   1  42   0 0.11  1.5    5  2.8 10 360   M    M  10 1      14 360
17  22  10  16  -5  49   0 0.01    T    5  2.5  9 340   M    M   5 12     11 320
================================================================================
SM  502  316       692   0  0.47     5.5 107.3          M       86
================================================================================
AV 29.5 18.6                               6.3 FASTST   M    M   5    MAX(MPH)
                                 MISC ---->  # 24 360               # 33  360
================================================================================
NOTES:
# LAST OF SEVERAL OCCURRENCES

COLUMN 17 PEAK WIND IN M.P.H.

PRELIMINARY LOCAL CLIMATOLOGICAL DATA (WS FORM: F-6) , PAGE 2

                                          STATION:  ANCHORAGE AK
                                          MONTH:    NOVEMBER
                                          YEAR:     2017
                                          LATITUDE:   61 10 N
                                          LONGITUDE: 150  2 W

[TEMPERATURE DATA]      [PRECIPITATION DATA]       SYMBOLS USED IN COLUMN 16

AVERAGE MONTHLY: 24.1   TOTAL FOR MONTH:   0.47    1 = FOG OR MIST
DPTR FM NORMAL:   0.5   DPTR FM NORMAL:   -0.19    2 = FOG REDUCING VISIBILITY
HIGHEST:    35 ON  6, 3 GRTST 24HR  0.30 ON  5- 5      TO 1/4 MILE OR LESS
LOWEST:      6 ON 13                               3 = THUNDER
                        SNOW, ICE PELLETS, HAIL    4 = ICE PELLETS
                        TOTAL MONTH:   5.5 INCHES  5 = HAIL
                        GRTST 24HR   3.4 ON  5- 5  6 = FREEZING RAIN OR DRIZZLE
                        GRTST DEPTH:   5 ON 17,16  7 = DUSTSTORM OR SANDSTORM:
                                                       VSBY 1/2 MILE OR LESS
                                                   8 = SMOKE OR HAZE
[NO. OF DAYS WITH]      [WEATHER - DAYS WITH]      9 = BLOWING SNOW
                                                   X = TORNADO
MAX 32 OR BELOW:  12    0.01 INCH OR MORE:   4
MAX 90 OR ABOVE:   0    0.10 INCH OR MORE:   2
MIN 32 OR BELOW:  17    0.50 INCH OR MORE:   0
MIN  0 OR BELOW:   0    1.00 INCH OR MORE:   0

[HDD (BASE 65) ]
TOTAL THIS MO.   692    CLEAR  (SCALE 0-3)   7
DPTR FM NORMAL   -11    PTCLDY (SCALE 4-7)   4
TOTAL FM JUL 1  2250    CLOUDY (SCALE 8-10)  6
DPTR FM NORMAL  -333

[CDD (BASE 65) ]
TOTAL THIS MO.     0
DPTR FM NORMAL     0    [PRESSURE DATA]
TOTAL FM JAN 1     3    HIGHEST SLP M ON M
DPTR FM NORMAL     1    LOWEST  SLP 29.56 ON 16

[REMARKS]
