000
CXAK56 PAFC 271320
CF6ANC
PRELIMINARY LOCAL CLIMATOLOGICAL DATA (WS FORM: F-6)

                                          STATION:   ANCHORAGE AK
                                          MONTH:     JANUARY
                                          YEAR:      2015
                                          LATITUDE:   61 10 N
                                          LONGITUDE: 150  2 W

  TEMPERATURE IN F:       :PCPN:    SNOW:  WIND      :SUNSHINE: SKY     :PK WND
================================================================================
1   2   3   4   5  6A  6B    7    8   9   10  11  12  13   14  15   16   17  18
                                     12Z  AVG MX 2MIN
DY MAX MIN AVG DEP HDD CDD  WTR  SNW DPTH SPD SPD DIR MIN PSBL S-S WX    SPD DR
================================================================================

 1  35  27  31  13  34   0    T    T    4  2.9  7 170   M    M   9 1       M  M
 2  32  16  24   6  41   0 0.00  0.0    4  2.0 10 360   M    M   3         M  M
 3  24  10  17  -1  48   0 0.00  0.0    4  8.2 13 360   M    M   4         M  M
 4  16   3  10  -8  55   0 0.00  0.0    4  1.3  8 300   M    M   1 12      M  M
 5  15   6  11  -6  54   0    T  0.0    4  1.1  5 130   M    M   6 12      M  M
 6  16   2   9  -8  56   0    T  0.0    4  5.4 15 350   M    M   4 1       M  M
 7  23   8  16  -1  49   0 0.01  0.0    4  5.9 12 360   M    M   4         M  M
 8  31  23  27  10  38   0 0.01  0.0    4  7.0 15 350   M    M  10 46      M  M
 9  34  29  32  15  33   0    T  0.0    4  3.4  6  60   M    M   9 6       M  M
10  35  28  32  15  33   0 0.00  0.0    4  0.8  5 110   M    M   8         M  M
11  33  24  29  12  36   0 0.00  0.0    4  2.0  6  90   M    M   6         M  M
12  36  23  30  13  35   0 0.00  0.0    4  3.5 14 350   M    M   5         M  M
13  46  30  38  21  27   0 0.00  0.0    4  4.9 17 140   M    M   9        24 140
14  37  27  32  15  33   0    T    T    4  3.3  9 310   M    M   7         M  M
15  42  34  38  21  27   0    T  0.0    4  5.7 18 150   M    M   9        30 170
16  43  30  37  20  28   0 0.00  0.0    4  5.7 20 150   M    M   7        30 150
17  34  26  30  13  35   0 0.00  0.0    4  1.4  6  50   M    M   7         M  M
18  31  25  28  11  37   0 0.02  0.1    4  0.8  5 340   M    M   9 4       M  M
19  30  20  25   8  40   0 0.00  0.0    4  2.5  6  30   M    M   8 12      M  M
20  27  14  21   4  44   0 0.00  0.0    4  5.9 12 360   M    M   2         M  M
21  19   8  14  -3  51   0 0.00  0.0    4  3.7  9 120   M    M   2 1       M  M
22  20   6  13  -4  52   0 0.12  2.2    6  7.0 15 360   M    M   7 1       M  M
23  21  17  19   2  46   0 0.15  2.5    9  7.3 13 360   M    M  10 1      35 160
24  18   5  12  -5  53   0    T  0.1    9  7.5 10  10   M    M   9 1       M  M
25  13  -5   4 -13  61   0    T    T    9  5.8 15 360   M    M   3 1      23 360
26   7  -4   2 -15  63   0    T    T    8  6.9  9  20   M    M   7         M  M
================================================================================
SM  718  432      1108   0  0.31     4.9 111.9          M      165
================================================================================
AV 27.6 16.6                               4.3 FASTST   M    M   6    MAX(MPH)
                                 MISC ---->    20   M               # 35  160
================================================================================
NOTES:
# LAST OF SEVERAL OCCURRENCES

COLUMN 17 PEAK WIND IN M.P.H.

PRELIMINARY LOCAL CLIMATOLOGICAL DATA (WS FORM: F-6) , PAGE 2

                                          STATION:  ANCHORAGE AK
                                          MONTH:    JANUARY
                                          YEAR:     2015
                                          LATITUDE:   61 10 N
                                          LONGITUDE: 150  2 W

[TEMPERATURE DATA]      [PRECIPITATION DATA]       SYMBOLS USED IN COLUMN 16

AVERAGE MONTHLY: 22.1   TOTAL FOR MONTH:   0.31    1 = FOG OR MIST
DPTR FM NORMAL:   5.0   DPTR FM NORMAL:   -0.29    2 = FOG REDUCING VISIBILITY
HIGHEST:    46 ON 13    GRTST 24HR  0.15 ON 23-23      TO 1/4 MILE OR LESS
LOWEST:     -5 ON 25                               3 = THUNDER
                        SNOW, ICE PELLETS, HAIL    4 = ICE PELLETS
                        TOTAL MONTH:   4.9 INCHES  5 = HAIL
                        GRTST 24HR   2.5 ON 23-23  6 = FREEZING RAIN OR DRIZZLE
                        GRTST DEPTH:   9 ON 25,24  7 = DUSTSTORM OR SANDSTORM:
                                                       VSBY 1/2 MILE OR LESS
                                                   8 = SMOKE OR HAZE
[NO. OF DAYS WITH]      [WEATHER - DAYS WITH]      9 = BLOWING SNOW
                                                   X = TORNADO
MAX 32 OR BELOW:  16    0.01 INCH OR MORE:   5
MAX 90 OR ABOVE:   0    0.10 INCH OR MORE:   2
MIN 32 OR BELOW:  25    0.50 INCH OR MORE:   0
MIN  0 OR BELOW:   2    1.00 INCH OR MORE:   0

[HDD (BASE 65) ]
TOTAL THIS MO.  1108    CLEAR  (SCALE 0-3)   4
DPTR FM NORMAL  -137    PTCLDY (SCALE 4-7)  12
TOTAL FM JUL 1  4971    CLOUDY (SCALE 8-10) 10
DPTR FM NORMAL  -864

[CDD (BASE 65) ]
TOTAL THIS MO.     0
DPTR FM NORMAL     0    [PRESSURE DATA]
TOTAL FM JAN 1     0    HIGHEST SLP M ON M
DPTR FM NORMAL     0    LOWEST  SLP M ON M

[REMARKS]
