000
CXAK56 PAFC 291320
CF6ANC
PRELIMINARY LOCAL CLIMATOLOGICAL DATA (WS FORM: F-6)

                                          STATION:   ANCHORAGE AK
                                          MONTH:     JUNE
                                          YEAR:      2015
                                          LATITUDE:   61 10 N
                                          LONGITUDE: 150  2 W

  TEMPERATURE IN F:       :PCPN:    SNOW:  WIND      :SUNSHINE: SKY     :PK WND
================================================================================
1   2   3   4   5  6A  6B    7    8   9   10  11  12  13   14  15   16   17  18
                                     12Z  AVG MX 2MIN
DY MAX MIN AVG DEP HDD CDD  WTR  SNW DPTH SPD SPD DIR MIN PSBL S-S WX    SPD DR
================================================================================

 1  69  50  60   8   5   0    T  0.0    0  8.7 18 150   M    M   6        30 180
 2  59  52  56   3   9   0 0.40  0.0    0  6.7 14 150   M    M   9 1      21 180
 3  60  49  55   2  10   0 0.01  0.0    0 11.9 21 150   M    M   9        37 150
 4  54  48  51  -2  14   0    T    M    0  6.7 13 140   M    M  10        27 140
 5  58  48  53   0  12   0 0.09  0.0    0 15.7 21 150   M    M   8        36 160
 6  59  49  54   0  11   0    T  0.0    0 10.1 17 150   M    M   9        33 160
 7  60  49  55   1  10   0 0.02  0.0    0  7.8 12 230   M    M   8        22 200
 8  59  47  53  -1  12   0 0.01  0.0    0 11.1 22 150   M    M   9        36 150
 9  55  47  51  -3  14   0 0.09  0.0    0 10.7 21 150   M    M   9        35 150
10  59  46  53  -1  12   0 0.05  0.0    0  6.8 16 150   M    M   8        30 170
11  60  49  55   1  10   0 0.04  0.0    0  6.6 12 150   M    M   8        27 140
12  66  50  58   3   7   0 0.00  0.0    0  6.5 10 230   M    M   6         M  M
13  72  50  61   6   4   0 0.00  0.0    0  4.6 10 280   M    M   6         M  M
14  79  51  65  10   0   0 0.00  0.0    0  4.5  9 210   M    M   6         M  M
15  83  53  68  13   0   3 0.00  0.0    0  6.2 16 210   M    M   4         M  M
16  83  61  72  16   0   7    T  0.0    0  5.3 13 160   M    M   6 3       M  M
17  80  54  67  11   0   2 0.00  0.0    0  5.2 13 250   M    M   4         M  M
18  78  55  67  11   0   2 0.00  0.0    0  5.1 14 150   M    M   5        30 150
19  71  57  64   8   1   0 0.00  0.0    0 14.2 20 140   M    M   5        33 160
20  65  54  60   4   5   0 0.00  0.0    0  3.7 10 220   M    M   9        21 220
21  62  55  59   3   6   0 0.00  0.0    0  5.4  9 260   M    M   9         M  M
22  68  53  61   5   4   0 0.00  0.0    0  3.5  7 330   M    M   7         M  M
23  71  48  60   3   5   0 0.00  0.0    0  7.0 15 150   M    M   3        23 170
24  74  51  63   6   2   0 0.00  0.0    0  6.4 16 150   M    M   6        30 150
25  75  58  67  10   0   2 0.00  0.0    0 10.0 16 160   M    M   7        31 170
26  64  55  60   3   5   0 0.13  0.0    0  6.6 15 150   M    M   8        36 150
27  69  56  63   6   2   0    T  0.0    0  7.8 18 150   M    M   9        36 170
28  65  56  61   4   4   0    T  0.0    0  5.8 13 150   M    M   9        35 170
================================================================================
SM 1877 1451       164  16  0.84     0.0 210.6          M      202
================================================================================
AV 67.0 51.8                               7.5 FASTST   M    M   7    MAX(MPH)
                                 MISC ---->    22   M                 37    M
================================================================================
NOTES:
# LAST OF SEVERAL OCCURRENCES

COLUMN 17 PEAK WIND IN M.P.H.

PRELIMINARY LOCAL CLIMATOLOGICAL DATA (WS FORM: F-6) , PAGE 2

                                          STATION:  ANCHORAGE AK
                                          MONTH:    JUNE
                                          YEAR:     2015
                                          LATITUDE:   61 10 N
                                          LONGITUDE: 150  2 W

[TEMPERATURE DATA]      [PRECIPITATION DATA]       SYMBOLS USED IN COLUMN 16

AVERAGE MONTHLY: 59.4   TOTAL FOR MONTH:   0.84    1 = FOG OR MIST
DPTR FM NORMAL:   4.4   DPTR FM NORMAL:   -0.05    2 = FOG REDUCING VISIBILITY
HIGHEST:    83 ON 16,15 GRTST 24HR  0.40 ON  2- 2      TO 1/4 MILE OR LESS
LOWEST:     46 ON 10                               3 = THUNDER
                        SNOW, ICE PELLETS, HAIL    4 = ICE PELLETS
                        TOTAL MONTH:   0.0 INCH    5 = HAIL
                        GRTST 24HR     0.0         6 = FREEZING RAIN OR DRIZZLE
                        GRTST DEPTH:   0           7 = DUSTSTORM OR SANDSTORM:
                                                       VSBY 1/2 MILE OR LESS
                                                   8 = SMOKE OR HAZE
[NO. OF DAYS WITH]      [WEATHER - DAYS WITH]      9 = BLOWING SNOW
                                                   X = TORNADO
MAX 32 OR BELOW:   0    0.01 INCH OR MORE:   9
MAX 90 OR ABOVE:   0    0.10 INCH OR MORE:   2
MIN 32 OR BELOW:   0    0.50 INCH OR MORE:   0
MIN  0 OR BELOW:   0    1.00 INCH OR MORE:   0

[HDD (BASE 65) ]
TOTAL THIS MO.   164    CLEAR  (SCALE 0-3)   0
DPTR FM NORMAL  -115    PTCLDY (SCALE 4-7)  15
TOTAL FM JUL 1  8778    CLOUDY (SCALE 8-10) 13
DPTR FM NORMAL -1401

[CDD (BASE 65) ]
TOTAL THIS MO.    16
DPTR FM NORMAL    16    [PRESSURE DATA]
TOTAL FM JAN 1    16    HIGHEST SLP M ON M
DPTR FM NORMAL    16    LOWEST  SLP M ON M

[REMARKS]
