000
CXAK56 PAJK 271230
CF6ANN
PRELIMINARY LOCAL CLIMATOLOGICAL DATA (WS FORM: F-6)

                                          STATION:   ANNETTE ISLAND
                                          MONTH:     JUNE
                                          YEAR:      2017
                                          LATITUDE:   55  1 N
                                          LONGITUDE: 131 34 W

  TEMPERATURE IN F:       :PCPN:    SNOW:  WIND      :SUNSHINE: SKY     :PK WND
================================================================================
1   2   3   4   5  6A  6B    7    8   9   10  11  12  13   14  15   16   17  18
                                     12Z  AVG MX 2MIN
DY MAX MIN AVG DEP HDD CDD  WTR  SNW DPTH SPD SPD DIR MIN PSBL S-S WX    SPD DR
================================================================================

 1  55  51  53   0  12   0 0.46  0.0    0 10.8 18 140   M    M  10 18     26 150
 2  57  49  53   0  12   0 0.24  0.0    0 13.0 23 140   M    M   9 1      35 150
 3  58  48  53  -1  12   0 0.34  0.0    0 14.0 22 120   M    M   9        32 130
 4  51  48  50  -4  15   0 1.29  0.0    0 14.3 21 140   M    M  10 1      31 150
 5  53  50  52  -2  13   0 0.61  0.0    0 14.3 24 140   M    M  10 1      38 130
 6  67  53  60   6   5   0 0.01  0.0    0  6.9 16 140   M    M   8        22 120
 7  68  52  60   6   5   0 0.01  0.0    0  2.1  8 130   M    M   9        11 130
 8  59  50  55   1  10   0 0.74  0.0    0  2.9 10 150   M    M   8 1      15 170
 9  54  49  52  -2  13   0 0.40  0.0    0  3.9  8 180   M    M  10 1      11 190
10  60  48  54  -1  11   0 0.00  0.0    0  5.1 12 320   M    M   9        17 330
11  65  48  57   2   8   0 0.00  0.0    0  5.3 14 320   M    M   6        20 320
12  61  47  54  -1  11   0 0.01  0.0    0  3.6 10 220   M    M  10        15 230
13  58  50  54  -1  11   0 0.03  0.0    0  5.7 14 140   M    M   8        19 130
14  54  49  52  -3  13   0 0.28  0.0    0 11.5 23 140   M    M   9        32 130
15  54  48  51  -4  14   0 1.08  0.0    0  6.7 15 130   M    M  10 18     24 100
16  61  46  54  -1  11   0    T  0.0    0  4.9 13 160   M    M   4        17 140
17  63  43  53  -2  12   0    T  0.0    0  2.2  9 210   M    M   3        13 210
18  68  43  56   0   9   0 0.07  0.0    0  3.1  9 180   M    M   2        13 200
19  58  49  54  -2  11   0 0.15  0.0    0  6.2 17 160   M    M   9 1      25 140
20  57  50  54  -2  11   0 0.23  0.0    0  6.4 13 140   M    M  10 1      18 170
21  58  51  55  -1  10   0 0.18  0.0    0  5.1 12 190   M    M  10 1      17 200
22  67  50  59   3   6   0    T  0.0    0  4.2  9 310   M    M   5        13 310
23  70  49  60   4   5   0 0.00  0.0    0  2.2  8 210   M    M   1        12 210
24  64  53  59   3   6   0 0.00  0.0    0  5.3 15 130   M    M  10 1      22 140
25  59  52  56   0   9   0 0.01  0.0    0  4.3 10 140   M    M  10 1      14 150
26  66  52  59   3   6   0    T  0.0    0  4.4 10 320   M    M   9        16 300
================================================================================
SM 1565 1278       261   0  6.14     0.0 168.4          M      208
================================================================================
AV 60.2 49.2                               6.5 FASTST   M    M   8    MAX(MPH)
                                 MISC ---->  # 24 140               # 38  130
================================================================================
NOTES:
# LAST OF SEVERAL OCCURRENCES

COLUMN 17 PEAK WIND IN M.P.H.

PRELIMINARY LOCAL CLIMATOLOGICAL DATA (WS FORM: F-6) , PAGE 2

                                          STATION:  ANNETTE ISLAND
                                          MONTH:    JUNE
                                          YEAR:     2017
                                          LATITUDE:   55  1 N
                                          LONGITUDE: 131 34 W

[TEMPERATURE DATA]      [PRECIPITATION DATA]       SYMBOLS USED IN COLUMN 16

AVERAGE MONTHLY: 54.7   TOTAL FOR MONTH:   6.14    1 = FOG OR MIST
DPTR FM NORMAL:  -0.2   DPTR FM NORMAL:    1.91    2 = FOG REDUCING VISIBILITY
HIGHEST:    70 ON 23    GRTST 24HR  1.29 ON  4- 4      TO 1/4 MILE OR LESS
LOWEST:     43 ON 18,17                            3 = THUNDER
                        SNOW, ICE PELLETS, HAIL    4 = ICE PELLETS
                        TOTAL MONTH:   0.0 INCH    5 = HAIL
                        GRTST 24HR     0.0         6 = FREEZING RAIN OR DRIZZLE
                        GRTST DEPTH:   0           7 = DUSTSTORM OR SANDSTORM:
                                                       VSBY 1/2 MILE OR LESS
                                                   8 = SMOKE OR HAZE
[NO. OF DAYS WITH]      [WEATHER - DAYS WITH]      9 = BLOWING SNOW
                                                   X = TORNADO
MAX 32 OR BELOW:   0    0.01 INCH OR MORE:  18
MAX 90 OR ABOVE:   0    0.10 INCH OR MORE:  12
MIN 32 OR BELOW:   0    0.50 INCH OR MORE:   4
MIN  0 OR BELOW:   0    1.00 INCH OR MORE:   2

[HDD (BASE 65) ]
TOTAL THIS MO.   261    CLEAR  (SCALE 0-3)   2
DPTR FM NORMAL    -3    PTCLDY (SCALE 4-7)   4
TOTAL FM JUL 1  6013    CLOUDY (SCALE 8-10) 20
DPTR FM NORMAL  -658

[CDD (BASE 65) ]
TOTAL THIS MO.     0
DPTR FM NORMAL     0    [PRESSURE DATA]
TOTAL FM JAN 1     0    HIGHEST SLP M ON M
DPTR FM NORMAL     0    LOWEST  SLP 29.50 ON M

[REMARKS]
