000
CXAK56 PANT 290931
CF6ANN

PRELIMINARY LOCAL CLIMATOLOGICAL DATA (WS FORM: F-6)

                                          STATION:   ANNETTE
                                          MONTH:     03
                                          YEAR:      2015
                                          LATITUDE:   55 02 N
                                          LONGITUDE: 131 34 W

  TEMPERATURE IN F:       :PCPN:    SNOW:  WIND      :SUNSHINE: SKY     :PK WND
================================================================================
1   2   3   4   5  6A  6B    7     8   9   10  11  12  13   14  15   16  17  18
                                      12Z  AVG MX 2MIN
DY MAX MIN AVG DEP HDD CDD  WTR   SNW DPTH SPD SPD DIR MIN PSBL S-S WX   SPD DR
================================================================================

 1  47  39  43   5  22   0  0.14  0.0   0  5.9 21  330   M    M   M 1     28 320
 2  53  33  43   5  22   0  0.00  0.0   0  4.9 13  330   M    M   M       17 320
 3  49  31  40   2  25   0  0.00  0.0   0  0.8  7  140   M    M   M        9 150
 4  44  33  39   1  26   0  0.56  0.0   0  7.8 15  120   M    M   M 18    23 130
 5  48  39  44   6  21   0  1.37  0.0   0  8.3 20  130   M    M   M 1     27 170
 6  49  40  45   6  20   0     T  0.0   0  2.2 10  150   M    M   M       13 150
 7  47  41  44   5  21   0  0.09  0.0   0  4.9 12  150   M    M   M 2     18 170
 8  47  41  44   5  21   0  0.09  0.0   0  5.3 12  320   M    M   M 1     17 200
 9  48  34  41   2  24   0  0.00  0.0   0  2.9 12  320   M    M   M       16 300
10  47  36  42   3  23   0  0.00  0.0   0  3.9 10  330   M    M   M       14 330
11  51  39  45   6  20   0  0.49  0.0   0 13.4 25  140   M    M   M 1     39 130
12  51  46  49  10  16   0  0.65  0.0   0 14.8 24  140   M    M   M 1     41 150
13  50  39  45   6  20   0  2.23  0.0   0  7.1 25  160   M    M   M 1     37 170
14  44  31  38  -1  27   0  0.01  0.0   0  7.4 20  320   M    M   M 1     26 310
15  46  29  38  -1  27   0  0.00  0.0   0  2.8 12  330   M    M   M       15 330
16  55  29  42   2  23   0  0.00  0.0   0  4.4 17  120   M    M   M       24 120
17  54  36  45   5  20   0  0.15  0.0   0  6.9 17  100   M    M   M 1     26 120
18  49  43  46   6  19   0  0.84  0.0   0 10.1 22  120   M    M   M 1     28 110
19  55  41  48   8  17   0  0.03  0.0   0  3.7 12  110   M    M   M 1     18 100
20  52  40  46   6  19   0  0.33  0.0   0  7.9 18  150   M    M   M 1     28 150
21  54  36  45   5  20   0  0.00  0.0   0  1.8  7  210   M    M   M       10 210
22  56  32  44   4  21   0  0.00  0.0   0  3.1 10  320   M    M   M 1     14  10
23  52  41  47   6  18   0  0.04  0.0   0  1.9  9   20   M    M   M       16  20
24  50  41  46   5  19   0  0.05  0.0   0  4.1 13  130   M    M   M 1     18 140
25  49  45  47   6  18   0  0.39  0.0   0  8.7 18  130   M    M   M 1     25 120
26  49  44  47   6  18   0  0.39  0.0   0  6.9 16  140   M    M   M 1     25 130
27  56  36  46   5  19   0  0.00  0.0   0  2.3  8  320   M    M   M 1     11 310
28  48  35  42   1  23   0  0.88  0.0   0  8.1 22  130   M    M   M 1     36 120
================================================================================
SM 1400 1050       589   0  8.73 0.0    162.3           M        M
================================================================================
AV 50.0 37.5                              5.8 FASTST  PSBL  %   M    MAX(MPH)
                                 MISC ---->  #  25  160                 41 150
================================================================================
NOTES:
# LAST OF SEVERAL OCCURRENCES

COLUMN 17 PEAK WIND IN M.P.H.

PRELIMINARY LOCAL CLIMATOLOGICAL DATA (WS FORM: F-6) , PAGE 2

                                          STATION:   ANNETTE
                                          MONTH:     03
                                          YEAR:      2015
                                          LATITUDE:  55 02 N
                                          LONGITUDE: 131 34 W

[TEMPERATURE DATA]      [PRECIPITATION DATA]       SYMBOLS USED IN COLUMN 16

AVERAGE MONTHLY:43.8   TOTAL FOR MONTH: 8.73       1 = FOG
DPTR FM NORMAL:  4.3   DPTR FM NORMAL: 1.47       2 = FOG REDUCING VISIBILITY
HIGHEST:    56 ON 27    GRTST 24HR   2.23 ON 13        TO 1/4 MILE OR LESS
LOWEST:     29 ON 16                               3 = THUNDER
                        SNOW, ICE PELLETS, HAIL    4 = ICE PELLETS
                        TOTAL MONTH: 0.0         5 = HAIL
                        GRTST 24HR   0.0           6 = GLAZE OR RIME
                        GRTST DEPTH:    0          7 = BLOWING DUST OR SAND:
                                                       VSBY 1/2 MILE OR LESS
                                                   8 = SMOKE OR HAZE
[NO. OF DAYS WITH]      [WEATHER - DAYS WITH]      9 = BLOWING SNOW
                                                   X = TORNADO
MAX 32 OR BELOW:   0    0.01 INCH OR MORE:  18
MAX 70 OR ABOVE:   0    0.10 INCH OR MORE:  12
MIN 32 OR BELOW:   5    0.50 INCH OR MORE:   6
MIN  0 OR BELOW:   0    1.00 INCH OR MORE:   2

[HDD (BASE 65) ]
TOTAL THIS MO.   589    CLEAR  (SCALE 0-3)   M
DPTR FM NORMAL  -125    PTCLDY (SCALE 4-7)   M
SEASONAL TOTAL  4673    CLOUDY (SCALE 8-10)  M
DPTR FM NORMAL  -579

[CDD (BASE 65) ]
TOTAL THIS MO.     0
DPTR FM NORMAL     0    [PRESSURE DATA]
SEASONAL TOTAL     0    HIGHEST SLP     M
DPTR FM NORMAL     0    LOWEST  SLP     M

[REMARKS]
