000
CXUS55 KBOU 230802
CF6APA
PRELIMINARY LOCAL CLIMATOLOGICAL DATA (WS FORM: F-6)

                                          STATION:   CENTENNIAL CO
                                          MONTH:     FEBRUARY
                                          YEAR:      2017
                                          LATITUDE:   39 33 N
                                          LONGITUDE: 104 51 W

  TEMPERATURE IN F:       :PCPN:    SNOW:  WIND      :SUNSHINE: SKY     :PK WND
================================================================================
1   2   3   4   5  6A  6B    7    8   9   10  11  12  13   14  15   16   17  18
                                     12Z  AVG MX 2MIN
DY MAX MIN AVG DEP HDD CDD  WTR  SNW DPTH SPD SPD DIR MIN PSBL S-S WX    SPD DR
================================================================================

 1  40  21  31  -1  34   0    T    M    M  6.5 15 350   M    M   9 16     20 350
 2  25  18  22 -10  43   0    T    M    M  5.3 16  20   M    M   9 16     18  20
 3  39  16  28  -4  37   0    T    M    M  5.0 14  10   M    M   7 126    17 360
 4  59  32  46  14  19   0 0.00    M    M  9.9 28 260   M    M   4        34 300
 5  58  29  44  12  21   0 0.00    M    M  6.6 15 200   M    M   5        18 210
 6  60  36  48  16  17   0 0.00    M    M 11.7 25 200   M    M   7 8      30 200
 7  64  35  50  18  15   0 0.00    M    M 12.3 25 260   M    M   6        32 280
 8  57  36  47  15  18   0 0.00    M    M 15.1 24 320   M    M   5        43 330
 9  68  39  54  22  11   0 0.00    M    M  9.1 22 230   M    M   6        36 230
10  78  51  65  33   0   0 0.00    M    M 15.7 29 240   M    M   8        40 240
11  60  35  48  16  17   0    T    M    M 10.1 26 220   M    M   8        32 230
12  47  29  38   6  27   0 0.00    M    M  7.7 20 170   M    M   9        24 150
13  45  27  36   4  29   0 0.00    M    M  6.1 16 360   M    M   8        19 340
14  46  24  35   3  30   0 0.00    M    M  6.2 20  30   M    M   2        28  40
15  65  22  44  11  21   0 0.00    M    M  5.8 13 230   M    M   1        15 350
16  72  30  51  18  14   0 0.00    M    M  8.1 14 230   M    M   0        19 140
17  65  27  46  13  19   0 0.00    M    M  8.2 25 100   M    M   4        32 110
18  65  36  51  18  14   0 0.00    M    M  9.2 24 170   M    M   7        31 170
19  62  39  51  18  14   0    T    M    M 12.7 31 170   M    M   7        38 170
20  61  34  48  14  17   0 0.00    M    M  9.7 22 300   M    M   2        31 300
21  70  45  58  24   7   0 0.00    M    M 14.2 28 250   M    M   3        36 220
22  58  31  45  11  20   0 0.00    M    M 11.6 24 210   M    M   3        29 210
================================================================================
SM 1264  692       444   0    T     M    206.8          M      120
================================================================================
AV 57.5 31.5                               9.4 FASTST   M    M   5    MAX(MPH)
                                 MISC ---->  # 31 170                 43    M
================================================================================
NOTES:
# LAST OF SEVERAL OCCURRENCES

COLUMN 17 PEAK WIND IN M.P.H.

PRELIMINARY LOCAL CLIMATOLOGICAL DATA (WS FORM: F-6) , PAGE 2

                                          STATION:  CENTENNIAL CO
                                          MONTH:    FEBRUARY
                                          YEAR:     2017
                                          LATITUDE:   39 33 N
                                          LONGITUDE: 104 51 W

[TEMPERATURE DATA]      [PRECIPITATION DATA]       SYMBOLS USED IN COLUMN 16

AVERAGE MONTHLY: 44.5   TOTAL FOR MONTH:      T    1 = FOG OR MIST
DPTR FM NORMAL:  12.0   DPTR FM NORMAL:   -0.38    2 = FOG REDUCING VISIBILITY
HIGHEST:    78 ON 10    GRTST 24HR    T  ON 19-19      TO 1/4 MILE OR LESS
LOWEST:     16 ON  3                               3 = THUNDER
                        SNOW, ICE PELLETS, HAIL    4 = ICE PELLETS
                        TOTAL MONTH:    M          5 = HAIL
                        GRTST 24HR    M  ON   M    6 = FREEZING RAIN OR DRIZZLE
                        GRTST DEPTH:  M  ON   M    7 = DUSTSTORM OR SANDSTORM:
                                                       VSBY 1/2 MILE OR LESS
                                                   8 = SMOKE OR HAZE
[NO. OF DAYS WITH]      [WEATHER - DAYS WITH]      9 = BLOWING SNOW
                                                   X = TORNADO
MAX 32 OR BELOW:   1    0.01 INCH OR MORE:   0
MAX 90 OR ABOVE:   0    0.10 INCH OR MORE:   0
MIN 32 OR BELOW:  12    0.50 INCH OR MORE:   0
MIN  0 OR BELOW:   0    1.00 INCH OR MORE:   0

[HDD (BASE 65) ]
TOTAL THIS MO.   444    CLEAR  (SCALE 0-3)   6
DPTR FM NORMAL  -270    PTCLDY (SCALE 4-7)  13
TOTAL FM JUL 1  3502    CLOUDY (SCALE 8-10)  3
DPTR FM NORMAL  -779

[CDD (BASE 65) ]
TOTAL THIS MO.     0
DPTR FM NORMAL     0    [PRESSURE DATA]
TOTAL FM JAN 1     0    HIGHEST SLP M ON M
DPTR FM NORMAL     0    LOWEST  SLP 29.49 ON  6

[REMARKS]
