000
CXUS55 KBOU 211103
CF6APA
PRELIMINARY LOCAL CLIMATOLOGICAL DATA (WS FORM: F-6)

                                          STATION:   CENTENNIAL CO
                                          MONTH:     AUGUST
                                          YEAR:      2014
                                          LATITUDE:   39 33 N
                                          LONGITUDE: 104 51 W

  TEMPERATURE IN F:       :PCPN:    SNOW:  WIND      :SUNSHINE: SKY     :PK WND
================================================================================
1   2   3   4   5  6A  6B    7    8   9   10  11  12  13   14  15   16   17  18
                                     12Z  AVG MX 2MIN
DY MAX MIN AVG DEP HDD CDD  WTR  SNW DPTH SPD SPD DIR MIN PSBL S-S WX    SPD DR
================================================================================

 1  76  54  65  -7   0   0 0.00    M    M  6.9 15 200   M    M   5        18 180
 2  81  51  66  -6   0   1 0.00    M    M  6.5 13 150   M    M   2        20 140
 3  86  57  72   0   0   7 0.00    M    M  6.2 14 150   M    M   4        17 140
 4  85  59  72   0   0   7 0.00    M    M  8.6 21 360   M    M   6        27  10
 5  81  58  70  -2   0   5 0.02    M    M  6.8 20 240   M    M   7 3      25 250
 6  84  55  70  -2   0   5 0.13    M    M  6.6 29 360   M    M   3 3      36  10
 7  79  52  66  -6   0   1 0.74    M    M  7.6 38 290   M    M   6 135    48 280
 8  81  56  69  -2   0   4    T    M    M  7.6 31 210   M    M   3 3      45 210
 9  83  53  68  -3   0   3    T    M    M  7.5 33 210   M    M   4 3      44 220
10  74  56  65  -6   0   0    T    M    M  5.4 15 200   M    M   6 3      17 200
11  81  53  67  -4   0   2 0.00    M    M  5.0 14 200   M    M   3        19 200
12  86  57  72   1   0   7 0.00    M    M  6.9 16 200   M    M   1        19 210
13  88  60  74   3   0   9 0.00    M    M  7.9 28 240   M    M   5        35 230
14  83  59  71   1   0   6 0.01    M    M  8.4 23 280   M    M   6        29 270
15  87  57  72   2   0   7 0.19    M    M  8.5 30 360   M    M   4 3      36  10
16  88  58  73   3   0   8 0.00    M    M  5.2 14 250   M    M   3        17 250
17  89  59  74   4   0   9 0.00    M    M  9.1 30 200   M    M   4 3      36 200
18  87  58  73   3   0   8    T    M    M  8.6 23 200   M    M   3        33 250
19  89  55  72   2   0   7 0.21    M    M  4.6 21 290   M    M   7 3      34 280
20  82  58  70   1   0   5 0.01    M    M  5.6 21 320   M    M   6 3      28 310
================================================================================
SM 1670 1125         0 101  1.31    M    139.5          M       88
================================================================================
AV 83.5 56.2                               7.0 FASTST   M    M   4    MAX(MPH)
                                 MISC ---->  # 38 290               # 48  280
================================================================================
NOTES:
# LAST OF SEVERAL OCCURRENCES

COLUMN 17 PEAK WIND IN M.P.H.

PRELIMINARY LOCAL CLIMATOLOGICAL DATA (WS FORM: F-6) , PAGE 2

                                          STATION:  CENTENNIAL CO
                                          MONTH:    AUGUST
                                          YEAR:     2014
                                          LATITUDE:   39 33 N
                                          LONGITUDE: 104 51 W

[TEMPERATURE DATA]      [PRECIPITATION DATA]       SYMBOLS USED IN COLUMN 16

AVERAGE MONTHLY: 69.9   TOTAL FOR MONTH:   1.31    1 = FOG OR MIST
DPTR FM NORMAL:  -1.1   DPTR FM NORMAL:   -0.54    2 = FOG REDUCING VISIBILITY
HIGHEST:    89 ON 19,17 GRTST 24HR  0.82 ON  6- 7      TO 1/4 MILE OR LESS
LOWEST:     51 ON  2                               3 = THUNDER
                        SNOW, ICE PELLETS, HAIL    4 = ICE PELLETS
                        TOTAL MONTH:    M          5 = HAIL
                        GRTST 24HR    M  ON   M    6 = FREEZING RAIN OR DRIZZLE
                        GRTST DEPTH:  M  ON   M    7 = DUSTSTORM OR SANDSTORM:
                                                       VSBY 1/2 MILE OR LESS
                                                   8 = SMOKE OR HAZE
[NO. OF DAYS WITH]      [WEATHER - DAYS WITH]      9 = BLOWING SNOW
                                                   X = TORNADO
MAX 32 OR BELOW:   0    0.01 INCH OR MORE:   7
MAX 90 OR ABOVE:   0    0.10 INCH OR MORE:   4
MIN 32 OR BELOW:   0    0.50 INCH OR MORE:   1
MIN  0 OR BELOW:   0    1.00 INCH OR MORE:   0

[HDD (BASE 65) ]
TOTAL THIS MO.     0    CLEAR  (SCALE 0-3)   5
DPTR FM NORMAL    -1    PTCLDY (SCALE 4-7)  15
TOTAL FM JUL 1     6    CLOUDY (SCALE 8-10)  0
DPTR FM NORMAL    -1

[CDD (BASE 65) ]
TOTAL THIS MO.   101
DPTR FM NORMAL   -25    [PRESSURE DATA]
TOTAL FM JAN 1   436    HIGHEST SLP M ON M
DPTR FM NORMAL   -31    LOWEST  SLP 29.62 ON 19

[REMARKS]
