000
CXUS55 KBOU 271236
CF6APA
PRELIMINARY LOCAL CLIMATOLOGICAL DATA (WS FORM: F-6)

                                          STATION:   CENTENNIAL CO
                                          MONTH:     DECEMBER
                                          YEAR:      2014
                                          LATITUDE:   39 33 N
                                          LONGITUDE: 104 51 W

  TEMPERATURE IN F:       :PCPN:    SNOW:  WIND      :SUNSHINE: SKY     :PK WND
================================================================================
1   2   3   4   5  6A  6B    7    8   9   10  11  12  13   14  15   16   17  18
                                     12Z  AVG MX 2MIN
DY MAX MIN AVG DEP HDD CDD  WTR  SNW DPTH SPD SPD DIR MIN PSBL S-S WX    SPD DR
================================================================================

 1  43  17  30  -2  35   0    T    M    M  5.5 13 170   M    M   4 1      17 160
 2  62  23  43  11  22   0 0.00    M    M  5.2 15 330   M    M   4        18  90
 3  46  27  37   5  28   0 0.00    M    M  6.6 26 170   M    M   7        34 170
 4  54  30  42  11  23   0 0.00    M    M  4.7 14 150   M    M   8        15 130
 5  56  27  42  11  23   0 0.00    M    M  6.7 14 170   M    M   3        17  20
 6  51  29  40   9  25   0 0.00    M    M  7.4 17 190   M    M   7        24 190
 7  59  29  44  14  21   0 0.00    M    M  7.4 14 230   M    M   3        15 230
 8  50  25  38   8  27   0 0.00    M    M  6.5 15 150   M    M   5        18 160
 9  52  25  39   9  26   0 0.00    M    M  4.8 13 180   M    M   5        15 180
10  61  27  44  14  21   0 0.00    M    M  4.7 12 170   M    M   4        14 170
11  64  23  44  14  21   0 0.00    M    M  4.5  9 180   M    M   1 8      11 150
12  68  26  47  17  18   0 0.00    M    M  5.1 13 230   M    M   4        15 230
13  60  28  44  14  21   0 0.00    M    M  7.0 21 240   M    M   4        25 240
14  36  27  32   2  33   0 0.11    M    M  7.2 20 360   M    M   9 1      24 350
15  39  20  30   0  35   0 0.00    M    M  6.7 15  30   M    M   5 1      18  30
16  34  17  26  -4  39   0 0.00    M    M  4.7 15 150   M    M   4        20 150
17  43  19  31   1  34   0 0.00    M    M  3.4 10 360   M    M   8        11 360
18  44  24  34   4  31   0 0.00    M    M  3.9 10 200   M    M   4 18     12 350
19  43  17  30   0  35   0 0.00    M    M  4.6 13 200   M    M   4 1      15 200
20  49  24  37   7  28   0 0.00    M    M  5.1 12 190   M    M   7        15 190
21  49  25  37   7  28   0 0.20    M    M  7.9 28 360   M    M   7 1      38  10
22  35  23  29  -1  36   0 0.08    M    M  6.0 20  10   M    M   9 12     27  10
23  32  14  23  -7  42   0    T    M    M 14.8 39 350   M    M   6 89     49 350
24  51  12  32   2  33   0 0.00    M    M  7.8 20 230   M    M   4        27 230
25  43  18  31   1  34   0 0.07    M    M 12.5 23  10   M    M   7 1      29  10
26  18   7  13 -17  52   0 0.01    M    M  5.4 16  20   M    M  10 18     20  20
================================================================================
SM 1242  583       771   0  0.47    M    166.1          M      143
================================================================================
AV 47.8 22.4                               6.4 FASTST   M    M   6    MAX(MPH)
                                 MISC ---->  # 39 350               # 49  350
================================================================================
NOTES:
# LAST OF SEVERAL OCCURRENCES

COLUMN 17 PEAK WIND IN M.P.H.

PRELIMINARY LOCAL CLIMATOLOGICAL DATA (WS FORM: F-6) , PAGE 2

                                          STATION:  CENTENNIAL CO
                                          MONTH:    DECEMBER
                                          YEAR:     2014
                                          LATITUDE:   39 33 N
                                          LONGITUDE: 104 51 W

[TEMPERATURE DATA]      [PRECIPITATION DATA]       SYMBOLS USED IN COLUMN 16

AVERAGE MONTHLY: 35.1   TOTAL FOR MONTH:   0.47    1 = FOG OR MIST
DPTR FM NORMAL:   4.8   DPTR FM NORMAL:   -0.06    2 = FOG REDUCING VISIBILITY
HIGHEST:    68 ON 12    GRTST 24HR  0.28 ON 21-22      TO 1/4 MILE OR LESS
LOWEST:      7 ON 26                               3 = THUNDER
                        SNOW, ICE PELLETS, HAIL    4 = ICE PELLETS
                        TOTAL MONTH:    M          5 = HAIL
                        GRTST 24HR    M  ON   M    6 = FREEZING RAIN OR DRIZZLE
                        GRTST DEPTH:  M  ON   M    7 = DUSTSTORM OR SANDSTORM:
                                                       VSBY 1/2 MILE OR LESS
                                                   8 = SMOKE OR HAZE
[NO. OF DAYS WITH]      [WEATHER - DAYS WITH]      9 = BLOWING SNOW
                                                   X = TORNADO
MAX 32 OR BELOW:   2    0.01 INCH OR MORE:   5
MAX 90 OR ABOVE:   0    0.10 INCH OR MORE:   2
MIN 32 OR BELOW:  26    0.50 INCH OR MORE:   0
MIN  0 OR BELOW:   0    1.00 INCH OR MORE:   0

[HDD (BASE 65) ]
TOTAL THIS MO.   771    CLEAR  (SCALE 0-3)   3
DPTR FM NORMAL  -130    PTCLDY (SCALE 4-7)  20
TOTAL FM JUL 1  2098    CLOUDY (SCALE 8-10)  3
DPTR FM NORMAL  -250

[CDD (BASE 65) ]
TOTAL THIS MO.     0
DPTR FM NORMAL     0    [PRESSURE DATA]
TOTAL FM JAN 1   507    HIGHEST SLP M ON M
DPTR FM NORMAL   -53    LOWEST  SLP 29.39 ON 25

[REMARKS]
