000
CXUS55 KBOU 230757
CF6APA
PRELIMINARY LOCAL CLIMATOLOGICAL DATA (WS FORM: F-6)

                                          STATION:   CENTENNIAL CO
                                          MONTH:     AUGUST
                                          YEAR:      2017
                                          LATITUDE:   39 33 N
                                          LONGITUDE: 104 51 W

  TEMPERATURE IN F:       :PCPN:    SNOW:  WIND      :SUNSHINE: SKY     :PK WND
================================================================================
1   2   3   4   5  6A  6B    7    8   9   10  11  12  13   14  15   16   17  18
                                     12Z  AVG MX 2MIN
DY MAX MIN AVG DEP HDD CDD  WTR  SNW DPTH SPD SPD DIR MIN PSBL S-S WX    SPD DR
================================================================================

 1  85  53  69  -3   0   4 0.00    M    M  6.9 17 160   M    M   2        21 180
 2  88  62  75   3   0  10 0.00    M    M 10.5 29 360   M    M   3        34 350
 3  71  53  62 -10   3   0 0.30    M    M  9.3 26 300   M    M   8 13     39 280
 4  89  54  72   0   0   7 0.02    M    M  7.8 21  20   M    M   3 13     28  10
 5  84  59  72   0   0   7 0.37    M    M  8.2 28 170   M    M   7 3      32 200
 6  74  54  64  -8   1   0    T    M    M  5.6 20 350   M    M   7 3      24 350
 7  66  56  61 -11   4   0 0.05    M    M  8.1 17 170   M    M  10 13     22 170
 8  72  55  64  -7   1   0 0.02    M    M  7.1 17 160   M    M   8 1      23 170
 9  77  52  65  -6   0   0    T    M    M  5.4 16 350   M    M   5        19  10
10  78  55  67  -4   0   2 0.01    M    M  6.3 30  10   M    M   6 3      38  10
11  79  53  66  -5   0   1    T    M    M  6.6 22 210   M    M   5 1      26 220
12  84  54  69  -2   0   4    T    M    M  6.6 32  10   M    M   4 3      44 310
13  84  55  70  -1   0   5    T    M    M  6.8 31  10   M    M   5 3      40  10
14  87  55  71   1   0   6    T    M    M  7.5 28 210   M    M   5 3      36 240
15  82  56  69  -1   0   4    T    M    M  9.5 30 170   M    M   6 3      37 170
16  75  55  65  -5   0   0 0.01    M    M  6.2 15  20   M    M   5        19  30
17  83  56  70   0   0   5    T    M    M  8.8 21 180   M    M   3        27 170
18  88  55  72   2   0   7 0.00    M    M  6.8 16 180   M    M   1        20 170
19  91  59  75   5   0  10 0.00    M    M  7.3 21 290   M    M   3        28 290
20  88  55  72   3   0   7 0.00    M    M  6.0 18 280   M    M   5        23 280
21  85  60  73   4   0   8 0.00    M    M  6.1 22 360   M    M   5        26  10
22  83  54  69   0   0   4 0.00    M    M  7.2 21 200   M    M   5        26 200
================================================================================
SM 1793 1220         9  91  0.78    M    160.6          M      111
================================================================================
AV 81.5 55.5                               7.3 FASTST   M    M   5    MAX(MPH)
                                 MISC ---->  # 32  10               # 44  310
================================================================================
NOTES:
# LAST OF SEVERAL OCCURRENCES

COLUMN 17 PEAK WIND IN M.P.H.

PRELIMINARY LOCAL CLIMATOLOGICAL DATA (WS FORM: F-6) , PAGE 2

                                          STATION:  CENTENNIAL CO
                                          MONTH:    AUGUST
                                          YEAR:     2017
                                          LATITUDE:   39 33 N
                                          LONGITUDE: 104 51 W

[TEMPERATURE DATA]      [PRECIPITATION DATA]       SYMBOLS USED IN COLUMN 16

AVERAGE MONTHLY: 68.5   TOTAL FOR MONTH:   0.78    1 = FOG OR MIST
DPTR FM NORMAL:  -2.3   DPTR FM NORMAL:   -1.22    2 = FOG REDUCING VISIBILITY
HIGHEST:    91 ON 19    GRTST 24HR  0.37 ON  5- 5      TO 1/4 MILE OR LESS
LOWEST:     52 ON  9                               3 = THUNDER
                        SNOW, ICE PELLETS, HAIL    4 = ICE PELLETS
                        TOTAL MONTH:    M          5 = HAIL
                        GRTST 24HR    M  ON   M    6 = FREEZING RAIN OR DRIZZLE
                        GRTST DEPTH:  M  ON   M    7 = DUSTSTORM OR SANDSTORM:
                                                       VSBY 1/2 MILE OR LESS
                                                   8 = SMOKE OR HAZE
[NO. OF DAYS WITH]      [WEATHER - DAYS WITH]      9 = BLOWING SNOW
                                                   X = TORNADO
MAX 32 OR BELOW:   0    0.01 INCH OR MORE:   7
MAX 90 OR ABOVE:   1    0.10 INCH OR MORE:   2
MIN 32 OR BELOW:   0    0.50 INCH OR MORE:   0
MIN  0 OR BELOW:   0    1.00 INCH OR MORE:   0

[HDD (BASE 65) ]
TOTAL THIS MO.     9    CLEAR  (SCALE 0-3)   3
DPTR FM NORMAL     6    PTCLDY (SCALE 4-7)  18
TOTAL FM JUL 1     9    CLOUDY (SCALE 8-10)  1
DPTR FM NORMAL     0

[CDD (BASE 65) ]
TOTAL THIS MO.    91
DPTR FM NORMAL   -45    [PRESSURE DATA]
TOTAL FM JAN 1   528    HIGHEST SLP M ON M
DPTR FM NORMAL    51    LOWEST  SLP 29.67 ON 15

[REMARKS]
