000
CXUS51 KBUF 211205
CF6ART
PRELIMINARY LOCAL CLIMATOLOGICAL DATA (WS FORM: F-6)

                                          STATION:   WATERTOWN NY
                                          MONTH:     JANUARY
                                          YEAR:      2018
                                          LATITUDE:   43 59 N
                                          LONGITUDE:  76  2 W

  TEMPERATURE IN F:       :PCPN:    SNOW:  WIND      :SUNSHINE: SKY     :PK WND
================================================================================
1   2   3   4   5  6A  6B    7    8   9   10  11  12  13   14  15   16   17  18
                                     12Z  AVG MX 2MIN
DY MAX MIN AVG DEP HDD CDD  WTR  SNW DPTH SPD SPD DIR MIN PSBL S-S WX    SPD DR
================================================================================

 1   6 -33 -13 -34  78   0    T    M    M  4.4 12 270   M    M   4 18     15 260
 2  24 -21   2 -19  63   0 0.08    M    M 13.0 33 260   M    M   7 1289   49 260
 3  24  13  19  -2  46   0 0.04    M    M  9.4 20 200   M    M   9 12     28 210
 4  22   2  12  -9  53   0 0.05    M    M  8.7 21 340   M    M  10 18     25 320
 5   2  -7  -2 -22  67   0    M    M    M 13.4 21 280   M    M   9 18     26 270
 6   M -28   M   M   M   M 0.00    M    M  8.7 17 290   M    M   0 8      22 270
 7  24 -30  -3 -23  68   0    T    M    M  8.3 20 200   M    M   6 18     30 190
 8  36  24  30  10  35   0 0.09    M    M 13.7 23 230   M    M  10 128    34 200
 9  34   8  21   1  44   0    T    M    M  9.5 23 280   M    M   7 1      28 280
10  45   3  24   4  41   0    T    M    M  6.9 21 200   M    M   4 1      32 190
11  56  42  49  29  16   0 0.25    M    M 13.3 20 180   M    M   8 1      34 150
12  61  14  38  19  27   0 1.05    M    M 15.0 24 360   M    M  10 126    38 160
13  24 -12   6 -13  59   0 0.09    M    M 10.0 25  10   M    M   7 128    33  10
14   M -20   M   M   M   M    T    M    M  3.5  7  40   M    M   1 8       8 100
15   M -12   M   M   M   M    T    M    M  8.3 17  50   M    M   3 8      21  50
16   M   6   M   M   M   M 0.02    M    M  4.6 13 220   M    M   9 128    19 230
17  22  12  17  -2  48   0 0.02    M    M  7.3 18 220   M    M  10 128    25 210
18  27  18  23   4  42   0    T    M    M 11.5 18 230   M    M  10 128    25 230
19  37  23  30  11  35   0    T    M    M 10.1 18 230   M    M   6 18     25 200
20  39  35  37  18  28   0 0.00    M    M 16.7 28 230   M    M   2 1      39 260
================================================================================
SM  483   37       750   0  1.69    M    196.3          M      132
================================================================================
AV 30.2  1.9                               9.8 FASTST   M    M   7    MAX(MPH)
                                 MISC ---->  # 33 260               # 49  260
================================================================================
NOTES:
# LAST OF SEVERAL OCCURRENCES

COLUMN 17 PEAK WIND IN M.P.H.

PRELIMINARY LOCAL CLIMATOLOGICAL DATA (WS FORM: F-6) , PAGE 2

                                          STATION:  WATERTOWN NY
                                          MONTH:    JANUARY
                                          YEAR:     2018
                                          LATITUDE:   43 59 N
                                          LONGITUDE:  76  2 W

[TEMPERATURE DATA]      [PRECIPITATION DATA]       SYMBOLS USED IN COLUMN 16

AVERAGE MONTHLY: 16.0   TOTAL FOR MONTH:   1.69    1 = FOG OR MIST
DPTR FM NORMAL:  -3.7   DPTR FM NORMAL:   -0.09    2 = FOG REDUCING VISIBILITY
HIGHEST:    61 ON 12    GRTST 24HR  1.05 ON 12-12      TO 1/4 MILE OR LESS
LOWEST:    -33 ON  1                               3 = THUNDER
                        SNOW, ICE PELLETS, HAIL    4 = ICE PELLETS
                        TOTAL MONTH:    M          5 = HAIL
                        GRTST 24HR    M  ON   M    6 = FREEZING RAIN OR DRIZZLE
                        GRTST DEPTH:  M  ON   M    7 = DUSTSTORM OR SANDSTORM:
                                                       VSBY 1/2 MILE OR LESS
                                                   8 = SMOKE OR HAZE
[NO. OF DAYS WITH]      [WEATHER - DAYS WITH]      9 = BLOWING SNOW
                                                   X = TORNADO
MAX 32 OR BELOW:   9    0.01 INCH OR MORE:   9
MAX 90 OR ABOVE:   0    0.10 INCH OR MORE:   2
MIN 32 OR BELOW:  18    0.50 INCH OR MORE:   1
MIN  0 OR BELOW:   8    1.00 INCH OR MORE:   1

[HDD (BASE 65) ]
TOTAL THIS MO.   750    CLEAR  (SCALE 0-3)   3
DPTR FM NORMAL  -155    PTCLDY (SCALE 4-7)   9
TOTAL FM JUL 1  3520    CLOUDY (SCALE 8-10)  8
DPTR FM NORMAL  -181

[CDD (BASE 65) ]
TOTAL THIS MO.     0
DPTR FM NORMAL     0    [PRESSURE DATA]
TOTAL FM JAN 1     0    HIGHEST SLP M ON M
DPTR FM NORMAL     0    LOWEST  SLP 29.60 ON 12

[REMARKS]
