000
CXUS51 KBUF 231205
CF6ART
PRELIMINARY LOCAL CLIMATOLOGICAL DATA (WS FORM: F-6)

                                          STATION:   WATERTOWN NY
                                          MONTH:     OCTOBER
                                          YEAR:      2014
                                          LATITUDE:   43 59 N
                                          LONGITUDE:  76  2 W

  TEMPERATURE IN F:       :PCPN:    SNOW:  WIND      :SUNSHINE: SKY     :PK WND
================================================================================
1   2   3   4   5  6A  6B    7    8   9   10  11  12  13   14  15   16   17  18
                                     12Z  AVG MX 2MIN
DY MAX MIN AVG DEP HDD CDD  WTR  SNW DPTH SPD SPD DIR MIN PSBL S-S WX    SPD DR
================================================================================

 1  73  49  61   7   4   0 0.00    M    M  7.7 16 360   M    M   5 128    20 360
 2  75  46  61   8   4   0 0.00    M    M  3.4 12 260   M    M   2 128    14 230
 3  75  60  68  15   0   3 0.03    M    M 10.9 22 160   M    M   3        34 140
 4  65  51  58   6   7   0 0.59    M    M 11.5 21 270   M    M  10 1      31 160
 5  57  41  49  -3  16   0 0.25    M    M  9.2 21 220   M    M   9        28 220
 6  69  44  57   5   8   0 0.09    M    M  8.5 17 180   M    M   5        28 160
 7  69  56  63  12   2   0 0.23    M    M  9.2 21 210   M    M   5        29 190
 8  63  52  58   7   7   0 0.42    M    M 17.8 36 260   M    M   8        50 270
 9  58  47  53   3  12   0 0.01    M    M 14.2 30 260   M    M   6 8      42 260
10  57  34  46  -4  19   0 0.04    M    M  6.5 16 270   M    M   6        21 270
11  58  36  47  -3  18   0 0.05    M    M  2.8 16 260   M    M   7        21 270
12  60  32  46  -3  19   0 0.00    M    M  3.5 13 260   M    M   0 18     15 260
13  67  35  51   2  14   0 0.00    M    M  4.9 12 170   M    M   5        19 160
14  83  60  72  23   0   7 0.00    M    M 11.6 24 200   M    M   2        36 200
15  78  64  71  23   0   6 0.18    M    M  8.2 18 220   M    M   3        33 170
16  74  57  66  18   0   1 0.48    M    M  5.5 15 260   M    M   9 18     22 220
17  63  57  60  12   5   0 0.20    M    M  9.5 22 210   M    M  10        31 230
18  62  45  54   7  11   0 0.08    M    M 10.7 20 290   M    M   8        27 260
19  46  31  39  -8  26   0 0.00    M    M  7.5 17 310   M    M   9        22 320
20  55  31  43  -4  22   0 0.01    M    M  3.7 10 200   M    M   9        16 190
21  53  45  49   3  16   0 0.06    M    M 10.1 20  40   M    M  10 8      26  30
22  53  45  49   3  16   0 0.00    M    M 14.4 23  40   M    M   8        27  30
================================================================================
SM 1413 1018       226  17  2.72    M    191.3          M      139
================================================================================
AV 64.2 46.3                               8.7 FASTST   M    M   6    MAX(MPH)
                                 MISC ---->  # 36 260               # 50  270
================================================================================
NOTES:
# LAST OF SEVERAL OCCURRENCES

COLUMN 17 PEAK WIND IN M.P.H.

PRELIMINARY LOCAL CLIMATOLOGICAL DATA (WS FORM: F-6) , PAGE 2

                                          STATION:  WATERTOWN NY
                                          MONTH:    OCTOBER
                                          YEAR:     2014
                                          LATITUDE:   43 59 N
                                          LONGITUDE:  76  2 W

[TEMPERATURE DATA]      [PRECIPITATION DATA]       SYMBOLS USED IN COLUMN 16

AVERAGE MONTHLY: 55.2   TOTAL FOR MONTH:   2.72    1 = FOG OR MIST
DPTR FM NORMAL:   5.6   DPTR FM NORMAL:    0.08    2 = FOG REDUCING VISIBILITY
HIGHEST:    83 ON 14    GRTST 24HR  0.83 ON  4- 5      TO 1/4 MILE OR LESS
LOWEST:     31 ON 20,19                            3 = THUNDER
                        SNOW, ICE PELLETS, HAIL    4 = ICE PELLETS
                        TOTAL MONTH:    M          5 = HAIL
                        GRTST 24HR    M  ON   M    6 = FREEZING RAIN OR DRIZZLE
                        GRTST DEPTH:  M  ON   M    7 = DUSTSTORM OR SANDSTORM:
                                                       VSBY 1/2 MILE OR LESS
                                                   8 = SMOKE OR HAZE
[NO. OF DAYS WITH]      [WEATHER - DAYS WITH]      9 = BLOWING SNOW
                                                   X = TORNADO
MAX 32 OR BELOW:   0    0.01 INCH OR MORE:  15
MAX 90 OR ABOVE:   0    0.10 INCH OR MORE:   7
MIN 32 OR BELOW:   3    0.50 INCH OR MORE:   1
MIN  0 OR BELOW:   0    1.00 INCH OR MORE:   0

[HDD (BASE 65) ]
TOTAL THIS MO.   226    CLEAR  (SCALE 0-3)   5
DPTR FM NORMAL  -115    PTCLDY (SCALE 4-7)   8
TOTAL FM JUL 1   452    CLOUDY (SCALE 8-10)  9
DPTR FM NORMAL  -163

[CDD (BASE 65) ]
TOTAL THIS MO.    17
DPTR FM NORMAL    17    [PRESSURE DATA]
TOTAL FM JAN 1   433    HIGHEST SLP M ON M
DPTR FM NORMAL    74    LOWEST  SLP 29.50 ON M

[REMARKS]
