000
CXUS55 KABR 221400
CF6ATY
PRELIMINARY LOCAL CLIMATOLOGICAL DATA (WS FORM: F-6)

                                          STATION:   WATERTOWN SD
                                          MONTH:     OCTOBER
                                          YEAR:      2017
                                          LATITUDE:   44 55 N
                                          LONGITUDE:  97  9 W

  TEMPERATURE IN F:       :PCPN:    SNOW:  WIND      :SUNSHINE: SKY     :PK WND
================================================================================
1   2   3   4   5  6A  6B    7    8   9   10  11  12  13   14  15   16   17  18
                                     12Z  AVG MX 2MIN
DY MAX MIN AVG DEP HDD CDD  WTR  SNW DPTH SPD SPD DIR MIN PSBL S-S WX    SPD DR
================================================================================

 1  70  55  63  11   2   0 0.54  0.0    0 16.9 28 160   M    M   8 13     36 170
 2  60  47  54   2  11   0 0.49  0.0    0  6.1 16 290   M    M   6 1      21 280
 3  59  44  52   1  13   0 0.40  0.0    0 10.9 20 320   M    M   5 1      25 330
 4  58  37  48  -3  17   0 0.00  0.0    0  8.0 16 230   M    M   2        24 210
 5  64  44  54   4  11   0    T  0.0    0  4.1 14 150   M    M   7        17 150
 6  58  40  49  -1  16   0 0.01  0.0    0  3.8 14  50   M    M   5 12     17  40
 7  71  39  55   6  10   0 0.00  0.0    0  6.7 21 260   M    M   4 12     26 260
 8  61  44  53   4  12   0 0.00  0.0    0 10.5 21 320   M    M   2 18     29 320
 9  50  31  41  -7  24   0 0.00  0.0    0  9.4 21 350   M    M   4        23 350
10  55  24  40  -8  25   0 0.00  0.0    0  3.0  9  80   M    M   0 8      13 120
11  58  28  43  -5  22   0 0.00  0.0    0 13.0 23 170   M    M   0        28 170
12  67  42  55   8  10   0 0.00  0.0    0 16.1 26 170   M    M   0        35 170
13  55  39  47   0  18   0 0.00  0.0    0  6.2 16 330   M    M   2        19 320
14  53  40  47   1  18   0 0.72  0.0    0 11.5 28  10   M    M   6 13     34  10
15  54  29  42  -4  23   0 0.00  0.0    0 10.4 23 270   M    M   2 12     28 250
16  67  29  48   2  17   0 0.00  0.0    0  8.9 22 210   M    M   0        27 200
17  73  34  54   9  11   0 0.00  0.0    0  6.8 18 220   M    M   0        24 230
18  63  37  50   5  15   0 0.00  0.0    0 10.0 26 340   M    M   0        32 330
19  72  36  54  10  11   0 0.00  0.0    0 11.6 25 200   M    M   0        34 200
20  73  50  62  18   3   0 0.00  0.0    0 19.3 31 170   M    M   0        41 170
21  65  41  53  10  12   0    T  0.0    0 13.9 26 280   M    M   5        35 290
================================================================================
SM 1306  810       301   0  2.16     0.0 207.1          M       58
================================================================================
AV 62.2 38.6                               9.9 FASTST   M    M   3    MAX(MPH)
                                 MISC ---->  # 31 170               # 41  170
================================================================================
NOTES:
# LAST OF SEVERAL OCCURRENCES

COLUMN 17 PEAK WIND IN M.P.H.

PRELIMINARY LOCAL CLIMATOLOGICAL DATA (WS FORM: F-6) , PAGE 2

                                          STATION:  WATERTOWN SD
                                          MONTH:    OCTOBER
                                          YEAR:     2017
                                          LATITUDE:   44 55 N
                                          LONGITUDE:  97  9 W

[TEMPERATURE DATA]      [PRECIPITATION DATA]       SYMBOLS USED IN COLUMN 16

AVERAGE MONTHLY: 50.4   TOTAL FOR MONTH:   2.16    1 = FOG OR MIST
DPTR FM NORMAL:   2.7   DPTR FM NORMAL:    0.73    2 = FOG REDUCING VISIBILITY
HIGHEST:    73 ON 20,17 GRTST 24HR  0.72 ON 14-14      TO 1/4 MILE OR LESS
LOWEST:     24 ON 10                               3 = THUNDER
                        SNOW, ICE PELLETS, HAIL    4 = ICE PELLETS
                        TOTAL MONTH:   0.0 INCH    5 = HAIL
                        GRTST 24HR     0.0         6 = FREEZING RAIN OR DRIZZLE
                        GRTST DEPTH:   0           7 = DUSTSTORM OR SANDSTORM:
                                                       VSBY 1/2 MILE OR LESS
                                                   8 = SMOKE OR HAZE
[NO. OF DAYS WITH]      [WEATHER - DAYS WITH]      9 = BLOWING SNOW
                                                   X = TORNADO
MAX 32 OR BELOW:   0    0.01 INCH OR MORE:   5
MAX 90 OR ABOVE:   0    0.10 INCH OR MORE:   4
MIN 32 OR BELOW:   5    0.50 INCH OR MORE:   2
MIN  0 OR BELOW:   0    1.00 INCH OR MORE:   0

[HDD (BASE 65) ]
TOTAL THIS MO.   301    CLEAR  (SCALE 0-3)  12
DPTR FM NORMAL   -66    PTCLDY (SCALE 4-7)   9
TOTAL FM JUL 1   480    CLOUDY (SCALE 8-10)  0
DPTR FM NORMAL  -163

[CDD (BASE 65) ]
TOTAL THIS MO.     0
DPTR FM NORMAL     0    [PRESSURE DATA]
TOTAL FM JAN 1   440    HIGHEST SLP M ON M
DPTR FM NORMAL   -73    LOWEST  SLP 29.34 ON 21

[REMARKS]
