000
CXUS55 KLBF 181200
CF6BBW
PRELIMINARY LOCAL CLIMATOLOGICAL DATA (WS FORM: F-6)

                                          STATION:   BROKEN BOW
                                          MONTH:     OCTOBER
                                          YEAR:      2017
                                          LATITUDE:   41 26 N
                                          LONGITUDE:  99 39 W

  TEMPERATURE IN F:       :PCPN:    SNOW:  WIND      :SUNSHINE: SKY     :PK WND
================================================================================
1   2   3   4   5  6A  6B    7    8   9   10  11  12  13   14  15   16   17  18
                                     12Z  AVG MX 2MIN
DY MAX MIN AVG DEP HDD CDD  WTR  SNW DPTH SPD SPD DIR MIN PSBL S-S WX    SPD DR
================================================================================

 1  78  54  66  11   0   1 1.54    M    M 12.8 31 300   M    M   6 13     38 290
 2  64  47  56   1   9   0 1.36    M    M  9.5 31  40   M    M   7 13     37  40
 3  65  46  56   2   9   0 0.02    M    M  9.3 23 350   M    M   4        30 350
 4  62  44  53  -1  12   0 0.00    M    M  8.1 16 150   M    M   7        19 150
 5  69  56  63   9   2   0    T    M    M  6.7 14  30   M    M  10 1      19  30
 6  60  52  56   3   9   0 1.85    M    M 10.5 25  30   M    M  10 13     35  40
 7  74  50  62   9   3   0 0.04    M    M  9.1 17 290   M    M   3        24 290
 8  66  48  57   5   8   0 0.00    M    M 13.9 26  10   M    M   2        35  10
 9  51  40  46  -6  19   0 0.21    M    M 14.9 31  10   M    M  10 1      39  20
10  57  30  44  -8  21   0 0.00    M    M  3.6 12 360   M    M   3        15 350
11  66  28  47  -4  18   0 0.00    M    M  9.3 22 170   M    M   0        28 190
12  70  39  55   4  10   0 0.00    M    M  9.7 22  10   M    M   0        29  10
13  64  46  55   5  10   0 0.00    M    M  8.8 21  40   M    M   2        30  30
14  60  41  51   1  14   0    T    M    M 13.1 33 340   M    M   8 1      42 330
15  64  32  48  -2  17   0 0.00    M    M  8.3 24 310   M    M   0        32 300
16  76  30  53   4  12   0 0.00    M    M  4.8 23 200   M    M   0        30 230
17  77  36  57   8   8   0 0.00    M    M  4.1 14 170   M    M   0        17 190
================================================================================
SM 1123  719       181   1  5.02    M    156.5          M       72
================================================================================
AV 66.1 42.3                               9.2 FASTST   M    M   4    MAX(MPH)
                                 MISC ---->  # 33 340               # 42  330
================================================================================
NOTES:
# LAST OF SEVERAL OCCURRENCES

COLUMN 17 PEAK WIND IN M.P.H.

PRELIMINARY LOCAL CLIMATOLOGICAL DATA (WS FORM: F-6) , PAGE 2

                                          STATION:  BROKEN BOW
                                          MONTH:    OCTOBER
                                          YEAR:     2017
                                          LATITUDE:   41 26 N
                                          LONGITUDE:  99 39 W

[TEMPERATURE DATA]      [PRECIPITATION DATA]       SYMBOLS USED IN COLUMN 16

AVERAGE MONTHLY: 54.2   TOTAL FOR MONTH:   5.02    1 = FOG OR MIST
DPTR FM NORMAL:   2.2   DPTR FM NORMAL:    3.89    2 = FOG REDUCING VISIBILITY
HIGHEST:    78 ON  1    GRTST 24HR  1.85 ON  6- 6      TO 1/4 MILE OR LESS
LOWEST:     28 ON 11                               3 = THUNDER
                        SNOW, ICE PELLETS, HAIL    4 = ICE PELLETS
                        TOTAL MONTH:    M          5 = HAIL
                        GRTST 24HR    M  ON   M    6 = FREEZING RAIN OR DRIZZLE
                        GRTST DEPTH:  M  ON   M    7 = DUSTSTORM OR SANDSTORM:
                                                       VSBY 1/2 MILE OR LESS
                                                   8 = SMOKE OR HAZE
[NO. OF DAYS WITH]      [WEATHER - DAYS WITH]      9 = BLOWING SNOW
                                                   X = TORNADO
MAX 32 OR BELOW:   0    0.01 INCH OR MORE:   6
MAX 90 OR ABOVE:   0    0.10 INCH OR MORE:   4
MIN 32 OR BELOW:   4    0.50 INCH OR MORE:   3
MIN  0 OR BELOW:   0    1.00 INCH OR MORE:   3

[HDD (BASE 65) ]
TOTAL THIS MO.   181    CLEAR  (SCALE 0-3)   9
DPTR FM NORMAL   -44    PTCLDY (SCALE 4-7)   5
TOTAL FM JUL 1   283    CLOUDY (SCALE 8-10)  3
DPTR FM NORMAL  -110

[CDD (BASE 65) ]
TOTAL THIS MO.     1
DPTR FM NORMAL    -1    [PRESSURE DATA]
TOTAL FM JAN 1   919    HIGHEST SLP M ON M
DPTR FM NORMAL   155    LOWEST  SLP 29.48 ON  1

[REMARKS]
