000
CXUS51 KOKX 280703
CF6BDR
PRELIMINARY LOCAL CLIMATOLOGICAL DATA (WS FORM: F-6)

                                          STATION:   BRIDGEPORT CT
                                          MONTH:     MARCH
                                          YEAR:      2015
                                          LATITUDE:   41 10 N
                                          LONGITUDE:  73  8 W

  TEMPERATURE IN F:       :PCPN:    SNOW:  WIND      :SUNSHINE: SKY     :PK WND
================================================================================
1   2   3   4   5  6A  6B    7    8   9   10  11  12  13   14  15   16   17  18
                                     12Z  AVG MX 2MIN
DY MAX MIN AVG DEP HDD CDD  WTR  SNW DPTH SPD SPD DIR MIN PSBL S-S WX    SPD DR
================================================================================

 1  27  12  20 -15  45   0 0.81  6.2   11  2.6  8 270   M    M   7 12     10 270
 2  37  24  31  -4  34   0 0.02    T   18 11.6 26 290   M    M   4 18     35 290
 3  33  10  22 -14  43   0 0.75  1.2   16  5.1 12 150   M    M   4 168    16 150
 4  39  33  36   0  29   0 0.26  0.0   17  6.7 14 230   M    M   8 1      17 230
 5  38  19  29  -7  36   0 0.42  4.0   16  8.7 20 330   M    M   9 1      25 330
 6  24   9  17 -19  48   0 0.00  0.0   18 10.1 22 340   M    M   0        28 340
 7  33  15  24 -13  41   0 0.00  0.0   16  9.5 21 230   M    M   3        26 220
 8  46  24  35  -2  30   0 0.00  0.0   15  6.6 26 320   M    M   5        35 310
 9  51  21  36  -1  29   0 0.00  0.0   14  5.1 17 300   M    M   1        24 290
10  41  26  34  -3  31   0 0.24  0.0   12  5.1 10  80   M    M   4 1      13 100
11  56  35  46   8  19   0 0.02  0.0    9  5.8 18 290   M    M   4 128    25 290
12  42  31  37  -1  28   0 0.00  0.0    7 12.4 30 330   M    M   0        42 330
13  35  27  31  -7  34   0 0.00  0.0    6  5.2 12 190   M    M   1        15 330
14  46  37  42   4  23   0 0.92    T    5  3.7  9  60   M    M  10 12      M  M
15  47  36  42   3  23   0    T  0.0    4 14.0 31 330   M    M   8 128    40 330
16  43  31  37  -2  28   0 0.00  0.0    2  8.2 20 330   M    M   1        24 340
17  55  33  44   5  21   0 0.12  0.0    1 11.5 33 300   M    M   6 1      44 290
18  38  26  32  -8  33   0    T    T    0 16.6 29 310   M    M   5        40 300
19  40  23  32  -8  33   0 0.00  0.0    T  7.9 24 300   M    M   0        32 310
20  33  27  30 -10  35   0 0.30  5.3    T  9.4 15  60   M    M   7 1      18  70
21  41  29  35  -6  30   0 0.10  0.6    5  7.0 14 230   M    M   7 1      20 230
22  40  24  32  -9  33   0 0.00  0.0    1 15.0 25 310   M    M   1        36 320
23  38  20  29 -12  36   0 0.00  0.0    T  8.9 20 330   M    M   0        28 310
24  36  24  30 -12  35   0 0.00  0.0    T  5.6 13 340   M    M   0        16  10
25  43  24  34  -8  31   0 0.07  0.0    T  4.8 16 190   M    M   4 1      20 180
26  54  37  46   4  19   0 0.30  0.0    0  4.7 17 350   M    M   9 12     22 360
27  47  39  43   0  22   0 0.23  0.0    0  7.9 15 320   M    M   8        20 330
================================================================================
SM 1103  696       849   0  4.56    17.3 219.7          M      116
================================================================================
AV 40.9 25.8                               8.1 FASTST   M    M   4    MAX(MPH)
                                 MISC ---->  # 33 300               # 44  290
================================================================================
NOTES:
# LAST OF SEVERAL OCCURRENCES

COLUMN 17 PEAK WIND IN M.P.H.

PRELIMINARY LOCAL CLIMATOLOGICAL DATA (WS FORM: F-6) , PAGE 2

                                          STATION:  BRIDGEPORT CT
                                          MONTH:    MARCH
                                          YEAR:     2015
                                          LATITUDE:   41 10 N
                                          LONGITUDE:  73  8 W

[TEMPERATURE DATA]      [PRECIPITATION DATA]       SYMBOLS USED IN COLUMN 16

AVERAGE MONTHLY: 33.3   TOTAL FOR MONTH:   4.56    1 = FOG OR MIST
DPTR FM NORMAL:  -5.3   DPTR FM NORMAL:    1.05    2 = FOG REDUCING VISIBILITY
HIGHEST:    56 ON 11    GRTST 24HR  0.92 ON 14-14      TO 1/4 MILE OR LESS
LOWEST:      9 ON  6                               3 = THUNDER
                        SNOW, ICE PELLETS, HAIL    4 = ICE PELLETS
                        TOTAL MONTH:  17.3 INCHES  5 = HAIL
                        GRTST 24HR   6.2 ON   M    6 = FREEZING RAIN OR DRIZZLE
                        GRTST DEPTH:  18 ON  6, 2  7 = DUSTSTORM OR SANDSTORM:
                                                       VSBY 1/2 MILE OR LESS
                                                   8 = SMOKE OR HAZE
[NO. OF DAYS WITH]      [WEATHER - DAYS WITH]      9 = BLOWING SNOW
                                                   X = TORNADO
MAX 32 OR BELOW:   2    0.01 INCH OR MORE:  14
MAX 90 OR ABOVE:   0    0.10 INCH OR MORE:  11
MIN 32 OR BELOW:  20    0.50 INCH OR MORE:   3
MIN  0 OR BELOW:   0    1.00 INCH OR MORE:   0

[HDD (BASE 65) ]
TOTAL THIS MO.   849    CLEAR  (SCALE 0-3)  10
DPTR FM NORMAL   138    PTCLDY (SCALE 4-7)  13
TOTAL FM JUL 1  4955    CLOUDY (SCALE 8-10)  4
DPTR FM NORMAL   357

[CDD (BASE 65) ]
TOTAL THIS MO.     0
DPTR FM NORMAL     0    [PRESSURE DATA]
TOTAL FM JAN 1     0    HIGHEST SLP M ON M
DPTR FM NORMAL     0    LOWEST  SLP 29.55 ON 17

[REMARKS]
