000
CXUS55 KBOU 260948
CF6BDU
PRELIMINARY LOCAL CLIMATOLOGICAL DATA (WS FORM: F-6)

                                          STATION:   Boulder Airport
                                          MONTH:     MAY
                                          YEAR:      2016
                                          LATITUDE:   40  2 N
                                          LONGITUDE: 105 14 W

  TEMPERATURE IN F:       :PCPN:    SNOW:  WIND      :SUNSHINE: SKY     :PK WND
================================================================================
1   2   3   4   5  6A  6B    7    8   9   10  11  12  13   14  15   16   17  18
                                     12Z  AVG MX 2MIN
DY MAX MIN AVG DEP HDD CDD  WTR  SNW DPTH SPD SPD DIR MIN PSBL S-S WX    SPD DR
================================================================================

 1  43  32  38   M  27   0    M    M    M  3.2  8 340   M    M  10         M  M
 2  61  30  46   M  19   0    M    M    M  2.6  7 230   M    M   0         M  M
 3  66  39  53   M  12   0    M    M    M  5.1 15 360   M    M   0        18 360
 4  73  45  59   M   6   0    M    M    M  3.1  7  50   M    M   0         M  M
 5  81  45  63   M   2   0    M    M    M  3.1  8  60   M    M   0         M  M
 6  77  52  65   M   0   0    M    M    M  4.1 15 280   M    M   2 3      25  90
 7  55  41  48   M  17   0    M    M    M  7.8 17 350   M    M   6 3      25  10
 8  57  37  47   M  18   0    M    M    M  3.6 10 210   M    M   6 3      21 210
 9  66  41  54   M  11   0    M    M    M  5.8 23 270   M    M   4        33 270
10  68  48  58   M   7   0    M    M    M  5.8 24 260   M    M   7        33 260
11  61  41  51   M  14   0    M    M    M  4.2  9  60   M    M   5         M  M
12  72  39  56   M   9   0    M    M    M  3.2 10 230   M    M   0         M  M
13  70  48  59   M   6   0    M    M    M  7.1 20 270   M    M   4        30 270
14  48  39  44   M  21   0    M    M    M  5.6  8  20   M    M  10 1       M  M
15  52  39  46   M  19   0    M    M    M  3.9 14 360   M    M   8 13      M  M
16  46  37  42   M  23   0    M    M    M  4.9 10  10   M    M  10 13      M  M
17  46  37  42   M  23   0    M    M    M  1.2  6  70   M    M  10 13      M  M
18  64  43  54   M  11   0    M    M    M  2.5  7  30   M    M   4 13      M  M
19  75  43  59   M   6   0    M    M    M  3.1  9 130   M    M   2         M  M
20  77  48  63   M   2   0    M    M    M  4.6  9 320   M    M   1         M  M
21  77  50  64   M   1   0    M    M    M  3.1  8 340   M    M   0         M  M
22  70  50  60   M   5   0    M    M    M  5.4 12  10   M    M   1         M  M
23  64  45  55   M  10   0    M    M    M  4.5 13 140   M    M   2        27 140
24  72  45  59   M   6   0    M    M    M  3.5  8  70   M    M   2 3       M  M
25  72  46  59   M   6   0    M    M    M  4.5 10 130   M    M   1         M  M
================================================================================
SM 1613 1060       281   0    M     M    105.5          M       95
================================================================================
AV 64.5 42.4                               4.2 FASTST   M    M   4    MAX(MPH)
                                 MISC ---->    24   M                 33    M
================================================================================
NOTES:
# LAST OF SEVERAL OCCURRENCES

COLUMN 17 PEAK WIND IN M.P.H.

PRELIMINARY LOCAL CLIMATOLOGICAL DATA (WS FORM: F-6) , PAGE 2

                                          STATION:  Boulder Airport
                                          MONTH:    MAY
                                          YEAR:     2016
                                          LATITUDE:   40  2 N
                                          LONGITUDE: 105 14 W

[TEMPERATURE DATA]      [PRECIPITATION DATA]       SYMBOLS USED IN COLUMN 16

AVERAGE MONTHLY: 53.5   TOTAL FOR MONTH:      M    1 = FOG OR MIST
DPTR FM NORMAL:     M   DPTR FM NORMAL:       M    2 = FOG REDUCING VISIBILITY
HIGHEST:    81 ON  5    GRTST 24HR    M  ON   M        TO 1/4 MILE OR LESS
LOWEST:     30 ON  2                               3 = THUNDER
                        SNOW, ICE PELLETS, HAIL    4 = ICE PELLETS
                        TOTAL MONTH:    M          5 = HAIL
                        GRTST 24HR    M  ON   M    6 = FREEZING RAIN OR DRIZZLE
                        GRTST DEPTH:  M  ON   M    7 = DUSTSTORM OR SANDSTORM:
                                                       VSBY 1/2 MILE OR LESS
                                                   8 = SMOKE OR HAZE
[NO. OF DAYS WITH]      [WEATHER - DAYS WITH]      9 = BLOWING SNOW
                                                   X = TORNADO
MAX 32 OR BELOW:   0    0.01 INCH OR MORE:   0
MAX 90 OR ABOVE:   0    0.10 INCH OR MORE:   0
MIN 32 OR BELOW:   2    0.50 INCH OR MORE:   0
MIN  0 OR BELOW:   0    1.00 INCH OR MORE:   0

[HDD (BASE 65) ]
TOTAL THIS MO.   281    CLEAR  (SCALE 0-3)  13
DPTR FM NORMAL     M    PTCLDY (SCALE 4-7)   7
TOTAL FM JUL 1  5093    CLOUDY (SCALE 8-10)  5
DPTR FM NORMAL     M

[CDD (BASE 65) ]
TOTAL THIS MO.     0
DPTR FM NORMAL     M    [PRESSURE DATA]
TOTAL FM JAN 1     0    HIGHEST SLP M ON M
DPTR FM NORMAL     M    LOWEST  SLP M ON M

[REMARKS]
