000
CXUS55 KCYS 301000
CF6BFF
PRELIMINARY LOCAL CLIMATOLOGICAL DATA (WS FORM: F-6)

                                          STATION:   SCOTTSBLUFF NE AIRPORT
                                          MONTH:     JUNE
                                          YEAR:      2015
                                          LATITUDE:   41 52 N
                                          LONGITUDE: 103 36 W

  TEMPERATURE IN F:       :PCPN:    SNOW:  WIND      :SUNSHINE: SKY     :PK WND
================================================================================
1   2   3   4   5  6A  6B    7    8   9   10  11  12  13   14  15   16   17  18
                                     12Z  AVG MX 2MIN
DY MAX MIN AVG DEP HDD CDD  WTR  SNW DPTH SPD SPD DIR MIN PSBL S-S WX    SPD DR
================================================================================

 1  87  56  72  10   0   7 0.03  0.0    0  9.5 20  60   M    M   3 123    26 290
 2  88  57  73  10   0   8 0.02  0.0    0  8.4 31  20   M    M   1 38     41  20
 3  79  52  66   3   0   1    T  0.0    0 11.2 22  90   M    M   3        26 100
 4  72  61  67   4   0   2 0.00  0.0    0 11.2 24  90   M    M   5        31  90
 5  78  62  70   6   0   5 0.01  0.0    0 13.1 23 130   M    M   7 1      32 140
 6  86  58  72   8   0   7 0.02  0.0    0  6.9 16  10   M    M   2 1      20 320
 7  78  56  67   3   0   2 0.73  0.0    0  6.1 23 330   M    M   3 13     30 320
 8  85  53  69   4   0   4 0.00  0.0    0  6.0 12 300   M    M   0        14 310
 9  93  54  74   9   0   9 0.00  0.0    0  4.5 12 170   M    M   0        16 210
10  77  58  68   3   0   3 0.10  0.0    0  7.8 18 190   M    M   6 13     25 180
11  68  56  62  -4   3   0 0.09  0.0    0  8.1 15  40   M    M   8 1      18  30
12  75  57  66   0   0   1    T  0.0    0  8.3 15 140   M    M   4 1      18 150
13  87  54  71   5   0   6 0.00  0.0    0  7.5 16 120   M    M   1 12     21 120
14  82  62  72   5   0   7 0.09  0.0    0 10.4 23 100   M    M   2 3      27 100
15  75  60  68   1   0   3 0.20  0.0    0 11.4 21 130   M    M   7 1      25 130
16  82  57  70   3   0   5 0.56  0.0    0  9.2 22 150   M    M   3 13     43 270
17  81  53  67  -1   0   2 0.14  0.0    0  7.4 18  80   M    M   1 38     21  80
18  81  59  70   2   0   5 0.00  0.0    0 10.2 23 120   M    M   3        32 140
19  93  62  78  10   0  13 0.00  0.0    0  9.6 23 220   M    M   3        32 230
20  87  60  74   5   0   9 0.00  0.0    0  9.1 18 120   M    M   0        23 130
21  89  63  76   7   0  11 0.00  0.0    0 11.4 26 100   M    M   1        33  90
22  82  58  70   1   0   5 0.00  0.0    0 10.0 24 310   M    M   0        31 310
23  86  57  72   2   0   7 0.00  0.0    0 14.4 25 120   M    M   0        32 120
24  84  59  72   2   0   7    T  0.0    0  6.5 18  50   M    M   4        23  50
25  87  60  74   4   0   9 0.25  0.0    0  8.4 24  80   M    M   4 13     31  50
26  82  57  70  -1   0   5 0.00  0.0    0  5.9 13 150   M    M   3        17 360
27  91  57  74   3   0   9 0.00  0.0    0  4.6 13 130   M    M   0        16 140
28  91  55  73   2   0   8 0.00  0.0    0  4.9 12 120   M    M   0        15 180
29  93  60  77   5   0  12 0.00  0.0    0  4.7 16  80   M    M   1        22  10
================================================================================
SM 2419 1673         3 172  2.24     0.0 246.7          M       75
================================================================================
AV 83.4 57.7                               8.5 FASTST   M    M   3    MAX(MPH)
                                 MISC ---->  # 31  20                 43    M
================================================================================
NOTES:
# LAST OF SEVERAL OCCURRENCES

COLUMN 17 PEAK WIND IN M.P.H.

PRELIMINARY LOCAL CLIMATOLOGICAL DATA (WS FORM: F-6) , PAGE 2

                                          STATION:  SCOTTSBLUFF NE AIRPORT
                                          MONTH:    JUNE
                                          YEAR:     2015
                                          LATITUDE:   41 52 N
                                          LONGITUDE: 103 36 W

[TEMPERATURE DATA]      [PRECIPITATION DATA]       SYMBOLS USED IN COLUMN 16

AVERAGE MONTHLY: 70.6   TOTAL FOR MONTH:   2.24    1 = FOG OR MIST
DPTR FM NORMAL:   3.6   DPTR FM NORMAL:   -0.54    2 = FOG REDUCING VISIBILITY
HIGHEST:    93 ON 29,19 GRTST 24HR  0.75 ON  6- 7      TO 1/4 MILE OR LESS
LOWEST:     52 ON  3                               3 = THUNDER
                        SNOW, ICE PELLETS, HAIL    4 = ICE PELLETS
                        TOTAL MONTH:   0.0 INCH    5 = HAIL
                        GRTST 24HR     0.0         6 = FREEZING RAIN OR DRIZZLE
                        GRTST DEPTH:   0           7 = DUSTSTORM OR SANDSTORM:
                                                       VSBY 1/2 MILE OR LESS
                                                   8 = SMOKE OR HAZE
[NO. OF DAYS WITH]      [WEATHER - DAYS WITH]      9 = BLOWING SNOW
                                                   X = TORNADO
MAX 32 OR BELOW:   0    0.01 INCH OR MORE:  12
MAX 90 OR ABOVE:   5    0.10 INCH OR MORE:   6
MIN 32 OR BELOW:   0    0.50 INCH OR MORE:   2
MIN  0 OR BELOW:   0    1.00 INCH OR MORE:   0

[HDD (BASE 65) ]
TOTAL THIS MO.     3    CLEAR  (SCALE 0-3)  19
DPTR FM NORMAL   -56    PTCLDY (SCALE 4-7)  10
TOTAL FM JUL 1  6159    CLOUDY (SCALE 8-10)  0
DPTR FM NORMAL  -455

[CDD (BASE 65) ]
TOTAL THIS MO.   172
DPTR FM NORMAL    53    [PRESSURE DATA]
TOTAL FM JAN 1   172    HIGHEST SLP  0.00 ON 16
DPTR FM NORMAL    30    LOWEST  SLP  0.00 ON 16

[REMARKS]
