000
CXUS56 KHNX 241146
CF6BFL
PRELIMINARY LOCAL CLIMATOLOGICAL DATA (WS FORM: F-6)

                                          STATION:   BAKERSFIELD CA
                                          MONTH:     FEBRUARY
                                          YEAR:      2017
                                          LATITUDE:   35 25 N
                                          LONGITUDE: 119  3 W

  TEMPERATURE IN F:       :PCPN:    SNOW:  WIND      :SUNSHINE: SKY     :PK WND
================================================================================
1   2   3   4   5  6A  6B    7    8   9   10  11  12  13   14  15   16   17  18
                                     12Z  AVG MX 2MIN
DY MAX MIN AVG DEP HDD CDD  WTR  SNW DPTH SPD SPD DIR MIN PSBL S-S WX    SPD DR
================================================================================

 1  73  42  58   8   7   0 0.00  0.0    0  5.2 14 360   M    M   0 8      16 320
 2  68  50  59   9   6   0    T  0.0    0  4.1 20 340   M    M   5        24 340
 3  72  54  63  13   2   0 0.09  0.0    0  6.8 18 330   M    M   8 8      22 330
 4  66  48  57   7   8   0 0.00  0.0    0  5.4 12  30   M    M   2        15  30
 5  61  46  54   4  11   0 0.05  0.0    0  4.3 12  40   M    M   1 8      15  80
 6  66  54  60   9   5   0 0.15  0.0    0  6.8 12  40   M    M   7        14  40
 7  72  54  63  12   2   0 0.06  0.0    0  3.2  8  10   M    M   6 1      10  20
 8  74  55  65  14   0   0 0.00  0.0    0  2.0  7  70   M    M   2 12      9  80
 9  74  56  65  14   0   0 0.00  0.0    0  6.1 20 320   M    M   0        22 310
10  62  56  59   7   6   0 0.38  0.0    0  5.2 14 330   M    M  10 1      17 330
11  58  47  53   1  12   0 0.07  0.0    0  8.7 20 350   M    M   9 1      23 340
12  64  44  54   2  11   0 0.00  0.0    0  2.2  9 340   M    M   1 18      9 340
13  67  43  55   3  10   0 0.00  0.0    0  2.2  9  10   M    M   0 18     11  10
14  67  50  59   7   6   0 0.00  0.0    0  1.9  7 160   M    M   4 128     9 330
15  75  47  61   8   4   0 0.00  0.0    0  4.0 12  40   M    M   0 18     15  50
16  64  47  56   3   9   0 0.15  0.0    0  5.8 21 350   M    M   4 8      25 350
17  65  54  60   7   5   0 0.23  0.0    0 16.9 38 150   M    M   9 1      51 140
18  65  49  57   4   8   0    T  0.0    0  7.1 17 320   M    M   7        21 330
19  62  50  56   2   9   0 0.24  0.0    0  4.3 15 320   M    M   8 1      18 320
20  73  53  63   9   2   0 0.04  0.0    0  6.3 17 340   M    M   7 18     21 340
21  72  53  63   9   2   0 0.00  0.0    0  7.7 23 340   M    M   7        28 340
22  59  42  51  -3  14   0 0.00  0.0    0  9.8 18 320   M    M   7        22 320
23  53  37  45  -9  20   0 0.00  0.0    0  5.7 13 320   M    M   5        15 330
================================================================================
SM 1532 1131       159   0  1.46     0.0 131.7          M      109
================================================================================
AV 66.6 49.2                               5.7 FASTST   M    M   5    MAX(MPH)
                                 MISC ---->  # 38 150               # 51  140
================================================================================
NOTES:
# LAST OF SEVERAL OCCURRENCES

COLUMN 17 PEAK WIND IN M.P.H.

PRELIMINARY LOCAL CLIMATOLOGICAL DATA (WS FORM: F-6) , PAGE 2

                                          STATION:  BAKERSFIELD CA
                                          MONTH:    FEBRUARY
                                          YEAR:     2017
                                          LATITUDE:   35 25 N
                                          LONGITUDE: 119  3 W

[TEMPERATURE DATA]      [PRECIPITATION DATA]       SYMBOLS USED IN COLUMN 16

AVERAGE MONTHLY: 57.9   TOTAL FOR MONTH:   1.46    1 = FOG OR MIST
DPTR FM NORMAL:   5.9   DPTR FM NORMAL:    0.44    2 = FOG REDUCING VISIBILITY
HIGHEST:    75 ON 15    GRTST 24HR  0.44 ON 10-11      TO 1/4 MILE OR LESS
LOWEST:     37 ON 23                               3 = THUNDER
                        SNOW, ICE PELLETS, HAIL    4 = ICE PELLETS
                        TOTAL MONTH:   0.0 INCH    5 = HAIL
                        GRTST 24HR     0.0         6 = FREEZING RAIN OR DRIZZLE
                        GRTST DEPTH:   0           7 = DUSTSTORM OR SANDSTORM:
                                                       VSBY 1/2 MILE OR LESS
                                                   8 = SMOKE OR HAZE
[NO. OF DAYS WITH]      [WEATHER - DAYS WITH]      9 = BLOWING SNOW
                                                   X = TORNADO
MAX 32 OR BELOW:   0    0.01 INCH OR MORE:  10
MAX 90 OR ABOVE:   0    0.10 INCH OR MORE:   5
MIN 32 OR BELOW:   0    0.50 INCH OR MORE:   0
MIN  0 OR BELOW:   0    1.00 INCH OR MORE:   0

[HDD (BASE 65) ]
TOTAL THIS MO.   159    CLEAR  (SCALE 0-3)   8
DPTR FM NORMAL  -139    PTCLDY (SCALE 4-7)  12
TOTAL FM JUL 1  1279    CLOUDY (SCALE 8-10)  3
DPTR FM NORMAL  -445

[CDD (BASE 65) ]
TOTAL THIS MO.     0
DPTR FM NORMAL     0    [PRESSURE DATA]
TOTAL FM JAN 1     2    HIGHEST SLP M ON M
DPTR FM NORMAL     2    LOWEST  SLP 29.28 ON 17

[REMARKS]
