000
CXUS51 KBGM 270800
CF6BGM
PRELIMINARY LOCAL CLIMATOLOGICAL DATA (WS FORM: F-6)

                                          STATION:   BINGHAMTON NY
                                          MONTH:     MARCH
                                          YEAR:      2015
                                          LATITUDE:   42 13 N
                                          LONGITUDE:  75 59 W

  TEMPERATURE IN F:       :PCPN:    SNOW:  WIND      :SUNSHINE: SKY     :PK WND
================================================================================
1   2   3   4   5  6A  6B    7    8   9   10  11  12  13   14  15   16   17  18
                                     12Z  AVG MX 2MIN
DY MAX MIN AVG DEP HDD CDD  WTR  SNW DPTH SPD SPD DIR MIN PSBL S-S WX    SPD DR
================================================================================

 1  22   9  16 -12  49   0 0.37  3.4   17  7.3 14 180   M    M   9 1      20 200
 2  26  15  21  -7  44   0 0.01  0.3   19 12.1 25 300   M    M   8 189    37 280
 3  28   9  19  -9  46   0 0.34  2.2   18  9.4 22 170   M    M   7 128    32 170
 4  38  27  33   4  32   0 0.00  0.0   21  7.6 15 280   M    M   9 12     20 280
 5  29   4  17 -12  48   0    T    T   20 10.6 23 350   M    M   7 18     33 340
 6  21  -3   9 -20  56   0 0.00  0.0   20  5.8 13 260   M    M   0        16 260
 7  29  12  21  -9  44   0 0.03  0.7   20  8.1 18 250   M    M   8 18     23 260
 8  37  27  32   2  33   0 0.01  0.2   21  8.2 26 280   M    M   7 18     36 320
 9  43  27  35   5  30   0 0.00  0.0   20  7.1 16 240   M    M   1        19 240
10  47  26  37   6  28   0 0.11  0.0   19  6.2 16 180   M    M   5 12     24 200
11  49  34  42  11  23   0 0.00  0.0   17  9.9 20 320   M    M   4 12     27 290
12  35  20  28  -3  37   0 0.00  0.0   14 12.6 25 340   M    M   1        35 350
13  42  19  31  -1  34   0 0.00  0.0   12  7.8 17 160   M    M   1        23 190
14  39  32  36   4  29   0 0.09  0.0   11  8.1 22 280   M    M  10 12     31 280
15  34  29  32   0  33   0 0.02  0.4   10 13.8 24 330   M    M  10 169    36 290
16  45  25  35   2  30   0 0.00  0.0    9  5.5 13 250   M    M   3 1      16 250
17  44  22  33   0  32   0 0.06  0.1    7 13.1 29 340   M    M   9 128    41 350
18  27  18  23 -10  42   0 0.11  2.9    7 12.5 24 340   M    M   8 12     34 340
19  30  15  23 -11  42   0 0.00  0.0    8  7.1 15 340   M    M   1        21 350
20  28  21  25  -9  40   0 0.07  1.2    6  7.5 14 190   M    M   8 18     19 180
21  38  25  32  -2  33   0 0.10  0.6    7  8.5 22 340   M    M   9 1      29 340
22  26  13  20 -15  45   0 0.02  0.7    7 11.5 22 330   M    M   5 12     30 320
23  22  13  18 -17  47   0 0.01  0.6    7  9.4 20 340   M    M   2 19     27 320
24  34  10  22 -14  43   0 0.00  0.0    7  4.3  9  10   M    M   0        14  10
25  40  19  30  -6  35   0 0.10  0.0    7 10.0 21 180   M    M   5 1      28 180
26  38  32  35  -1  30   0 0.39    T    5  7.0 17 290   M    M   7 123    25 330
================================================================================
SM  891  500       985   0  1.84    13.3 231.0          M      144
================================================================================
AV 34.3 19.2                               8.9 FASTST   M    M   6    MAX(MPH)
                                 MISC ---->  # 29 340               # 41  350
================================================================================
NOTES:
# LAST OF SEVERAL OCCURRENCES

COLUMN 17 PEAK WIND IN M.P.H.

PRELIMINARY LOCAL CLIMATOLOGICAL DATA (WS FORM: F-6) , PAGE 2

                                          STATION:  BINGHAMTON NY
                                          MONTH:    MARCH
                                          YEAR:     2015
                                          LATITUDE:   42 13 N
                                          LONGITUDE:  75 59 W

[TEMPERATURE DATA]      [PRECIPITATION DATA]       SYMBOLS USED IN COLUMN 16

AVERAGE MONTHLY: 26.8   TOTAL FOR MONTH:   1.84    1 = FOG OR MIST
DPTR FM NORMAL:  -5.1   DPTR FM NORMAL:   -0.61    2 = FOG REDUCING VISIBILITY
HIGHEST:    49 ON 11    GRTST 24HR  0.39 ON 26-26      TO 1/4 MILE OR LESS
LOWEST:     -3 ON  6                               3 = THUNDER
                        SNOW, ICE PELLETS, HAIL    4 = ICE PELLETS
                        TOTAL MONTH:  13.3 INCHES  5 = HAIL
                        GRTST 24HR   3.4 ON   M    6 = FREEZING RAIN OR DRIZZLE
                        GRTST DEPTH:  21 ON  8, 4  7 = DUSTSTORM OR SANDSTORM:
                                                       VSBY 1/2 MILE OR LESS
                                                   8 = SMOKE OR HAZE
[NO. OF DAYS WITH]      [WEATHER - DAYS WITH]      9 = BLOWING SNOW
                                                   X = TORNADO
MAX 32 OR BELOW:  11    0.01 INCH OR MORE:  16
MAX 90 OR ABOVE:   0    0.10 INCH OR MORE:   7
MIN 32 OR BELOW:  25    0.50 INCH OR MORE:   0
MIN  0 OR BELOW:   1    1.00 INCH OR MORE:   0

[HDD (BASE 65) ]
TOTAL THIS MO.   985    CLEAR  (SCALE 0-3)   7
DPTR FM NORMAL   124    PTCLDY (SCALE 4-7)  11
TOTAL FM JUL 1  6517    CLOUDY (SCALE 8-10)  8
DPTR FM NORMAL   457

[CDD (BASE 65) ]
TOTAL THIS MO.     0
DPTR FM NORMAL     0    [PRESSURE DATA]
TOTAL FM JAN 1     0    HIGHEST SLP M ON M
DPTR FM NORMAL     0    LOWEST  SLP 29.58 ON 17

[REMARKS]
