000
CXUS54 KBMX 271216
CF6BHM
PRELIMINARY LOCAL CLIMATOLOGICAL DATA (WS FORM: F-6)

                                          STATION:   BIRMINGHAM
                                          MONTH:     MAY
                                          YEAR:      2015
                                          LATITUDE:   33 34 N
                                          LONGITUDE:  86 45 W

  TEMPERATURE IN F:       :PCPN:    SNOW:  WIND      :SUNSHINE: SKY     :PK WND
================================================================================
1   2   3   4   5  6A  6B    7    8   9   10  11  12  13   14  15   16   17  18
                                     12Z  AVG MX 2MIN
DY MAX MIN AVG DEP HDD CDD  WTR  SNW DPTH SPD SPD DIR MIN PSBL S-S WX    SPD DR
================================================================================

 1  72  47  60  -7   5   0 0.00  0.0    0  5.4 16 360   M    M   0        23  40
 2  77  47  62  -5   3   0 0.00  0.0    0  2.1 12 230   M    M   2 1      15 260
 3  81  51  66  -1   0   1 0.00  0.0    0  2.5 14 180   M    M   2        18 180
 4  83  57  70   3   0   5 0.00  0.0    0  2.0 13 120   M    M   3        20 130
 5  83  59  71   3   0   6 0.00  0.0    0  3.2 13  80   M    M   1        20  80
 6  82  57  70   2   0   5 0.00  0.0    0  3.5 13 100   M    M   2        18 130
 7  86  57  72   4   0   7 0.00  0.0    0  2.1 10 150   M    M   1        13 160
 8  88  60  74   6   0   9 0.00  0.0    0  2.5 12 180   M    M   1        16 190
 9  88  64  76   7   0  11 0.00  0.0    0  2.4 10 190   M    M   4        14 180
10  90  65  78   9   0  13 0.00  0.0    0  3.9 14 190   M    M   2        17 170
11  89  68  79  10   0  14 0.00  0.0    0  7.6 20 210   M    M   5        26 190
12  82  67  75   5   0  10    T  0.0    0  6.9 10 300   M    M   9         M  M
13  85  56  71   1   0   6 0.00  0.0    0  5.0 13  20   M    M   6        18 340
14  88  57  73   3   0   8 0.00  0.0    0  4.0 16 140   M    M   6        21 130
15  82  69  76   6   0  11    T  0.0    0  7.4 26 140   M    M   7 3      36 130
16  80  69  75   4   0  10 0.26  0.0    0  6.4 21 130   M    M   9 1      27 130
17  86  69  78   7   0  13 0.06  0.0    0  6.2 22 200   M    M   6 13     26 210
18  85  70  78   7   0  13 0.00  0.0    0  6.7 17 240   M    M   6        25 260
19  86  70  78   7   0  13    T  0.0    0  3.4 13 350   M    M   6        15  30
20  87  66  77   5   0  12 0.00  0.0    0  6.5 20 250   M    M   4        23 250
21  71  51  61 -11   4   0 0.00  0.0    0  9.5 16 350   M    M   7        22 350
22  78  48  63  -9   2   0 0.00  0.0    0  6.1 14 360   M    M   3        18 360
23  84  59  72   0   0   7 0.00  0.0    0  6.5 15 150   M    M   3 8      19 100
24  84  68  76   3   0  11 0.58  0.0    0  8.6 28 200   M    M   5 138    35 200
25  78  67  73   0   0   8 0.03  0.0    0  7.5 16 180   M    M   8 1      26 140
26  78  67  73   0   0   8    T  0.0    0  8.3 17 180   M    M   8        22 180
================================================================================
SM 2153 1585        14 201  0.93     0.0 136.2          M      116
================================================================================
AV 82.8 61.0                               5.2 FASTST   M    M   4    MAX(MPH)
                                 MISC ---->  # 28 200               # 36  130
================================================================================
NOTES:
# LAST OF SEVERAL OCCURRENCES

COLUMN 17 PEAK WIND IN M.P.H.

PRELIMINARY LOCAL CLIMATOLOGICAL DATA (WS FORM: F-6) , PAGE 2

                                          STATION:  BIRMINGHAM
                                          MONTH:    MAY
                                          YEAR:     2015
                                          LATITUDE:   33 34 N
                                          LONGITUDE:  86 45 W

[TEMPERATURE DATA]      [PRECIPITATION DATA]       SYMBOLS USED IN COLUMN 16

AVERAGE MONTHLY: 71.9   TOTAL FOR MONTH:   0.93    1 = FOG OR MIST
DPTR FM NORMAL:   2.0   DPTR FM NORMAL:   -3.29    2 = FOG REDUCING VISIBILITY
HIGHEST:    90 ON 10    GRTST 24HR  0.61 ON 24-25      TO 1/4 MILE OR LESS
LOWEST:     47 ON  2, 1                            3 = THUNDER
                        SNOW, ICE PELLETS, HAIL    4 = ICE PELLETS
                        TOTAL MONTH:   0.0 INCH    5 = HAIL
                        GRTST 24HR     0.0         6 = FREEZING RAIN OR DRIZZLE
                        GRTST DEPTH:   0           7 = DUSTSTORM OR SANDSTORM:
                                                       VSBY 1/2 MILE OR LESS
                                                   8 = SMOKE OR HAZE
[NO. OF DAYS WITH]      [WEATHER - DAYS WITH]      9 = BLOWING SNOW
                                                   X = TORNADO
MAX 32 OR BELOW:   0    0.01 INCH OR MORE:   4
MAX 90 OR ABOVE:   1    0.10 INCH OR MORE:   2
MIN 32 OR BELOW:   0    0.50 INCH OR MORE:   1
MIN  0 OR BELOW:   0    1.00 INCH OR MORE:   0

[HDD (BASE 65) ]
TOTAL THIS MO.    14    CLEAR  (SCALE 0-3)  11
DPTR FM NORMAL    -9    PTCLDY (SCALE 4-7)  13
TOTAL FM JUL 1  2790    CLOUDY (SCALE 8-10)  2
DPTR FM NORMAL   116

[CDD (BASE 65) ]
TOTAL THIS MO.   201
DPTR FM NORMAL    48    [PRESSURE DATA]
TOTAL FM JAN 1   283    HIGHEST SLP M ON M
DPTR FM NORMAL    46    LOWEST  SLP 29.90 ON 20

[REMARKS]
