000
CXUS53 KGRR 011017
CF6BIV
PRELIMINARY LOCAL CLIMATOLOGICAL DATA (WS FORM: F-6)

                                          STATION:   HOLLAND/TULIP CITY MI
                                          MONTH:     FEBRUARY
                                          YEAR:      2015
                                          LATITUDE:   42 49 N
                                          LONGITUDE:  86 10 W

  TEMPERATURE IN F:       :PCPN:    SNOW:  WIND      :SUNSHINE: SKY     :PK WND
================================================================================
1   2   3   4   5  6A  6B    7    8   9   10  11  12  13   14  15   16   17  18
                                     12Z  AVG MX 2MIN
DY MAX MIN AVG DEP HDD CDD  WTR  SNW DPTH SPD SPD DIR MIN PSBL S-S WX    SPD DR
================================================================================

 1  31  12  22  -4  43   0 0.30    M    M 13.6 24  50   M    M  10 12     35  60
 2  21   5  13 -13  52   0 0.01    M    M  8.1 20  20   M    M   6 8      27 350
 3  29  17  23  -3  42   0 0.10    M    M 10.9 20 250   M    M  10 168    25 240
 4  29  15  22  -4  43   0 0.02    M    M  7.1 16 330   M    M   9 168    26 320
 5  21   8  15 -11  50   0    T    M    M 10.6 28 220   M    M   8 18     37 240
 6  30  21  26  -1  39   0 0.00    M    M 12.5 31 250   M    M   9 8      39 250
 7  42  26  34   7  31   0 0.00    M    M  5.8 10 200   M    M   1        13 200
 8  41  23  32   5  33   0 0.00    M    M  8.1 16  60   M    M  10 18     22  50
 9  29  17  23  -4  42   0 0.00    M    M  6.2 15  20   M    M   6        21  30
10  28   6  17 -10  48   0 0.00    M    M  6.0 20 140   M    M   1        26 130
11  35  24  30   3  35   0    T    M    M 12.8 23 330   M    M  10 18     31 340
12  24  14  19  -9  46   0    T    M    M  9.4 18  10   M    M   7        29 340
13  27  12  20  -8  45   0 0.01    M    M 14.8 28 220   M    M  10 128    35 260
14  28   7  18 -10  47   0 0.05    M    M 14.0 25 340   M    M   8 1289   42 340
15   7  -5   1 -27  64   0    T    M    M  6.5 13  20   M    M   1 8      19  40
16  13   1   7 -21  58   0 0.00    M    M  7.4 12 130   M    M   9        14 110
17  21   9  15 -14  50   0 0.06    M    M  9.4 21 280   M    M  10 128    27 280
18  17   8  13 -16  52   0 0.07    M    M 10.5 20 320   M    M  10 18     28 330
19   8 -12  -2 -31  67   0 0.20    M    M  5.0 15 320   M    M  10 1      22 310
20  16 -14   1 -28  64   0    T    M    M 10.7 20 160   M    M   7 8      24 150
21  27  16  22  -8  43   0 0.00    M    M  5.8 14 180   M    M  10 18     16 200
22  27   6  17 -13  48   0    T    M    M  7.6 20 310   M    M  10 18     27 330
23  12  -8   2 -28  63   0 0.01    M    M  7.6 16 250   M    M   6 18     19 240
24  32   4  18 -12  47   0 0.01    M    M 19.3 36 230   M    M   6 128    45 240
25  26  11  19 -12  46   0    T    M    M  5.4 15 350   M    M   8 8      23  10
26  16   4  10 -21  55   0    T    M    M  6.7 16  40   M    M   4 8      22  40
27  20  -9   6 -25  59   0    T    M    M  6.6 16 250   M    M   4        20 240
28  22  -1  11 -21  54   0    T    M    M  5.4 10 180   M    M   1 8      14 220
================================================================================
SM  679  217      1366   0  0.84    M    253.8          M      201
================================================================================
AV 24.2  7.8                               9.1 FASTST   M    M   7    MAX(MPH)
                                 MISC ---->  # 36 230               # 45  240
================================================================================
NOTES:
# LAST OF SEVERAL OCCURRENCES

COLUMN 17 PEAK WIND IN M.P.H.

PRELIMINARY LOCAL CLIMATOLOGICAL DATA (WS FORM: F-6) , PAGE 2

                                          STATION:  HOLLAND/TULIP CITY MI
                                          MONTH:    FEBRUARY
                                          YEAR:     2015
                                          LATITUDE:   42 49 N
                                          LONGITUDE:  86 10 W

[TEMPERATURE DATA]      [PRECIPITATION DATA]       SYMBOLS USED IN COLUMN 16

AVERAGE MONTHLY: 16.0   TOTAL FOR MONTH:   0.84    1 = FOG OR MIST
DPTR FM NORMAL: -12.3   DPTR FM NORMAL:   -0.96    2 = FOG REDUCING VISIBILITY
HIGHEST:    42 ON  7    GRTST 24HR  0.31 ON  1- 2      TO 1/4 MILE OR LESS
LOWEST:    -14 ON 20                               3 = THUNDER
                        SNOW, ICE PELLETS, HAIL    4 = ICE PELLETS
                        TOTAL MONTH:    M          5 = HAIL
                        GRTST 24HR    M  ON   M    6 = FREEZING RAIN OR DRIZZLE
                        GRTST DEPTH:  M  ON   M    7 = DUSTSTORM OR SANDSTORM:
                                                       VSBY 1/2 MILE OR LESS
                                                   8 = SMOKE OR HAZE
[NO. OF DAYS WITH]      [WEATHER - DAYS WITH]      9 = BLOWING SNOW
                                                   X = TORNADO
MAX 32 OR BELOW:  25    0.01 INCH OR MORE:  11
MAX 90 OR ABOVE:   0    0.10 INCH OR MORE:   3
MIN 32 OR BELOW:  28    0.50 INCH OR MORE:   0
MIN  0 OR BELOW:   6    1.00 INCH OR MORE:   0

[HDD (BASE 65) ]
TOTAL THIS MO.  1366    CLEAR  (SCALE 0-3)   4
DPTR FM NORMAL   340    PTCLDY (SCALE 4-7)  11
TOTAL FM JUL 1  4967    CLOUDY (SCALE 8-10) 13
DPTR FM NORMAL   467

[CDD (BASE 65) ]
TOTAL THIS MO.     0
DPTR FM NORMAL     0    [PRESSURE DATA]
TOTAL FM JAN 1     0    HIGHEST SLP 30.78 ON 28
DPTR FM NORMAL     0    LOWEST  SLP 29.59 ON  8

[REMARKS]
#FINAL-02-15#
