000
CXUS53 KGRR 241017
CF6BIV
PRELIMINARY LOCAL CLIMATOLOGICAL DATA (WS FORM: F-6)

                                          STATION:   HOLLAND
                                          MONTH:     JUNE
                                          YEAR:      2017
                                          LATITUDE:   42 49 N
                                          LONGITUDE:  86 10 W

  TEMPERATURE IN F:       :PCPN:    SNOW:  WIND      :SUNSHINE: SKY     :PK WND
================================================================================
1   2   3   4   5  6A  6B    7    8   9   10  11  12  13   14  15   16   17  18
                                     12Z  AVG MX 2MIN
DY MAX MIN AVG DEP HDD CDD  WTR  SNW DPTH SPD SPD DIR MIN PSBL S-S WX    SPD DR
================================================================================

 1  74  50  62  -2   3   0 0.00    M    M  5.4 14 270   M    M   0        19 260
 2  79  51  65   1   0   0 0.00    M    M  5.2 14 250   M    M   0 8      17 250
 3  79  54  67   2   0   2 0.00    M    M  5.0 14 300   M    M   3        19 290
 4  84  61  73   8   0   8 0.15    M    M  7.1 22 250   M    M   3 13     26 250
 5  76  56  66   1   0   1 0.00    M    M  6.4 17  80   M    M   2 1      26  70
 6  76  49  63  -3   2   0 0.00    M    M  8.0 17 100   M    M   1        24 320
 7  78  52  65  -1   0   0 0.00    M    M  5.6 16 310   M    M   0        22 340
 8  78  50  64  -2   1   0    T    M    M  5.0 12 260   M    M   1         M  M
 9  76  59  68   1   0   3 0.03    M    M  7.3 15 250   M    M   3         M  M
10  88  57  73   6   0   8 0.00    M    M 14.6 29 230   M    M   1        35 220
11  89  74  82  15   0  17 0.00    M    M 17.3 28 220   M    M   1        35 220
12  91  71  81  13   0  16 0.00    M    M 15.0 25 230   M    M   0        33 220
13  91  66  79  11   0  14 0.00    M    M  6.2 14 130   M    M   3        19 310
14  94  67  81  13   0  16 1.11    M    M  8.8 32 240   M    M   2 13     41 250
15  80  66  73   5   0   8 0.00    M    M  7.0 18 240   M    M   3        22 230
16  82  67  75   6   0  10 0.00    M    M  7.5 17 200   M    M   1 3      21 230
17  84  67  76   7   0  11 0.60    M    M  8.6 22 240   M    M   4 13     29 240
18  76  66  71   2   0   6 0.02    M    M 14.3 25 230   M    M   7        34 230
19  73  61  67  -3   0   2 0.00    M    M  8.4 23 270   M    M   2        32 290
20  72  54  63  -7   2   0 0.17    M    M  6.7 21 330   M    M   3 1      32 320
21  76  51  64  -6   1   0 0.00    M    M  2.3  9 150   M    M   1 1      16 150
22  86  64  75   5   0  10    T    M    M 13.2 25 230   M    M   3        34 220
23  76  65  71   1   0   6 0.11    M    M  9.9 24 230   M    M   5 1      31 240
================================================================================
SM 1858 1378         9 138  2.19    M    194.8          M       49
================================================================================
AV 80.8 59.9                               8.5 FASTST   M    M   2    MAX(MPH)
                                 MISC ---->  # 32 240               # 41  250
================================================================================
NOTES:
# LAST OF SEVERAL OCCURRENCES

COLUMN 17 PEAK WIND IN M.P.H.

PRELIMINARY LOCAL CLIMATOLOGICAL DATA (WS FORM: F-6) , PAGE 2

                                          STATION:  HOLLAND
                                          MONTH:    JUNE
                                          YEAR:     2017
                                          LATITUDE:   42 49 N
                                          LONGITUDE:  86 10 W

[TEMPERATURE DATA]      [PRECIPITATION DATA]       SYMBOLS USED IN COLUMN 16

AVERAGE MONTHLY: 70.4   TOTAL FOR MONTH:   2.19    1 = FOG OR MIST
DPTR FM NORMAL:   2.9   DPTR FM NORMAL:   -1.12    2 = FOG REDUCING VISIBILITY
HIGHEST:    94 ON 14    GRTST 24HR  1.11 ON 14-14      TO 1/4 MILE OR LESS
LOWEST:     49 ON  6                               3 = THUNDER
                        SNOW, ICE PELLETS, HAIL    4 = ICE PELLETS
                        TOTAL MONTH:    M          5 = HAIL
                        GRTST 24HR    M  ON   M    6 = FREEZING RAIN OR DRIZZLE
                        GRTST DEPTH:  M  ON   M    7 = DUSTSTORM OR SANDSTORM:
                                                       VSBY 1/2 MILE OR LESS
                                                   8 = SMOKE OR HAZE
[NO. OF DAYS WITH]      [WEATHER - DAYS WITH]      9 = BLOWING SNOW
                                                   X = TORNADO
MAX 32 OR BELOW:   0    0.01 INCH OR MORE:   7
MAX 90 OR ABOVE:   3    0.10 INCH OR MORE:   5
MIN 32 OR BELOW:   0    0.50 INCH OR MORE:   2
MIN  0 OR BELOW:   0    1.00 INCH OR MORE:   1

[HDD (BASE 65) ]
TOTAL THIS MO.     9    CLEAR  (SCALE 0-3)  20
DPTR FM NORMAL   -35    PTCLDY (SCALE 4-7)   3
TOTAL FM JUL 1  5439    CLOUDY (SCALE 8-10)  0
DPTR FM NORMAL  -717

[CDD (BASE 65) ]
TOTAL THIS MO.   138
DPTR FM NORMAL    39    [PRESSURE DATA]
TOTAL FM JAN 1   169    HIGHEST SLP M ON M
DPTR FM NORMAL    28    LOWEST  SLP 29.50 ON 18

[REMARKS]
