000
CXUS54 KEWX 010910
CF6BMQ
PRELIMINARY LOCAL CLIMATOLOGICAL DATA (WS FORM: F-6)

                                          STATION:   BURNET
                                          MONTH:     MAY
                                          YEAR:      2015
                                          LATITUDE:   30 43 N
                                          LONGITUDE:  98 14 W

  TEMPERATURE IN F:       :PCPN:    SNOW:  WIND      :SUNSHINE: SKY     :PK WND
================================================================================
1   2   3   4   5  6A  6B    7    8   9   10  11  12  13   14  15   16   17  18
                                     12Z  AVG MX 2MIN
DY MAX MIN AVG DEP HDD CDD  WTR  SNW DPTH SPD SPD DIR MIN PSBL S-S WX    SPD DR
================================================================================

 1  83  52  68  -2   0   3 0.00    M    0  2.4  9 160   M    M   0 8      13 190
 2  81  55  68  -2   0   3 0.00  0.0    0  4.6 13 170   M    M   0        20 150
 3  82  57  70  -1   0   5 0.00  0.0    0  6.8 16 180   M    M   1        23 200
 4  83  66  75   4   0  10 0.00  0.0    0 10.4 17 130   M    M   7        25 130
 5  81  66  74   3   0   9    T  0.0    0 10.8 20 130   M    M   9 1      29 170
 6  86  69  78   6   0  13 0.00  0.0    0 10.0 20 190   M    M   6        27 190
 7  83  70  77   5   0  12    T    M    0  9.7 16 150   M    M   9 18     28 140
 8  82  68  75   3   0  10 2.07  0.0    0  9.1 31 170   M    M   8 138    52 190
 9  84  70  77   5   0  12    T  0.0    0 10.7 26 180   M    M   9 18     37 190
10  85  73  79   6   0  14    T    M    0 10.4 18 160   M    M   9 38     28 190
11  75  64  70  -3   0   5 0.71  0.0    0  9.1 18  50   M    M   9 13     29  50
12  67  59  63 -10   2   0 0.03  0.0    0  9.9 16  30   M    M  10 1      24  50
13  68  63  66  -7   0   1 1.15  0.0    0  7.8 30 130   M    M   8 13     42 130
14  84  66  75   1   0  10    T    M    0  7.6 17 140   M    M   8 13     28 130
15  76  65  71  -3   0   6 0.36  0.0    0  7.1 16 140   M    M   4 1      25 150
16   M   M   M   M   M   M    T    M    M  9.5 13 180   M    M   9 1      30 200
17  83  65  74   0   0   9 0.30  0.0    0  7.3 16 190   M    M   3 13     23 190
18  88  71  80   5   0  15    T  0.0    0  5.3 20  60   M    M   7 138    25  60
19  87  72  80   5   0  15 0.01  0.0    0  8.9 17 170   M    M   6 1      27 140
20   M   M   M   M   M   M 0.00  0.0    0  7.5 10 170   M    M  10 3      17 150
21  69  60  65 -11   0   0 0.26  0.0    0 10.1 18  20   M    M   7 13     30  20
22  74  60  67  -9   0   2 0.03  0.0    0  6.4 13 140   M    M  10 1      20 130
23  81  65  73  -3   0   8 1.15  0.0    0  9.1 22 140   M    M   9 13     39 140
24  81  64  73  -3   0   8 0.23  0.0    0   M   M   M   M    M   7 1       M  M
25  73  63  68  -8   0   3 1.07    M    0  3.9 18 320   M    M   8 123    25 180
26  88  61  75  -2   0  10 0.00    M    0  6.7 17 190   M    M   7 12     23 180
27  83  65  74  -3   0   9 0.09    M    0  7.8 18 180   M    M   5 1      26 180
28  86  63  75  -2   0  10 1.27  0.0    0  7.7 30 320   M    M   7 13     42 310
29  88  62  75  -2   0  10 0.45  0.0    0  6.2 17 180   M    M   3 13     27 340
30  86  67  77  -1   0  12    T  0.0    0  6.4 18 340   M    M   3        23 340
31  68  65  67 -11   0   2 0.00  0.0    0  3.5  4  10   M    M   0         M  M
================================================================================
SM 2335 1866         2 226  9.18     0.0 232.7          M      198
================================================================================
AV 80.5 64.3                               7.8 FASTST   M    M   6    MAX(MPH)
                                 MISC ---->  # 31 170               # 52  190
================================================================================
NOTES:
# LAST OF SEVERAL OCCURRENCES

COLUMN 17 PEAK WIND IN M.P.H.

PRELIMINARY LOCAL CLIMATOLOGICAL DATA (WS FORM: F-6) , PAGE 2

                                          STATION:  BURNET
                                          MONTH:    MAY
                                          YEAR:     2015
                                          LATITUDE:   30 43 N
                                          LONGITUDE:  98 14 W

[TEMPERATURE DATA]      [PRECIPITATION DATA]       SYMBOLS USED IN COLUMN 16

AVERAGE MONTHLY: 72.4   TOTAL FOR MONTH:   9.18    1 = FOG OR MIST
DPTR FM NORMAL:  -1.7   DPTR FM NORMAL:    5.15    2 = FOG REDUCING VISIBILITY
HIGHEST:    88 ON 29,26 GRTST 24HR  2.07 ON  8- 8      TO 1/4 MILE OR LESS
LOWEST:     52 ON  1                               3 = THUNDER
                        SNOW, ICE PELLETS, HAIL    4 = ICE PELLETS
                        TOTAL MONTH:   0.0 INCH    5 = HAIL
                        GRTST 24HR     0.0         6 = FREEZING RAIN OR DRIZZLE
                        GRTST DEPTH:   0           7 = DUSTSTORM OR SANDSTORM:
                                                       VSBY 1/2 MILE OR LESS
                                                   8 = SMOKE OR HAZE
[NO. OF DAYS WITH]      [WEATHER - DAYS WITH]      9 = BLOWING SNOW
                                                   X = TORNADO
MAX 32 OR BELOW:   0    0.01 INCH OR MORE:  15
MAX 90 OR ABOVE:   0    0.10 INCH OR MORE:  11
MIN 32 OR BELOW:   0    0.50 INCH OR MORE:   6
MIN  0 OR BELOW:   0    1.00 INCH OR MORE:   5

[HDD (BASE 65) ]
TOTAL THIS MO.     2    CLEAR  (SCALE 0-3)   4
DPTR FM NORMAL    -2    PTCLDY (SCALE 4-7)  16
TOTAL FM JUL 1  1956    CLOUDY (SCALE 8-10) 11
DPTR FM NORMAL   -64

[CDD (BASE 65) ]
TOTAL THIS MO.   226
DPTR FM NORMAL   -61    [PRESSURE DATA]
TOTAL FM JAN 1   405    HIGHEST SLP 30.22 ON 12
DPTR FM NORMAL   -31    LOWEST  SLP 29.72 ON 10

[REMARKS]
#FINAL-05-15#
