000
CXUS55 KRIW 260901
CF6BPI
PRELIMINARY LOCAL CLIMATOLOGICAL DATA (WS FORM: F-6)

                                          STATION:   BIG PINEY  WY
                                          MONTH:     MARCH
                                          YEAR:      2015
                                          LATITUDE:   42 34 N
                                          LONGITUDE: 110  6 W

  TEMPERATURE IN F:       :PCPN:    SNOW:  WIND      :SUNSHINE: SKY     :PK WND
================================================================================
1   2   3   4   5  6A  6B    7    8   9   10  11  12  13   14  15   16   17  18
                                     12Z  AVG MX 2MIN
DY MAX MIN AVG DEP HDD CDD  WTR  SNW DPTH SPD SPD DIR MIN PSBL S-S WX    SPD DR
================================================================================

 1  31   7  19  -1  46   0 0.00  0.0    M  3.7 10  50   M    M   5 8      12  50
 2  32  10  21   0  44   0    T    M    M  3.9 15 320   M    M   7 1      19 330
 3  29  11  20  -1  45   0 0.01    M    M 10.3 23 340   M    M   4 8      28 340
 4  28  -1  14  -8  51   0 0.00  0.0    M  8.2 18 350   M    M   1        23 360
 5  41   3  22   0  43   0 0.00  0.0    M  9.2 24 350   M    M   0        29 340
 6  47  10  29   6  36   0 0.00  0.0    M 11.2 25 340   M    M   0        30 340
 7  53  16  35  12  30   0 0.00  0.0    M  5.8 16 360   M    M   0        20 360
 8  50  15  33   9  32   0 0.00  0.0    M  6.4 15  20   M    M   0        19  30
 9  53  15  34  10  31   0 0.00  0.0    M 10.2 24 350   M    M   0        28  10
10  56  16  36  11  29   0 0.00  0.0    M  6.4 15  50   M    M   0        18  60
11  43  19  31   6  34   0 0.00  0.0    M  2.7 16 280   M    M   2        22 280
12  52  28  40  14  25   0 0.00  0.0    M  8.4 23 360   M    M   5        28 330
13  56  21  39  13  26   0 0.00  0.0    M  4.4 12 350   M    M   0        15  70
14  53  19  36   9  29   0 0.00  0.0    M  3.4 10  20   M    M   1        13  30
15  63  24  44  17  21   0 0.00  0.0    M  4.8 15  30   M    M   2        18  20
16  64  28  46  18  19   0 0.00  0.0    M  6.8 21  20   M    M   0        25  30
17  57  30  44  16  21   0 0.00  0.0    M  6.1 15  20   M    M   1        17  20
18  51  28  40  12  25   0 0.00  0.0    M 11.8 24  10   M    M   1        30  10
19  53  20  37   8  28   0 0.00  0.0    M 11.4 20 340   M    M   0        28  10
20  61  16  39  10  26   0 0.00  0.0    M  4.4 16  70   M    M   0        20  70
21  63  17  40  10  25   0 0.00  0.0    M  7.7 22 260   M    M   0        26 260
22  55  19  37   7  28   0 0.00    M    M  5.6 14 360   M    M   2        18 360
23  48  25  37   7  28   0 0.05    M    M  8.0 29 270   M    M   4 13     35 270
24  44  21  33   2  32   0    T    M    M 10.2 25 300   M    M   5        35 280
25  44  18  31   0  34   0 0.00  0.0    M 13.6 24 330   M    M   0        33 330
================================================================================
SM 1227  435       788   0  0.06     0.0 184.6          M       40
================================================================================
AV 49.1 17.4                               7.4 FASTST   M    M   2    MAX(MPH)
                                 MISC ---->  # 29 270               # 35  270
================================================================================
NOTES:
# LAST OF SEVERAL OCCURRENCES

COLUMN 17 PEAK WIND IN M.P.H.

PRELIMINARY LOCAL CLIMATOLOGICAL DATA (WS FORM: F-6) , PAGE 2

                                          STATION:  BIG PINEY  WY
                                          MONTH:    MARCH
                                          YEAR:     2015
                                          LATITUDE:   42 34 N
                                          LONGITUDE: 110  6 W

[TEMPERATURE DATA]      [PRECIPITATION DATA]       SYMBOLS USED IN COLUMN 16

AVERAGE MONTHLY: 33.2   TOTAL FOR MONTH:   0.06    1 = FOG OR MIST
DPTR FM NORMAL:   7.2   DPTR FM NORMAL:   -0.27    2 = FOG REDUCING VISIBILITY
HIGHEST:    64 ON 16    GRTST 24HR  0.05 ON 23-23      TO 1/4 MILE OR LESS
LOWEST:     -1 ON  4                               3 = THUNDER
                        SNOW, ICE PELLETS, HAIL    4 = ICE PELLETS
                        TOTAL MONTH:   0.0 INCH    5 = HAIL
                        GRTST 24HR     0.0         6 = FREEZING RAIN OR DRIZZLE
                        GRTST DEPTH:  M  ON   M    7 = DUSTSTORM OR SANDSTORM:
                                                       VSBY 1/2 MILE OR LESS
                                                   8 = SMOKE OR HAZE
[NO. OF DAYS WITH]      [WEATHER - DAYS WITH]      9 = BLOWING SNOW
                                                   X = TORNADO
MAX 32 OR BELOW:   4    0.01 INCH OR MORE:   2
MAX 90 OR ABOVE:   0    0.10 INCH OR MORE:   0
MIN 32 OR BELOW:  25    0.50 INCH OR MORE:   0
MIN  0 OR BELOW:   1    1.00 INCH OR MORE:   0

[HDD (BASE 65) ]
TOTAL THIS MO.   788    CLEAR  (SCALE 0-3)  19
DPTR FM NORMAL  -187    PTCLDY (SCALE 4-7)   6
TOTAL FM JUL 1  6888    CLOUDY (SCALE 8-10)  0
DPTR FM NORMAL -1610

[CDD (BASE 65) ]
TOTAL THIS MO.     0
DPTR FM NORMAL     0    [PRESSURE DATA]
TOTAL FM JAN 1     0    HIGHEST SLP M ON M
DPTR FM NORMAL     0    LOWEST  SLP 29.61 ON  2

[REMARKS]
