000
CXUS54 KLCH 251910
CF6BPT
PRELIMINARY LOCAL CLIMATOLOGICAL DATA (WS FORM: F-6)

                                          STATION:   BEAUMONT PORT ARTHUR
                                          MONTH:     OCTOBER
                                          YEAR:      2014
                                          LATITUDE:   29 57 N
                                          LONGITUDE:  94  1 W

  TEMPERATURE IN F:       :PCPN:    SNOW:  WIND      :SUNSHINE: SKY     :PK WND
================================================================================
1   2   3   4   5  6A  6B    7    8   9   10  11  12  13   14  15   16   17  18
                                     12Z  AVG MX 2MIN
DY MAX MIN AVG DEP HDD CDD  WTR  SNW DPTH SPD SPD DIR MIN PSBL S-S WX    SPD DR
================================================================================

 1  92  75  84   9   0  19    T  0.0    0  7.5 16 160   M    M   3 1      23 150
 2  90  79  85  11   0  20 0.04  0.0    0  9.5 20 180   M    M   6 13     26 200
 3  85  62  74   0   0   9 0.96  0.0    0  7.2 30 310   M    M   3 13     42 290
 4  76  55  66  -8   0   1 0.00  0.0    0  6.9 22  50   M    M   0        27  50
 5  84  55  70  -4   0   5 0.00  0.0    0  7.3 16 160   M    M   1        23 160
 6  84  65  75   2   0  10 0.27  0.0    0  7.1 36 100   M    M   2 13     43 100
 7  88  65  77   4   0  12 0.00  0.0    0  5.7 14 150   M    M   2 1      19 260
 8  88  70  79   6   0  14    T  0.0    0  6.3 14 130   M    M   2 1      16 140
 9  89  68  79   7   0  14 0.01  0.0    0  7.0 16 160   M    M   4 1      22 140
10  90  75  83  11   0  18 0.01  0.0    0  8.7 18 190   M    M   3 1      24 190
11  88  69  79   7   0  14 0.01  0.0    0  4.6 18 290   M    M   2 13     27  90
12  88  69  79   7   0  14 0.00  0.0    0  9.0 18 180   M    M   3        30 140
13  87  60  74   3   0   9 0.88  0.0    0 12.1 36 190   M    M   7 13     50 260
14  77  54  66  -5   0   1 0.00  0.0    0  9.0 18 310   M    M   0        28 310
15  83  51  67  -4   0   2 0.00  0.0    0  5.9 14 270   M    M   0        19 280
16  85  54  70   0   0   5 0.00  0.0    0  5.6 13 200   M    M   0 1      17 240
17  86  60  73   3   0   8 0.00  0.0    0  5.1 14 190   M    M   2 1      20 170
18  85  64  75   5   0  10 0.00  0.0    0  4.0 14  50   M    M   4        19  40
19  82  63  73   3   0   8 0.00  0.0    0  7.9 15  70   M    M   2        19  70
20  83  59  71   2   0   6 0.00  0.0    0  5.3 10  20   M    M   0        28 330
21  83  55  69   0   0   4 0.00  0.0    0  7.1 15  80   M    M   0 8      19  70
22  82  63  73   4   0   8 0.00  0.0    0  8.1 15  80   M    M   0 18     21  40
23  78  57  68  -1   0   3 0.00  0.0    0  6.5 13  60   M    M   0        15  10
24  80  51  66  -2   0   1 0.00  0.0    0  5.2 12  20   M    M   0        15  40
================================================================================
SM 2033 1498         0 215  2.18     0.0 168.6          M       46
================================================================================
AV 84.7 62.4                               7.0 FASTST   M    M   2    MAX(MPH)
                                 MISC ---->  # 36 100               # 50  260
================================================================================
NOTES:
# LAST OF SEVERAL OCCURRENCES

COLUMN 17 PEAK WIND IN M.P.H.

PRELIMINARY LOCAL CLIMATOLOGICAL DATA (WS FORM: F-6) , PAGE 2

                                          STATION:  BEAUMONT PORT ARTHUR
                                          MONTH:    OCTOBER
                                          YEAR:     2014
                                          LATITUDE:   29 57 N
                                          LONGITUDE:  94  1 W

[TEMPERATURE DATA]      [PRECIPITATION DATA]       SYMBOLS USED IN COLUMN 16

AVERAGE MONTHLY: 73.6   TOTAL FOR MONTH:   2.18    1 = FOG OR MIST
DPTR FM NORMAL:   2.1   DPTR FM NORMAL:   -2.21    2 = FOG REDUCING VISIBILITY
HIGHEST:    92 ON  1    GRTST 24HR  1.00 ON  2- 3      TO 1/4 MILE OR LESS
LOWEST:     51 ON 24,15                            3 = THUNDER
                        SNOW, ICE PELLETS, HAIL    4 = ICE PELLETS
                        TOTAL MONTH:   0.0 INCH    5 = HAIL
                        GRTST 24HR     0.0         6 = FREEZING RAIN OR DRIZZLE
                        GRTST DEPTH:   0           7 = DUSTSTORM OR SANDSTORM:
                                                       VSBY 1/2 MILE OR LESS
                                                   8 = SMOKE OR HAZE
[NO. OF DAYS WITH]      [WEATHER - DAYS WITH]      9 = BLOWING SNOW
                                                   X = TORNADO
MAX 32 OR BELOW:   0    0.01 INCH OR MORE:   7
MAX 90 OR ABOVE:   3    0.10 INCH OR MORE:   3
MIN 32 OR BELOW:   0    0.50 INCH OR MORE:   2
MIN  0 OR BELOW:   0    1.00 INCH OR MORE:   0

[HDD (BASE 65) ]
TOTAL THIS MO.     0    CLEAR  (SCALE 0-3)  20
DPTR FM NORMAL   -16    PTCLDY (SCALE 4-7)   4
TOTAL FM JUL 1     0    CLOUDY (SCALE 8-10)  0
DPTR FM NORMAL   -17

[CDD (BASE 65) ]
TOTAL THIS MO.   215
DPTR FM NORMAL    41    [PRESSURE DATA]
TOTAL FM JAN 1  2838    HIGHEST SLP M ON M
DPTR FM NORMAL    78    LOWEST  SLP 29.74 ON 13

[REMARKS]
