000
CXUS55 KDVN 221100
CF6BRL
PRELIMINARY LOCAL CLIMATOLOGICAL DATA (WS FORM: F-6)

                                          STATION:   BURLINGTON IA
                                          MONTH:     JUNE
                                          YEAR:      2017
                                          LATITUDE:   40 46 N
                                          LONGITUDE:  91  7 W

  TEMPERATURE IN F:       :PCPN:    SNOW:  WIND      :SUNSHINE: SKY     :PK WND
================================================================================
1   2   3   4   5  6A  6B    7    8   9   10  11  12  13   14  15   16   17  18
                                     12Z  AVG MX 2MIN
DY MAX MIN AVG DEP HDD CDD  WTR  SNW DPTH SPD SPD DIR MIN PSBL S-S WX    SPD DR
================================================================================

 1  80  49  65  -4   0   0 0.00    M    M  3.4 13 140   M    M   0 8      16 140
 2  85  57  71   2   0   6 0.00    M    M  4.3 10 130   M    M   0 8      14 200
 3  91  66  79   9   0  14 0.00    M    M  5.0 14 220   M    M   1 18     17 210
 4  90  68  79   9   0  14 0.01    M    M  5.6 20 310   M    M   1 138    28 300
 5  91  58  75   5   0  10 0.00    M    M  9.5 21  30   M    M   1 128    27  30
 6  80  58  69  -2   0   4 0.00    M    M  9.7 15  20   M    M   0        22  20
 7  82  54  68  -3   0   3 0.00    M    M  6.3 16  30   M    M   0 8      22  70
 8  83  54  69  -2   0   4 0.00    M    M  4.5 13 230   M    M   1 8      17 220
 9  88  63  76   4   0  11 0.00    M    M  9.9 20 210   M    M   0 8      24 190
10  88  62  75   3   0  10 0.00    M    M 15.1 26 190   M    M   0 8      33 190
11  91  72  82  10   0  17 0.00    M    M 14.7 23 180   M    M   0 8      31 210
12  92  73  83  11   0  18 0.00    M    M 10.9 18 210   M    M   1 8      24 210
13  93  74  84  11   0  19 0.00    M    M 10.2 18 180   M    M   1        24 180
14  88  70  79   6   0  14 0.04    M    M 10.0 25 220   M    M   2 138    34 220
15  91  68  80   7   0  15 0.00    M    M  7.7 17 220   M    M   1 8      22 230
16  88  66  77   3   0  12 0.29    M    M  8.8 25 280   M    M   2 13     36 280
17  85  70  78   4   0  13 0.18    M    M  9.1 17 230   M    M   3 13     24 200
18  79  64  72  -2   0   7 0.00    M    M  7.4 17 270   M    M   3        25 280
19  81  60  71  -3   0   6 0.05    M    M  5.7 21 330   M    M   2 18     28 320
20  89  56  73  -2   0   8 0.00    M    M  7.7 20 210   M    M   1 8      24 210
21  87  66  77   2   0  12 0.13    M    M  8.1 16 190   M    M   2 13     22 180
================================================================================
SM 1822 1328         0 217  0.70    M    173.6          M       22
================================================================================
AV 86.8 63.2                               8.3 FASTST   M    M   1    MAX(MPH)
                                 MISC ---->  # 26 190               # 36  280
================================================================================
NOTES:
# LAST OF SEVERAL OCCURRENCES

COLUMN 17 PEAK WIND IN M.P.H.

PRELIMINARY LOCAL CLIMATOLOGICAL DATA (WS FORM: F-6) , PAGE 2

                                          STATION:  BURLINGTON IA
                                          MONTH:    JUNE
                                          YEAR:     2017
                                          LATITUDE:   40 46 N
                                          LONGITUDE:  91  7 W

[TEMPERATURE DATA]      [PRECIPITATION DATA]       SYMBOLS USED IN COLUMN 16

AVERAGE MONTHLY: 75.0   TOTAL FOR MONTH:   0.70    1 = FOG OR MIST
DPTR FM NORMAL:   2.9   DPTR FM NORMAL:   -2.47    2 = FOG REDUCING VISIBILITY
HIGHEST:    93 ON 13    GRTST 24HR  0.29 ON 16-16      TO 1/4 MILE OR LESS
LOWEST:     49 ON  1                               3 = THUNDER
                        SNOW, ICE PELLETS, HAIL    4 = ICE PELLETS
                        TOTAL MONTH:    M          5 = HAIL
                        GRTST 24HR    M  ON   M    6 = FREEZING RAIN OR DRIZZLE
                        GRTST DEPTH:  M  ON   M    7 = DUSTSTORM OR SANDSTORM:
                                                       VSBY 1/2 MILE OR LESS
                                                   8 = SMOKE OR HAZE
[NO. OF DAYS WITH]      [WEATHER - DAYS WITH]      9 = BLOWING SNOW
                                                   X = TORNADO
MAX 32 OR BELOW:   0    0.01 INCH OR MORE:   6
MAX 90 OR ABOVE:   7    0.10 INCH OR MORE:   3
MIN 32 OR BELOW:   0    0.50 INCH OR MORE:   0
MIN  0 OR BELOW:   0    1.00 INCH OR MORE:   0

[HDD (BASE 65) ]
TOTAL THIS MO.     0    CLEAR  (SCALE 0-3)  20
DPTR FM NORMAL    -9    PTCLDY (SCALE 4-7)   1
TOTAL FM JUL 1  4807    CLOUDY (SCALE 8-10)  0
DPTR FM NORMAL  -789

[CDD (BASE 65) ]
TOTAL THIS MO.   217
DPTR FM NORMAL    56    [PRESSURE DATA]
TOTAL FM JAN 1   293    HIGHEST SLP M ON M
DPTR FM NORMAL    29    LOWEST  SLP 29.55 ON 17

[REMARKS]
