000
CXUS55 KDVN 281100
CF6BRL
PRELIMINARY LOCAL CLIMATOLOGICAL DATA (WS FORM: F-6)

                                          STATION:   BURLINGTON IA
                                          MONTH:     JULY
                                          YEAR:      2014
                                          LATITUDE:   40 46 N
                                          LONGITUDE:  91  7 W

  TEMPERATURE IN F:       :PCPN:    SNOW:  WIND      :SUNSHINE: SKY     :PK WND
================================================================================
1   2   3   4   5  6A  6B    7    8   9   10  11  12  13   14  15   16   17  18
                                     12Z  AVG MX 2MIN
DY MAX MIN AVG DEP HDD CDD  WTR  SNW DPTH SPD SPD DIR MIN PSBL S-S WX    SPD DR
================================================================================

 1  82  65  74  -3   0   9 0.00    M    M  8.2 17 250   M    M   3        27 240
 2  67  57  62 -15   3   0 0.04    M    M  8.1 15 310   M    M  10 1      21 320
 3  78  55  67 -10   0   2 0.00    M    M  5.0 14  10   M    M   3 18     18 330
 4  79  55  67 -10   0   2 0.00    M    M  3.7 12 150   M    M   2        14 140
 5  68  62  65 -12   0   0 0.43    M    M  7.8 16 150   M    M   5 13     24 150
 6  85  66  76  -1   0  11 0.01    M    M 10.1 17 200   M    M   3 3      24 230
 7  88  70  79   2   0  14 0.02    M    M  5.4 17 330   M    M   1 138    22 330
 8  81  67  74  -3   0   9    T    M    M 10.1 18 300   M    M   3        26 280
 9  80  61  71  -6   0   6 0.00    M    M  5.6 14 340   M    M   1 8      19 350
10  82  58  70  -7   0   5 0.00    M    M  5.2 12 190   M    M   0 8      16 170
11  82  65  74  -3   0   9 0.01    M    M  8.5 18 150   M    M   1        23 150
12  89  71  80   3   0  15 1.55    M    M  8.4 21 290   M    M   2 13     29 300
13  85  68  77   0   0  12 0.08    M    M  3.5 15 350   M    M   3 138    21 330
14  79  55  67 -10   0   2    T    M    M  8.1 20 310   M    M   2 1      30 300
15  71  54  63 -14   2   0 0.00    M    M  8.4 17 330   M    M   4 8      23 340
16  75  51  63 -14   2   0 0.00    M    M  3.1  8 270   M    M   2 18     12 300
17  79  53  66 -11   0   1 0.00    M    M  2.8 10 180   M    M   1 18     14 180
18  81  58  70  -7   0   5 0.00    M    M  5.1 12 150   M    M   1        17 180
19  80  58  69  -8   0   4 0.00    M    M  3.8 12 180   M    M   1 8      14 190
20  82  62  72  -5   0   7 0.00    M    M  7.2 15 170   M    M   0        18 170
21  86  64  75  -2   0  10 0.00    M    M 10.1 17 180   M    M   0 18     23 190
22  89  72  81   4   0  16 0.01    M    M  9.1 21 200   M    M   2 138    27 200
23  80  60  70  -7   0   5 0.00    M    M 10.3 20  30   M    M   1 1      24  40
24  79  58  69  -8   0   4 0.00    M    M  4.5 13 170   M    M   1 18     17 170
25  78  61  70  -7   0   5 0.23    M    M 10.7 30 190   M    M   5 13     40 190
26  80  69  75  -1   0  10 0.00    M    M  4.9 13 150   M    M   5 128    17 170
27  82  65  74  -2   0   9 0.00    M    M 10.6 24 320   M    M   4 12     34 310
================================================================================
SM 2167 1660         7 172  2.38    M    188.3          M       66
================================================================================
AV 80.3 61.5                               7.0 FASTST   M    M   2    MAX(MPH)
                                 MISC ---->  # 30 190               # 40  190
================================================================================
NOTES:
# LAST OF SEVERAL OCCURRENCES

COLUMN 17 PEAK WIND IN M.P.H.

PRELIMINARY LOCAL CLIMATOLOGICAL DATA (WS FORM: F-6) , PAGE 2

                                          STATION:  BURLINGTON IA
                                          MONTH:    JULY
                                          YEAR:     2014
                                          LATITUDE:   40 46 N
                                          LONGITUDE:  91  7 W

[TEMPERATURE DATA]      [PRECIPITATION DATA]       SYMBOLS USED IN COLUMN 16

AVERAGE MONTHLY: 70.9   TOTAL FOR MONTH:   2.38    1 = FOG OR MIST
DPTR FM NORMAL:  -6.1   DPTR FM NORMAL:   -1.35    2 = FOG REDUCING VISIBILITY
HIGHEST:    89 ON 22,12 GRTST 24HR  1.63 ON 12-13      TO 1/4 MILE OR LESS
LOWEST:     51 ON 16                               3 = THUNDER
                        SNOW, ICE PELLETS, HAIL    4 = ICE PELLETS
                        TOTAL MONTH:    M          5 = HAIL
                        GRTST 24HR    M  ON   M    6 = FREEZING RAIN OR DRIZZLE
                        GRTST DEPTH:  M  ON   M    7 = DUSTSTORM OR SANDSTORM:
                                                       VSBY 1/2 MILE OR LESS
                                                   8 = SMOKE OR HAZE
[NO. OF DAYS WITH]      [WEATHER - DAYS WITH]      9 = BLOWING SNOW
                                                   X = TORNADO
MAX 32 OR BELOW:   0    0.01 INCH OR MORE:   9
MAX 90 OR ABOVE:   0    0.10 INCH OR MORE:   3
MIN 32 OR BELOW:   0    0.50 INCH OR MORE:   1
MIN  0 OR BELOW:   0    1.00 INCH OR MORE:   1

[HDD (BASE 65) ]
TOTAL THIS MO.     7    CLEAR  (SCALE 0-3)  20
DPTR FM NORMAL     7    PTCLDY (SCALE 4-7)   6
TOTAL FM JUL 1     7    CLOUDY (SCALE 8-10)  1
DPTR FM NORMAL     7

[CDD (BASE 65) ]
TOTAL THIS MO.   172
DPTR FM NORMAL  -151    [PRESSURE DATA]
TOTAL FM JAN 1   565    HIGHEST SLP M ON M
DPTR FM NORMAL  -121    LOWEST  SLP 29.62 ON  7

[REMARKS]
