000
CXUS55 KLIX 010830
CF6BTR
PRELIMINARY LOCAL CLIMATOLOGICAL DATA (WS FORM: F-6)

                                          STATION:   BATON ROUGE  ASOS
                                          MONTH:     FEBRUARY
                                          YEAR:      2015
                                          LATITUDE:   30 31 N
                                          LONGITUDE:  91  9 W

  TEMPERATURE IN F:       :PCPN:    SNOW:  WIND      :SUNSHINE: SKY     :PK WND
================================================================================
1   2   3   4   5  6A  6B    7    8   9   10  11  12  13   14  15   16   17  18
                                     12Z  AVG MX 2MIN
DY MAX MIN AVG DEP HDD CDD  WTR  SNW DPTH SPD SPD DIR MIN PSBL S-S WX    SPD DR
================================================================================

 1  68  54  61   8   4   0 0.18  0.0    0  9.2 21 200   M    M   9 1      30 300
 2  54  34  44  -9  21   0 0.00  0.0    0  8.9 20 310   M    M   0        27 320
 3  46  31  39 -14  26   0 0.00  0.0    0  5.0 13 120   M    M   2        14 130
 4  49  41  45  -8  20   0 0.60  0.0    0  5.0 25  60   M    M   9 1      31  70
 5  57  38  48  -5  17   0 0.00  0.0    0  6.1 13 320   M    M   4 1      19 360
 6  60  30  45  -8  20   0 0.00  0.0    0  1.9  8 220   M    M   0        13 260
 7  70  33  52  -2  13   0 0.00  0.0    0  5.0 16 180   M    M   0        21 210
 8  75  47  61   7   4   0 0.00  0.0    0  8.8 21 180   M    M   5 12     26 210
 9  79  54  67  13   0   2 0.00  0.0    0  7.1 24 300   M    M   3 18     35 280
10  68  41  55   1  10   0 0.00  0.0    0  4.2 10 360   M    M   0 8      15 340
11  74  38  56   2   9   0 0.00  0.0    0  3.4  8  80   M    M   0 8      14 150
12  65  39  52  -2  13   0 0.00  0.0    0  6.2 16 320   M    M   0        23 310
13  59  31  45 -10  20   0 0.00  0.0    0  4.4 12 230   M    M   0        14 230
14  74  35  55   0  10   0 0.00  0.0    0  6.3 15 240   M    M   0        21 270
15  66  47  57   2   8   0 0.00  0.0    0  3.5 10  90   M    M   8 128    12  90
16  71  35  53  -2  12   0 0.93    M    0 11.4 30 280   M    M   9 18     41 200
17  48  31  40 -16  25   0    T    M    0  7.5 15 350   M    M   7        23 360
18  57  28  43 -13  22   0 0.00  0.0    0  5.8 22 310   M    M   0        31 310
19  53  31  42 -14  23   0 0.00  0.0    0  4.4 15  60   M    M   2        19  50
20  66  34  50  -6  15   0    T    M    0 11.5 23 150   M    M   7        31 120
21  73  59  66  10   0   1    T  0.0    0 14.2 32 180   M    M   9        41 190
22  77  49  63   6   2   0 0.11    M    0  5.8 15 210   M    M   9 1      20 270
23  49  37  43 -14  22   0 0.89    M    0  7.3 15  30   M    M  10 18     21 340
24  47  33  40 -17  25   0 0.04    M    0  5.5 12  40   M    M  10 1      15  40
25  42  36  39 -18  26   0 0.63  0.0    0  6.8 13 330   M    M  10 13     19 320
26  53  34  44 -14  21   0 0.00  0.0    0  7.5 14 350   M    M   6 1      20 340
27  53  35  44 -14  21   0 0.00  0.0    0  8.0 14  40   M    M   5        20 350
28  67  33  50  -8  15   0 0.00  0.0    0  9.5 17 100   M    M   3        22  90
================================================================================
SM 1720 1068       424   3  3.38     0.0 190.2          M      127
================================================================================
AV 61.4 38.1                               6.8 FASTST   M    M   5    MAX(MPH)
                                 MISC ---->  # 32 180               # 41  200
================================================================================
NOTES:
# LAST OF SEVERAL OCCURRENCES

COLUMN 17 PEAK WIND IN M.P.H.

PRELIMINARY LOCAL CLIMATOLOGICAL DATA (WS FORM: F-6) , PAGE 2

                                          STATION:  BATON ROUGE  ASOS
                                          MONTH:    FEBRUARY
                                          YEAR:     2015
                                          LATITUDE:   30 31 N
                                          LONGITUDE:  91  9 W

[TEMPERATURE DATA]      [PRECIPITATION DATA]       SYMBOLS USED IN COLUMN 16

AVERAGE MONTHLY: 49.8   TOTAL FOR MONTH:   3.38    1 = FOG OR MIST
DPTR FM NORMAL:  -5.3   DPTR FM NORMAL:   -1.66    2 = FOG REDUCING VISIBILITY
HIGHEST:    79 ON  9    GRTST 24HR  0.99 ON 22-23      TO 1/4 MILE OR LESS
LOWEST:     28 ON 18                               3 = THUNDER
                        SNOW, ICE PELLETS, HAIL    4 = ICE PELLETS
                        TOTAL MONTH:   0.0 INCH    5 = HAIL
                        GRTST 24HR     0.0         6 = FREEZING RAIN OR DRIZZLE
                        GRTST DEPTH:   0           7 = DUSTSTORM OR SANDSTORM:
                                                       VSBY 1/2 MILE OR LESS
                                                   8 = SMOKE OR HAZE
[NO. OF DAYS WITH]      [WEATHER - DAYS WITH]      9 = BLOWING SNOW
                                                   X = TORNADO
MAX 32 OR BELOW:   0    0.01 INCH OR MORE:   7
MAX 90 OR ABOVE:   0    0.10 INCH OR MORE:   6
MIN 32 OR BELOW:   6    0.50 INCH OR MORE:   4
MIN  0 OR BELOW:   0    1.00 INCH OR MORE:   0

[HDD (BASE 65) ]
TOTAL THIS MO.   424    CLEAR  (SCALE 0-3)  12
DPTR FM NORMAL   129    PTCLDY (SCALE 4-7)   8
TOTAL FM JUL 1  1542    CLOUDY (SCALE 8-10)  8
DPTR FM NORMAL   207

[CDD (BASE 65) ]
TOTAL THIS MO.     3
DPTR FM NORMAL   -15    [PRESSURE DATA]
TOTAL FM JAN 1     4    HIGHEST SLP 30.49 ON 19
DPTR FM NORMAL   -27    LOWEST  SLP 29.73 ON 25

[REMARKS]
#FINAL-02-15#
