000
CXUS51 KBTV 260700
CF6BTV
PRELIMINARY LOCAL CLIMATOLOGICAL DATA (WS FORM: F-6)

                                          STATION:   BURLINGTON VT
                                          MONTH:     FEBRUARY
                                          YEAR:      2017
                                          LATITUDE:   44 28 N
                                          LONGITUDE:  73  9 W

  TEMPERATURE IN F:       :PCPN:    SNOW:  WIND      :SUNSHINE: SKY     :PK WND
================================================================================
1   2   3   4   5  6A  6B    7    8   9   10  11  12  13   14  15   16   17  18
                                     12Z  AVG MX 2MIN
DY MAX MIN AVG DEP HDD CDD  WTR  SNW DPTH SPD SPD DIR MIN PSBL S-S WX    SPD DR
================================================================================

 1  33  19  26   7  39   0 0.08  1.4    2  4.1 12 330   M    M   9 18     15 210
 2  32  21  27   8  38   0 0.01  0.3    2  9.3 21 270   M    M   9 1      27 270
 3  25  19  22   3  43   0 0.07  1.6    2  7.7 20 290   M    M   9 1      24 270
 4  29  18  24   5  41   0    T    T    2  9.4 21 250   M    M   7        28 240
 5  35  23  29   9  36   0    T  0.2    1 12.4 25 320   M    M   9 1      36 320
 6  29  15  22   2  43   0 0.07  2.9    2  7.0 24 320   M    M   8 18     34 330
 7  32  17  25   5  40   0 0.18  1.1    5  6.6 20 190   M    M  10 146    26 190
 8  44  24  34  14  31   0 0.01    T    4 13.3 26 170   M    M   7 6      41 180
 9  24   7  16  -4  49   0 0.12  1.6    4 11.6 18 320   M    M   8 18     25  10
10  13   6  10 -10  55   0 0.02  0.2    4 11.6 28 310   M    M   8 189    39 330
11  24   9  17  -4  48   0 0.05  0.6    4  5.4 10 130   M    M  10 1      12 130
12  28   9  19  -2  46   0 0.45  7.6    4  5.1 20 160   M    M   7 12     27 160
13  28  20  24   3  41   0 0.16  3.6   12 11.4 24 330   M    M  10 189    30 320
14  34  14  24   3  41   0    T    T   11  6.0 14 310   M    M   8 1      16 310
15  36  25  31  10  34   0 0.38  6.4   10  7.3 15 360   M    M  10 12     21 170
16  28  25  27   5  38   0 0.14  2.9   15 10.4 20 290   M    M  10 18     28 300
17  32  15  24   2  41   0    T    T   16  6.8 20 320   M    M   5        24 320
18  49  14  32  10  33   0 0.00  0.0   15 11.7 25 190   M    M   3        32 200
19  50  37  44  22  21   0 0.00  0.0    7  8.1 18 340   M    M   8        26 340
20  37  23  30   7  35   0 0.00  0.0    7  9.7 22 340   M    M   5        27 340
21  42  17  30   7  35   0    T  0.0    6  9.9 23 170   M    M   6        34 170
22  54  37  46  23  19   0 0.00  0.0    4  6.9 13 190   M    M   8        23 180
23  63  42  53  29  12   0 0.00  0.0    T 10.5 28 180   M    M   7        37 200
24  50  36  43  19  22   0 0.04  0.0    0  3.1 13  10   M    M   7 12     16 360
25  72  33  53  29  12   0 0.89  0.2    0 10.4 29 180   M    M   9 123    40 180
================================================================================
SM  923  525       893   0  2.67    30.6 215.7          M      197
================================================================================
AV 36.9 21.0                               8.6 FASTST   M    M   8    MAX(MPH)
                                 MISC ---->  # 29 180               # 41  180
================================================================================
NOTES:
# LAST OF SEVERAL OCCURRENCES

COLUMN 17 PEAK WIND IN M.P.H.

PRELIMINARY LOCAL CLIMATOLOGICAL DATA (WS FORM: F-6) , PAGE 2

                                          STATION:  BURLINGTON VT
                                          MONTH:    FEBRUARY
                                          YEAR:     2017
                                          LATITUDE:   44 28 N
                                          LONGITUDE:  73  9 W

[TEMPERATURE DATA]      [PRECIPITATION DATA]       SYMBOLS USED IN COLUMN 16

AVERAGE MONTHLY: 29.0   TOTAL FOR MONTH:   2.67    1 = FOG OR MIST
DPTR FM NORMAL:   7.8   DPTR FM NORMAL:    1.11    2 = FOG REDUCING VISIBILITY
HIGHEST:    72 ON 25    GRTST 24HR  0.89 ON 25-25      TO 1/4 MILE OR LESS
LOWEST:      6 ON 10                               3 = THUNDER
                        SNOW, ICE PELLETS, HAIL    4 = ICE PELLETS
                        TOTAL MONTH:  30.6 INCHES  5 = HAIL
                        GRTST 24HR   7.6 ON   M    6 = FREEZING RAIN OR DRIZZLE
                        GRTST DEPTH:  16 ON 17     7 = DUSTSTORM OR SANDSTORM:
                                                       VSBY 1/2 MILE OR LESS
                                                   8 = SMOKE OR HAZE
[NO. OF DAYS WITH]      [WEATHER - DAYS WITH]      9 = BLOWING SNOW
                                                   X = TORNADO
MAX 32 OR BELOW:  12    0.01 INCH OR MORE:  15
MAX 90 OR ABOVE:   0    0.10 INCH OR MORE:   7
MIN 32 OR BELOW:  20    0.50 INCH OR MORE:   1
MIN  0 OR BELOW:   0    1.00 INCH OR MORE:   0

[HDD (BASE 65) ]
TOTAL THIS MO.   893    CLEAR  (SCALE 0-3)   0
DPTR FM NORMAL  -203    PTCLDY (SCALE 4-7)  15
TOTAL FM JUL 1  4295    CLOUDY (SCALE 8-10) 10
DPTR FM NORMAL  -995

[CDD (BASE 65) ]
TOTAL THIS MO.     0
DPTR FM NORMAL     0    [PRESSURE DATA]
TOTAL FM JAN 1     0    HIGHEST SLP M ON M
DPTR FM NORMAL     0    LOWEST  SLP 29.32 ON M

[REMARKS]
