000
CXUS51 KBUF 191205
CF6BUF
PRELIMINARY LOCAL CLIMATOLOGICAL DATA (WS FORM: F-6)

                                          STATION:   BUFFALO NY
                                          MONTH:     NOVEMBER
                                          YEAR:      2017
                                          LATITUDE:   42 55 N
                                          LONGITUDE:  78 44 W

  TEMPERATURE IN F:       :PCPN:    SNOW:  WIND      :SUNSHINE: SKY     :PK WND
================================================================================
1   2   3   4   5  6A  6B    7    8   9   10  11  12  13   14  15   16   17  18
                                     12Z  AVG MX 2MIN
DY MAX MIN AVG DEP HDD CDD  WTR  SNW DPTH SPD SPD DIR MIN PSBL S-S WX    SPD DR
================================================================================

 1  45  36  41  -5  24   0 0.02  0.0    0  6.7 16 180   M    M   9 1      21 180
 2  64  45  55  10  10   0 0.64  0.0    0 13.8 23 200   M    M  10 1      30 200
 3  63  38  51   6  14   0 0.52  0.0    0  8.4 21 340   M    M   8 13     26 340
 4  48  35  42  -3  23   0 0.04  0.0    0  9.4 23  70   M    M   9 13     29  60
 5  61  43  52   8  13   0 2.01  0.0    0 14.6 26 170   M    M   9 13     35 180
 6  60  38  49   5  16   0 0.16  0.0    0  9.3 20 320   M    M   8 1      23 330
 7  43  32  38  -6  27   0 0.00  0.0    0  5.4 12  50   M    M   6        14  70
 8  47  28  38  -6  27   0 0.00  0.0    0  5.0 17 260   M    M   3        22 230
 9  50  29  40  -3  25   0 0.14    T    0 13.2 35 290   M    M   8 1      46 300
10  29  20  25 -18  40   0    T  0.1    0 13.7 25 340   M    M   5        35 290
11  35  19  27 -15  38   0    T    T    0  6.2 16 100   M    M   6        20 100
12  42  29  36  -6  29   0 0.02    T    0  4.7  8 100   M    M   9        12 160
13  40  33  37  -5  28   0 0.11    T    0  3.3  8 320   M    M  10 1      10 290
14  42  33  38  -3  27   0 0.00  0.0    0  2.6 10 200   M    M   9 1      15 200
15  47  30  39  -2  26   0 0.01  0.0    0 11.1 28 200   M    M   7        39 200
16  48  34  41   0  24   0 0.10  0.0    0 17.2 29 250   M    M   9 1      40 250
17  36  30  33  -7  32   0    T    T    0  7.5 17 310   M    M   8        22 310
18  49  33  41   1  24   0 0.50  0.0    0  8.4 24 210   M    M  10 1      31 220
================================================================================
SM  849  585       447   0  4.27     0.1 160.5          M      143
================================================================================
AV 47.2 32.5                               8.9 FASTST   M    M   8    MAX(MPH)
                                 MISC ---->  # 35 290               # 46  300
================================================================================
NOTES:
# LAST OF SEVERAL OCCURRENCES

COLUMN 17 PEAK WIND IN M.P.H.

PRELIMINARY LOCAL CLIMATOLOGICAL DATA (WS FORM: F-6) , PAGE 2

                                          STATION:  BUFFALO NY
                                          MONTH:    NOVEMBER
                                          YEAR:     2017
                                          LATITUDE:   42 55 N
                                          LONGITUDE:  78 44 W

[TEMPERATURE DATA]      [PRECIPITATION DATA]       SYMBOLS USED IN COLUMN 16

AVERAGE MONTHLY: 39.8   TOTAL FOR MONTH:   4.27    1 = FOG OR MIST
DPTR FM NORMAL:  -3.1   DPTR FM NORMAL:    1.86    2 = FOG REDUCING VISIBILITY
HIGHEST:    64 ON  2    GRTST 24HR  2.01 ON  5- 5      TO 1/4 MILE OR LESS
LOWEST:     19 ON 11                               3 = THUNDER
                        SNOW, ICE PELLETS, HAIL    4 = ICE PELLETS
                        TOTAL MONTH:   0.1 INCH    5 = HAIL
                        GRTST 24HR   0.1 ON 10-10  6 = FREEZING RAIN OR DRIZZLE
                        GRTST DEPTH:   0           7 = DUSTSTORM OR SANDSTORM:
                                                       VSBY 1/2 MILE OR LESS
                                                   8 = SMOKE OR HAZE
[NO. OF DAYS WITH]      [WEATHER - DAYS WITH]      9 = BLOWING SNOW
                                                   X = TORNADO
MAX 32 OR BELOW:   1    0.01 INCH OR MORE:  12
MAX 90 OR ABOVE:   0    0.10 INCH OR MORE:   8
MIN 32 OR BELOW:   8    0.50 INCH OR MORE:   4
MIN  0 OR BELOW:   0    1.00 INCH OR MORE:   1

[HDD (BASE 65) ]
TOTAL THIS MO.   447    CLEAR  (SCALE 0-3)   1
DPTR FM NORMAL    48    PTCLDY (SCALE 4-7)   8
TOTAL FM JUL 1   815    CLOUDY (SCALE 8-10)  9
DPTR FM NORMAL  -189

[CDD (BASE 65) ]
TOTAL THIS MO.     0
DPTR FM NORMAL     0    [PRESSURE DATA]
TOTAL FM JAN 1   603    HIGHEST SLP M ON M
DPTR FM NORMAL    59    LOWEST  SLP 29.05 ON 18

[REMARKS]
