000
CXUS55 KLOX 211655
CF6BUR
PRELIMINARY LOCAL CLIMATOLOGICAL DATA (WS FORM: F-6)

                                          STATION:   BOB HOPE AIRPORT (BURBANK) CA
                                          MONTH:     OCTOBER
                                          YEAR:      2017
                                          LATITUDE:   34 12 N
                                          LONGITUDE: 118 22 W

  TEMPERATURE IN F:       :PCPN:    SNOW:  WIND      :SUNSHINE: SKY     :PK WND
================================================================================
1   2   3   4   5  6A  6B    7    8   9   10  11  12  13   14  15   16   17  18
                                     12Z  AVG MX 2MIN
DY MAX MIN AVG DEP HDD CDD  WTR  SNW DPTH SPD SPD DIR MIN PSBL S-S WX    SPD DR
================================================================================

 1  77  62  70   0   0   5 0.00  0.0    0  5.4 13 160   M    M   4 8      17 170
 2  76  60  68  -2   0   3 0.00  0.0    0  4.3 14 190   M    M   2        18 200
 3  73  60  67  -3   0   2 0.00  0.0    0  6.4 17 190   M    M   6 8      23 190
 4  82  53  68  -1   0   3 0.00  0.0    0  3.1 10 190   M    M   0        22 220
 5  86  55  71   2   0   6 0.00  0.0    0  3.2 12 160   M    M   0        16 230
 6  96  56  76   7   0  11 0.00  0.0    0  3.0 10 180   M    M   0        13 240
 7  95  62  79  10   0  14 0.00  0.0    0  2.4 13 200   M    M   0        17 190
 8  80  59  70   2   0   5 0.00  0.0    0  5.8 15 170   M    M   1 8      18 190
 9  86  61  74   6   0   9 0.00  0.0    0  4.5 13 160   M    M   2        17 330
10  87  57  72   4   0   7 0.00  0.0    0  3.2 13 180   M    M   0        16 160
11  79  56  68   0   0   3 0.00  0.0    0  4.7 12 180   M    M   0        17 210
12  76  58  67  -1   0   2 0.00  0.0    0  4.7 13 190   M    M   2 8      21 230
13  79  55  67   0   0   2 0.00  0.0    0  3.8 10 170   M    M   0 8      15 220
14  92  54  73   6   0   8 0.00  0.0    0  2.7  9 100   M    M   0        13  80
15  95  58  77  10   0  12 0.00  0.0    0  2.7 12 180   M    M   0        13 170
16  98  64  81  14   0  16 0.00  0.0    0  4.6 16 270   M    M   0        26 270
17  95  63  79  12   0  14 0.00  0.0    0  4.0 14 160   M    M   0        17 130
18  86  66  76  10   0  11 0.00  0.0    0  5.2 14 160   M    M   0        18 110
19  79  60  70   4   0   5 0.00  0.0    0  4.5 14 150   M    M   1 8      18 250
20  73  62  68   2   0   3 0.00  0.0    0  6.6 18 350   M    M   6        25 350
================================================================================
SM 1690 1181         0 141  0.00     0.0  84.8          M       24
================================================================================
AV 84.5 59.1                               4.2 FASTST   M    M   1    MAX(MPH)
                                 MISC ---->  # 18 350               # 26  270
================================================================================
NOTES:
# LAST OF SEVERAL OCCURRENCES

COLUMN 17 PEAK WIND IN M.P.H.

PRELIMINARY LOCAL CLIMATOLOGICAL DATA (WS FORM: F-6) , PAGE 2

                                          STATION:  BOB HOPE AIRPORT (BURBANK) CA
                                          MONTH:    OCTOBER
                                          YEAR:     2017
                                          LATITUDE:   34 12 N
                                          LONGITUDE: 118 22 W

[TEMPERATURE DATA]      [PRECIPITATION DATA]       SYMBOLS USED IN COLUMN 16

AVERAGE MONTHLY: 71.8   TOTAL FOR MONTH:   0.00    1 = FOG OR MIST
DPTR FM NORMAL:   3.8   DPTR FM NORMAL:   -0.57    2 = FOG REDUCING VISIBILITY
HIGHEST:    98 ON 16    GRTST 24HR  0.00 ON 20-20      TO 1/4 MILE OR LESS
LOWEST:     53 ON  4                               3 = THUNDER
                        SNOW, ICE PELLETS, HAIL    4 = ICE PELLETS
                        TOTAL MONTH:   0.0 INCH    5 = HAIL
                        GRTST 24HR     0.0         6 = FREEZING RAIN OR DRIZZLE
                        GRTST DEPTH:   0           7 = DUSTSTORM OR SANDSTORM:
                                                       VSBY 1/2 MILE OR LESS
                                                   8 = SMOKE OR HAZE
[NO. OF DAYS WITH]      [WEATHER - DAYS WITH]      9 = BLOWING SNOW
                                                   X = TORNADO
MAX 32 OR BELOW:   0    0.01 INCH OR MORE:   0
MAX 90 OR ABOVE:   6    0.10 INCH OR MORE:   0
MIN 32 OR BELOW:   0    0.50 INCH OR MORE:   0
MIN  0 OR BELOW:   0    1.00 INCH OR MORE:   0

[HDD (BASE 65) ]
TOTAL THIS MO.     0    CLEAR  (SCALE 0-3)  17
DPTR FM NORMAL   -21    PTCLDY (SCALE 4-7)   3
TOTAL FM JUL 1     3    CLOUDY (SCALE 8-10)  0
DPTR FM NORMAL   -24

[CDD (BASE 65) ]
TOTAL THIS MO.   141
DPTR FM NORMAL    62    [PRESSURE DATA]
TOTAL FM JAN 1  1768    HIGHEST SLP M ON M
DPTR FM NORMAL   558    LOWEST  SLP 29.66 ON  8

[REMARKS]
