000
CXUS55 KLOX 291655
CF6BUR
PRELIMINARY LOCAL CLIMATOLOGICAL DATA (WS FORM: F-6)

                                          STATION:   BOB HOPE AIRPORT (BURBANK) CA
                                          MONTH:     JULY
                                          YEAR:      2014
                                          LATITUDE:   34 12 N
                                          LONGITUDE: 118 22 W

  TEMPERATURE IN F:       :PCPN:    SNOW:  WIND      :SUNSHINE: SKY     :PK WND
================================================================================
1   2   3   4   5  6A  6B    7    8   9   10  11  12  13   14  15   16   17  18
                                     12Z  AVG MX 2MIN
DY MAX MIN AVG DEP HDD CDD  WTR  SNW DPTH SPD SPD DIR MIN PSBL S-S WX    SPD DR
================================================================================

 1  84  64  74   1   0   9 0.00  0.0    0  5.2 13 180   M    M   4 8      17 110
 2  85  63  74   1   0   9 0.00  0.0    0  6.1 14 190   M    M   3 18     21 100
 3  95  63  79   6   0  14 0.00  0.0    0  5.3 13 110   M    M   1 18     20  90
 4  91  67  79   6   0  14 0.00  0.0    0  5.2 14 140   M    M   0 8      17 140
 5  93  69  81   8   0  16 0.00  0.0    0  5.4 14 160   M    M   0 8      17 170
 6  90  69  80   6   0  15 0.00  0.0    0  5.6 14 160   M    M   0        20 100
 7  89  68  79   5   0  14 0.00  0.0    0  6.3 14 190   M    M   0        21 110
 8  89  67  78   4   0  13 0.00  0.0    0  6.6 14 180   M    M   0        22  80
 9  87  66  77   3   0  12 0.00  0.0    0  6.8 14 180   M    M   2 8      18 170
10  86  64  75   1   0  10 0.00  0.0    0  5.8 14 180   M    M   3 8      17 210
11  85  64  75   1   0  10 0.00  0.0    0  6.2 13 180   M    M   2 8      17 160
12  86  64  75   1   0  10 0.00  0.0    0  6.0 13 180   M    M   0        16 190
13  89  68  79   5   0  14 0.00  0.0    0  5.8 14 180   M    M   0        18 150
14  87  69  78   4   0  13    T  0.0    0  4.3 16 170   M    M   1        20 170
15  83  67  75   0   0  10 0.00  0.0    0  6.3 16 160   M    M   3        20 180
16  82  64  73  -2   0   8 0.00  0.0    0  6.0 13 170   M    M   5        22 130
17  78  64  71  -4   0   6 0.00  0.0    0  5.4 14 190   M    M   4         M  M
18  79  62  71  -4   0   6 0.00  0.0    0  5.1 14 170   M    M   0        18 180
19  77  63  70  -5   0   5 0.00  0.0    0  4.6 12 170   M    M   1        15 170
20  81  64  73  -2   0   8    T  0.0    0  5.3 15 170   M    M   3        17 180
21  83  63  73  -2   0   8 0.00  0.0    0  5.9 14 170   M    M   0        17 150
22  89  64  77   2   0  12 0.00  0.0    0  3.8 13 160   M    M   0        16 170
23  94  67  81   6   0  16 0.00  0.0    0  4.8 14 110   M    M   0        23 230
24  98  67  83   8   0  18 0.00  0.0    0  4.9 13 180   M    M   0        24 210
25  89  68  79   4   0  14 0.00  0.0    0  6.6 15 160   M    M   0        18 190
26  90  71  81   6   0  16 0.00  0.0    M  6.3 14 180   M    M   0        17 100
27  94  71  83   8   0  18 0.00  0.0    0  4.5 16 140   M    M   0        20 150
28  91  69  80   5   0  15 0.00  0.0    0  4.5 14 180   M    M   0        21 240
================================================================================
SM 2444 1849         0 333    T      0.0 154.6          M       32
================================================================================
AV 87.3 66.0                               5.5 FASTST   M    M   1    MAX(MPH)
                                 MISC ---->  # 16 170               # 24  210
================================================================================
NOTES:
# LAST OF SEVERAL OCCURRENCES

COLUMN 17 PEAK WIND IN M.P.H.

PRELIMINARY LOCAL CLIMATOLOGICAL DATA (WS FORM: F-6) , PAGE 2

                                          STATION:  BOB HOPE AIRPORT (BURBANK) CA
                                          MONTH:    JULY
                                          YEAR:     2014
                                          LATITUDE:   34 12 N
                                          LONGITUDE: 118 22 W

[TEMPERATURE DATA]      [PRECIPITATION DATA]       SYMBOLS USED IN COLUMN 16

AVERAGE MONTHLY: 76.7   TOTAL FOR MONTH:      T    1 = FOG OR MIST
DPTR FM NORMAL:   2.3   DPTR FM NORMAL:   -0.02    2 = FOG REDUCING VISIBILITY
HIGHEST:    98 ON 24    GRTST 24HR    T  ON 20-20      TO 1/4 MILE OR LESS
LOWEST:     62 ON 18                               3 = THUNDER
                        SNOW, ICE PELLETS, HAIL    4 = ICE PELLETS
                        TOTAL MONTH:   0.0 INCH    5 = HAIL
                        GRTST 24HR     0.0         6 = FREEZING RAIN OR DRIZZLE
                        GRTST DEPTH:   0           7 = DUSTSTORM OR SANDSTORM:
                                                       VSBY 1/2 MILE OR LESS
                                                   8 = SMOKE OR HAZE
[NO. OF DAYS WITH]      [WEATHER - DAYS WITH]      9 = BLOWING SNOW
                                                   X = TORNADO
MAX 32 OR BELOW:   0    0.01 INCH OR MORE:   0
MAX 90 OR ABOVE:   9    0.10 INCH OR MORE:   0
MIN 32 OR BELOW:   0    0.50 INCH OR MORE:   0
MIN  0 OR BELOW:   0    1.00 INCH OR MORE:   0

[HDD (BASE 65) ]
TOTAL THIS MO.     0    CLEAR  (SCALE 0-3)  25
DPTR FM NORMAL     0    PTCLDY (SCALE 4-7)   3
TOTAL FM JUL 1     0    CLOUDY (SCALE 8-10)  0
DPTR FM NORMAL     0

[CDD (BASE 65) ]
TOTAL THIS MO.   333
DPTR FM NORMAL    71    [PRESSURE DATA]
TOTAL FM JAN 1   881    HIGHEST SLP M ON M
DPTR FM NORMAL   347    LOWEST  SLP 29.69 ON 24

[REMARKS]
