000
CXUS54 KTSA 200940
CF6BVO
PRELIMINARY LOCAL CLIMATOLOGICAL DATA (WS FORM: F-6)

                                          STATION:   BARTLESVILLE OKLAHOMA
                                          MONTH:     FEBRUARY
                                          YEAR:      2017
                                          LATITUDE:   36 45 N
                                          LONGITUDE:  96  0 W

  TEMPERATURE IN F:       :PCPN:    SNOW:  WIND      :SUNSHINE: SKY     :PK WND
================================================================================
1   2   3   4   5  6A  6B    7    8   9   10  11  12  13   14  15   16   17  18
                                     12Z  AVG MX 2MIN
DY MAX MIN AVG DEP HDD CDD  WTR  SNW DPTH SPD SPD DIR MIN PSBL S-S WX    SPD DR
================================================================================

 1  56  36  46   9  19   0 0.00  0.0    0 15.5 26  10   M    M   1        34  10
 2  39  25  32  -5  33   0 0.00  0.0    0 12.8 25  20   M    M   7        32  20
 3  39  22  31  -6  34   0 0.00  0.0    0  6.1 15  20   M    M   4        19 360
 4  50  19  35  -2  30   0 0.00  0.0    0  7.9 20 210   M    M   4        30 190
 5  57  23  40   3  25   0 0.00  0.0    0  2.6 10 140   M    M   2 12     14 200
 6  75  35  55  17  10   0 0.00  0.0    0  6.4 22 200   M    M   6 12     32 210
 7  76  34  55  17  10   0 0.00  0.0    0  5.0 14  20   M    M   0 1      20 210
 8  43  23  33  -5  32   0 0.00  0.0    0 11.0 25 360   M    M   0        32  20
 9  46  18  32  -6  33   0 0.00  0.0    0  5.4 16 160   M    M   0        22 140
10  76  40  58  20   7   0 0.00  0.0    0 12.6 24 200   M    M   0        34 210
11  86  47  67  28   0   2 0.00  0.0    0  8.4 17 220   M    M   0        25 220
12  59  43  51  12  14   0 0.00  0.0    0 13.8 29  10   M    M   0        39  30
13  55  37  46   7  19   0 0.63  0.0    0  2.9 12  20   M    M   5 1      18  30
14  47  40  44   4  21   0 0.11  0.0    0  2.9 10  10   M    M   8 1      13  10
15  58  31  45   5  20   0 0.00  0.0    0  4.1 16  10   M    M   0 8      19  10
16  71  28  50  10  15   0 0.00  0.0    0  8.3 20 220   M    M   0        26 220
17  69  30  50  10  15   0 0.00  0.0    0  7.5 18 160   M    M   2        25 160
18  68  41  55  14  10   0 0.00  0.0    0  4.2 14 160   M    M   5 12     17 160
19  73  38  56  15   9   0    T    M    0  6.8 20 140   M    M   8 128    26 150
================================================================================
SM 1143  610       356   2  0.74     0.0 144.2          M       52
================================================================================
AV 60.2 32.1                               7.6 FASTST   M    M   3    MAX(MPH)
                                 MISC ---->  # 29  10               # 39   30
================================================================================
NOTES:
# LAST OF SEVERAL OCCURRENCES

COLUMN 17 PEAK WIND IN M.P.H.

PRELIMINARY LOCAL CLIMATOLOGICAL DATA (WS FORM: F-6) , PAGE 2

                                          STATION:  BARTLESVILLE OKLAHOMA
                                          MONTH:    FEBRUARY
                                          YEAR:     2017
                                          LATITUDE:   36 45 N
                                          LONGITUDE:  96  0 W

[TEMPERATURE DATA]      [PRECIPITATION DATA]       SYMBOLS USED IN COLUMN 16

AVERAGE MONTHLY: 46.1   TOTAL FOR MONTH:   0.74    1 = FOG OR MIST
DPTR FM NORMAL:   7.5   DPTR FM NORMAL:   -0.47    2 = FOG REDUCING VISIBILITY
HIGHEST:    86 ON 11    GRTST 24HR  0.74 ON 13-14      TO 1/4 MILE OR LESS
LOWEST:     18 ON  9                               3 = THUNDER
                        SNOW, ICE PELLETS, HAIL    4 = ICE PELLETS
                        TOTAL MONTH:   0.0 INCH    5 = HAIL
                        GRTST 24HR     0.0         6 = FREEZING RAIN OR DRIZZLE
                        GRTST DEPTH:   0           7 = DUSTSTORM OR SANDSTORM:
                                                       VSBY 1/2 MILE OR LESS
                                                   8 = SMOKE OR HAZE
[NO. OF DAYS WITH]      [WEATHER - DAYS WITH]      9 = BLOWING SNOW
                                                   X = TORNADO
MAX 32 OR BELOW:   0    0.01 INCH OR MORE:   2
MAX 90 OR ABOVE:   0    0.10 INCH OR MORE:   2
MIN 32 OR BELOW:   9    0.50 INCH OR MORE:   1
MIN  0 OR BELOW:   0    1.00 INCH OR MORE:   0

[HDD (BASE 65) ]
TOTAL THIS MO.   356    CLEAR  (SCALE 0-3)  11
DPTR FM NORMAL  -146    PTCLDY (SCALE 4-7)   7
TOTAL FM JUL 1  2576    CLOUDY (SCALE 8-10)  1
DPTR FM NORMAL  -498

[CDD (BASE 65) ]
TOTAL THIS MO.     2
DPTR FM NORMAL     2    [PRESSURE DATA]
TOTAL FM JAN 1     2    HIGHEST SLP M ON M
DPTR FM NORMAL     2    LOWEST  SLP 29.47 ON  7

[REMARKS]
