000
CXUS54 KLZK 201330
CF6BVX
PRELIMINARY LOCAL CLIMATOLOGICAL DATA (WS FORM: F-6)

                                          STATION:   Batesville Regional Airport
                                          MONTH:     SEPTEMBER
                                          YEAR:      2014
                                          LATITUDE:   35 43 N
                                          LONGITUDE:  91 39 W

  TEMPERATURE IN F:       :PCPN:    SNOW:  WIND      :SUNSHINE: SKY     :PK WND
================================================================================
1   2   3   4   5  6A  6B    7    8   9   10  11  12  13   14  15   16   17  18
                                     12Z  AVG MX 2MIN
DY MAX MIN AVG DEP HDD CDD  WTR  SNW DPTH SPD SPD DIR MIN PSBL S-S WX    SPD DR
================================================================================

 1  91  73  82   5   0  17 0.00  0.0    0  7.4 13 190   M    M   5        21 210
 2  82  66  74  -2   0   9 0.00  0.0    0  3.8  9 310   M    M   2        21 330
 3  93  64  79   3   0  14 0.00  0.0    0  2.7  8 120   M    M   2         M  M
 4  97  73  85   9   0  20 0.00  0.0    0  4.7 10 170   M    M   1         M  M
 5  97  72  85   9   0  20 0.01  0.0    0  2.5 10 120   M    M   2 3       M  M
 6  84  68  76   1   0  11 0.00  0.0    0  5.2 10 320   M    M   4         M  M
 7  88  63  76   1   0  11 0.00  0.0    0  5.1 10  90   M    M   2         M  M
 8  90  61  76   2   0  11 0.00  0.0    0  2.8  7  30   M    M   2         M  M
 9  93  66  80   6   0  15 0.00  0.0    0  5.7 12 130   M    M   2        18 130
10  97  75  86  12   0  21 0.00  0.0    0  9.4 16 200   M    M   4        27 200
11  82  63  73   0   0   8 0.00  0.0    0  2.6  9  70   M    M  10 3       M  M
12  63  55  59 -14   6   0 0.00  0.0    0  4.6  8 350   M    M  10        16 340
13  70  54  62 -11   3   0 0.00  0.0    0  6.2  9  70   M    M   5         M  M
14  77  50  64  -8   1   0 0.00  0.0    0  2.8  9 100   M    M   0         M  M
15  77  59  68  -4   0   3 0.00  0.0    0  2.4  8 220   M    M   2         M  M
16  75  64  70  -1   0   5 0.00  0.0    0  2.9  8  60   M    M   8         M  M
17  68  61  65  -6   0   0 0.00  0.0    0  2.8  8 180   M    M   7         M  M
18  75  61  68  -3   0   3 0.00  0.0    0  3.2  9  60   M    M  10         M  M
19  84  63  74   4   0   9 0.00  0.0    0  2.0  7 100   M    M   4         M  M
================================================================================
SM 1583 1211        10 177  0.01     0.0  78.8          M       82
================================================================================
AV 83.3 63.7                               4.1 FASTST   M    M   4    MAX(MPH)
                                 MISC ---->    16   M               # 27  200
================================================================================
NOTES:
# LAST OF SEVERAL OCCURRENCES

COLUMN 17 PEAK WIND IN M.P.H.

PRELIMINARY LOCAL CLIMATOLOGICAL DATA (WS FORM: F-6) , PAGE 2

                                          STATION:  Batesville Regional Airport
                                          MONTH:    SEPTEMBER
                                          YEAR:     2014
                                          LATITUDE:   35 43 N
                                          LONGITUDE:  91 39 W

[TEMPERATURE DATA]      [PRECIPITATION DATA]       SYMBOLS USED IN COLUMN 16

AVERAGE MONTHLY: 73.5   TOTAL FOR MONTH:   0.01    1 = FOG OR MIST
DPTR FM NORMAL:  -0.1   DPTR FM NORMAL:   -2.33    2 = FOG REDUCING VISIBILITY
HIGHEST:    97 ON 10, 5 GRTST 24HR  0.01 ON  5- 5      TO 1/4 MILE OR LESS
LOWEST:     50 ON 14                               3 = THUNDER
                        SNOW, ICE PELLETS, HAIL    4 = ICE PELLETS
                        TOTAL MONTH:   0.0 INCH    5 = HAIL
                        GRTST 24HR     0.0         6 = FREEZING RAIN OR DRIZZLE
                        GRTST DEPTH:   0           7 = DUSTSTORM OR SANDSTORM:
                                                       VSBY 1/2 MILE OR LESS
                                                   8 = SMOKE OR HAZE
[NO. OF DAYS WITH]      [WEATHER - DAYS WITH]      9 = BLOWING SNOW
                                                   X = TORNADO
MAX 32 OR BELOW:   0    0.01 INCH OR MORE:   1
MAX 90 OR ABOVE:   7    0.10 INCH OR MORE:   0
MIN 32 OR BELOW:   0    0.50 INCH OR MORE:   0
MIN  0 OR BELOW:   0    1.00 INCH OR MORE:   0

[HDD (BASE 65) ]
TOTAL THIS MO.    10    CLEAR  (SCALE 0-3)   9
DPTR FM NORMAL     6    PTCLDY (SCALE 4-7)   6
TOTAL FM JUL 1    10    CLOUDY (SCALE 8-10)  4
DPTR FM NORMAL     6

[CDD (BASE 65) ]
TOTAL THIS MO.   177
DPTR FM NORMAL     6    [PRESSURE DATA]
TOTAL FM JAN 1  1629    HIGHEST SLP M ON M
DPTR FM NORMAL   -14    LOWEST  SLP M ON M

[REMARKS]
