000
CXUS55 KPIH 271200
CF6BYI

PRELIMINARY LOCAL CLIMATOLOGICAL DATA (WS FORM: F-6)

                                          STATION:   BURLEY ID
                                          MONTH:     AUGUST
                                          YEAR:      2016
                                          LATITUDE:   42 32 N
                                          LONGITUDE: 113 46 W

  TEMPERATURE IN F:       :PCPN:    SNOW:  WIND      :SUNSHINE: SKY     :PK WND
================================================================================
1   2   3   4   5  6A  6B    7    8   9   10  11  12  13   14  15   16   17  18
                                     12Z  AVG MX 2MIN
DY MAX MIN AVG DEP HDD CDD  WTR  SNW DPTH SPD SPD DIR MIN PSBL S-S WX    SPD DR
================================================================================

 1  88  51  70  -1   0   5 0.00    M    M  5.4 12 260   M    M   0 8      17 260
 2  93  52  73   2   0   8 0.00    M    M  4.2 18 260   M    M   0        25 250
 3  76  55  66  -4   0   1 0.00    M    M 14.9 25 270   M    M   0        36 270
 4  84  42  63  -7   2   0 0.00    M    M  3.1 14 230   M    M   0        18 240
 5  88  50  69  -1   0   4 0.00    M    M  4.4 20 270   M    M   0 8      28 260
 6  90  54  72   2   0   7 0.02    M    M  4.3 16 210   M    M   0 3      23 210
 7  84  56  70   0   0   5 0.00    M    M  5.7 20 290   M    M   0        30 280
 8  85  49  67  -3   0   2 0.00    M    M  5.9 13 270   M    M   0        18 220
 9  75  51  63  -7   2   0 0.00    M    M 11.9 22 250   M    M   0        28 270
10  77  45  61  -9   4   0 0.00    M    M  6.3 18 260   M    M   1        23 250
11  79  47  63  -7   2   0 0.00    M    M  7.1 17 260   M    M   0        25 270
12  83  46  65  -4   0   0 0.00    M    M  6.6 16 260   M    M   0        22 270
13  86  49  68  -1   0   3 0.00    M    M  5.9 16 260   M    M   0        21 260
14  94  52  73   4   0   8 0.00    M    M  4.3 13 200   M    M   0 8      17 290
15  89  51  70   1   0   5 0.00    M    M  3.5 10 210   M    M   0        13  10
16  93  52  73   5   0   8 0.00    M    M  2.2  9 200   M    M   0        11 220
17  90  57  74   6   0   9 0.00    M    M  3.5 17 160   M    M   0        23 150
18  89  62  76   8   0  11 0.00    M    M  5.0 14  10   M    M   0 8      18  20
19  82  53  68   0   0   3 0.00    M    M  7.3 18  70   M    M   0        24  70
20  83  50  67  -1   0   2 0.00    M    M  6.1 14 270   M    M   0        17 260
21  91  49  70   3   0   5 0.00    M    M  5.4 13 210   M    M   0        17 210
22  81  51  66  -1   0   1 0.00    M    M  9.1 21 260   M    M   0        26 270
23  76  46  61  -6   4   0 0.00    M    M 10.4 21 270   M    M   0        27 280
24  74  40  57  -9   8   0 0.00    M    M  4.8 13 280   M    M   0        18 290
25  79  47  63  -3   2   0 0.00    M    M  8.7 18  90   M    M   0        26  80
26  77  42  60  -6   5   0 0.00    M    M  5.7 15 260   M    M   0        21 290
================================================================================
SM 2186 1299        29  87  0.02    M    161.7          M        1
================================================================================
AV 84.1 50.0                               6.2 FASTST   M    M   0    MAX(MPH)
                                 MISC ---->  # 25 270               # 36  270
================================================================================
NOTES:
# LAST OF SEVERAL OCCURRENCES
PRECIPITATION SUSPECT DURING FREEZING/FROZEN EVENTS

COLUMN 17 PEAK WIND IN M.P.H.

PRELIMINARY LOCAL CLIMATOLOGICAL DATA (WS FORM: F-6) , PAGE 2

                                          STATION:  BURLEY ID
                                          MONTH:    AUGUST
                                          YEAR:     2016
                                          LATITUDE:   42 32 N
                                          LONGITUDE: 113 46 W

[TEMPERATURE DATA]      [PRECIPITATION DATA]       SYMBOLS USED IN COLUMN 16

AVERAGE MONTHLY: 67.0   TOTAL FOR MONTH:   0.02    1 = FOG OR MIST
DPTR FM NORMAL:  -1.7   DPTR FM NORMAL:   -0.30    2 = FOG REDUCING VISIBILITY
HIGHEST:    94 ON 14    GRTST 24HR  0.02 ON  6- 6      TO 1/4 MILE OR LESS
LOWEST:     40 ON 24                               3 = THUNDER
                        SNOW, ICE PELLETS, HAIL    4 = ICE PELLETS
                        TOTAL MONTH:    M          5 = HAIL
                        GRTST 24HR    M  ON   M    6 = FREEZING RAIN OR DRIZZLE
                        GRTST DEPTH:  M  ON   M    7 = DUSTSTORM OR SANDSTORM:
                                                       VSBY 1/2 MILE OR LESS
                                                   8 = SMOKE OR HAZE
[NO. OF DAYS WITH]      [WEATHER - DAYS WITH]      9 = BLOWING SNOW
                                                   X = TORNADO
MAX 32 OR BELOW:   0    0.01 INCH OR MORE:   1
MAX 90 OR ABOVE:   6    0.10 INCH OR MORE:   0
MIN 32 OR BELOW:   0    0.50 INCH OR MORE:   0
MIN  0 OR BELOW:   0    1.00 INCH OR MORE:   0

[HDD (BASE 65) ]
TOTAL THIS MO.    29    CLEAR  (SCALE 0-3)  26
DPTR FM NORMAL     7    PTCLDY (SCALE 4-7)   0
TOTAL FM JUL 1    55    CLOUDY (SCALE 8-10)  0
DPTR FM NORMAL    11

[CDD (BASE 65) ]
TOTAL THIS MO.    87
DPTR FM NORMAL   -33    [PRESSURE DATA]
TOTAL FM JAN 1   328    HIGHEST SLP M ON M
DPTR FM NORMAL    -5    LOWEST  SLP 29.67 ON  8

[REMARKS]
