000
CXUS55 KPIH 211200
CF6BYI

PRELIMINARY LOCAL CLIMATOLOGICAL DATA (WS FORM: F-6)

                                          STATION:   BURLEY ID
                                          MONTH:     JULY
                                          YEAR:      2017
                                          LATITUDE:   42 32 N
                                          LONGITUDE: 113 46 W

  TEMPERATURE IN F:       :PCPN:    SNOW:  WIND      :SUNSHINE: SKY     :PK WND
================================================================================
1   2   3   4   5  6A  6B    7    8   9   10  11  12  13   14  15   16   17  18
                                     12Z  AVG MX 2MIN
DY MAX MIN AVG DEP HDD CDD  WTR  SNW DPTH SPD SPD DIR MIN PSBL S-S WX    SPD DR
================================================================================

 1  89  47  68   2   0   3    T    M    M  5.8 29 150   M    M   0        39 150
 2  92  54  73   6   0   8 0.00    M    M  4.6 10 230   M    M   0        13 220
 3  92  55  74   7   0   9 0.00    M    M  4.6 10 270   M    M   0        14 260
 4  95  57  76   9   0  11 0.00    M    M  4.2 10 150   M    M   0        13 140
 5  92  56  74   6   0   9 0.00    M    M  5.4 16 260   M    M   0        22 260
 6  96  56  76   8   0  11 0.00    M    M  4.5 14 200   M    M   0        19 200
 7  97  57  77   9   0  12 0.00    M    M  3.6 12  80   M    M   0 8      14  80
 8  95  61  78  10   0  13 0.00    M    M  7.8 23 210   M    M   0        28 200
 9  96  61  79  10   0  14    T    M    M  8.6 33 180   M    M   0 8      45 180
10  91  62  77   8   0  12 0.00    M    M  5.6 15 220   M    M   0        20 220
11  87  54  71   2   0   6 0.00    M    M  7.9 17 270   M    M   0 8      22 260
12  91  54  73   4   0   8 0.00    M    M  4.3  9 270   M    M   0 8      13 290
13  96  54  75   6   0  10 0.00    M    M  4.5 13 150   M    M   0 3      16 140
14  94  59  77   7   0  12 0.00    M    M  2.7 14 320   M    M   M        17 330
15  98  60  79   9   0  14 0.00    M    M  6.6 21 180   M    M   0        28 200
16  86  59  73   3   0   8 0.00    M    M  7.3 17 270   M    M   0        27 270
17  85  53  69  -1   0   4 0.00    M    M  6.7 14 200   M    M   0 8      27 330
18  92  51  72   2   0   7 0.00    M    M  2.6 10 200   M    M   0        13 320
19  91  53  72   2   0   7 0.00    M    M  4.3 13 290   M    M   0        20 350
20  87  57  72   2   0   7 0.00    M    M  7.4 15 290   M    M   1        22 290
================================================================================
SM 1842 1120         0 185    T     M    109.0          M        1
================================================================================
AV 92.1 56.0                               5.4 FASTST   M    M   0    MAX(MPH)
                                 MISC ---->  # 33 180               # 45  180
================================================================================
NOTES:
# LAST OF SEVERAL OCCURRENCES
PRECIPITATION SUSPECT DURING FREEZING/FROZEN EVENTS

COLUMN 17 PEAK WIND IN M.P.H.

PRELIMINARY LOCAL CLIMATOLOGICAL DATA (WS FORM: F-6) , PAGE 2

                                          STATION:  BURLEY ID
                                          MONTH:    JULY
                                          YEAR:     2017
                                          LATITUDE:   42 32 N
                                          LONGITUDE: 113 46 W

[TEMPERATURE DATA]      [PRECIPITATION DATA]       SYMBOLS USED IN COLUMN 16

AVERAGE MONTHLY: 74.1   TOTAL FOR MONTH:      T    1 = FOG OR MIST
DPTR FM NORMAL:   5.4   DPTR FM NORMAL:   -0.20    2 = FOG REDUCING VISIBILITY
HIGHEST:    98 ON 15    GRTST 24HR    T  ON  9- 9      TO 1/4 MILE OR LESS
LOWEST:     47 ON  1                               3 = THUNDER
                        SNOW, ICE PELLETS, HAIL    4 = ICE PELLETS
                        TOTAL MONTH:    M          5 = HAIL
                        GRTST 24HR    M  ON   M    6 = FREEZING RAIN OR DRIZZLE
                        GRTST DEPTH:  M  ON   M    7 = DUSTSTORM OR SANDSTORM:
                                                       VSBY 1/2 MILE OR LESS
                                                   8 = SMOKE OR HAZE
[NO. OF DAYS WITH]      [WEATHER - DAYS WITH]      9 = BLOWING SNOW
                                                   X = TORNADO
MAX 32 OR BELOW:   0    0.01 INCH OR MORE:   0
MAX 90 OR ABOVE:  15    0.10 INCH OR MORE:   0
MIN 32 OR BELOW:   0    0.50 INCH OR MORE:   0
MIN  0 OR BELOW:   0    1.00 INCH OR MORE:   0

[HDD (BASE 65) ]
TOTAL THIS MO.     0    CLEAR  (SCALE 0-3)  19
DPTR FM NORMAL   -20    PTCLDY (SCALE 4-7)   0
TOTAL FM JUL 1     0    CLOUDY (SCALE 8-10)  0
DPTR FM NORMAL   -20

[CDD (BASE 65) ]
TOTAL THIS MO.   185
DPTR FM NORMAL    91    [PRESSURE DATA]
TOTAL FM JAN 1   261    HIGHEST SLP 29.89 ON 13
DPTR FM NORMAL   114    LOWEST  SLP 29.74 ON 10

[REMARKS]
