000
CXUS56 KTFX 291205
CF6BZN
PRELIMINARY LOCAL CLIMATOLOGICAL DATA (WS FORM: F-6)

                                          STATION:   BOZEMAN/GALLATIN FIELD MT
                                          MONTH:     JULY
                                          YEAR:      2014
                                          LATITUDE:   45 46 N
                                          LONGITUDE: 111  9 W

  TEMPERATURE IN F:       :PCPN:    SNOW:  WIND      :SUNSHINE: SKY     :PK WND
================================================================================
1   2   3   4   5  6A  6B    7    8   9   10  11  12  13   14  15   16   17  18
                                     12Z  AVG MX 2MIN
DY MAX MIN AVG DEP HDD CDD  WTR  SNW DPTH SPD SPD DIR MIN PSBL S-S WX    SPD DR
================================================================================

 1  78  39  59  -7   6   0 0.00  0.0    0  4.2 13 140   M    M   0        15 330
 2  87  44  66   0   0   1 0.00  0.0    0  4.6 14 140   M    M   0        17 140
 3  90  52  71   4   0   6 0.00  0.0    0  5.2 24 190   M    M   0 3      29 200
 4  92  50  71   4   0   6 0.06  0.0    0  6.7 32 260   M    M   1 38     42 250
 5  89  50  70   3   0   5 0.00  0.0    0  6.2 17 240   M    M   0        22 240
 6  91  49  70   2   0   5 0.00  0.0    0  5.6 14 360   M    M   0        17 350
 7  82  51  67  -1   0   2 0.00  0.0    0  4.5 13 140   M    M   0        16 130
 8  87  48  68   0   0   3 0.00  0.0    0  3.3 10 140   M    M   0        11 360
 9  88  55  72   4   0   7    T  0.0    0  4.4 29 320   M    M   2        36 320
10  89  55  72   3   0   7 0.00  0.0    0  3.7 12  80   M    M   1        14  70
11  86  48  67  -2   0   2 0.00  0.0    0  7.1 22 130   M    M   0 3      27 130
12  87  55  71   2   0   6 0.21  0.0    0  5.9 23 210   M    M   5 13     27 190
13  90  53  72   3   0   7 0.00  0.0    0  4.4 14 140   M    M   0        15 150
14  82  57  70   0   0   5 0.00  0.0    0  6.6 21 140   M    M   0        24 140
15  76  55  66  -4   0   1 0.10  0.0    0  5.6 25 330   M    M   5 13     30 330
16  81  51  66  -4   0   1 0.00  0.0    0  3.8 13 140   M    M   3 12     13 140
17  90  50  70   0   0   5 0.00  0.0    0  5.0 14 300   M    M   1 18     19 340
18  88  50  69  -1   0   4 0.00  0.0    0  6.1 18 340   M    M   0        22 350
19  90  47  69  -1   0   4 0.00  0.0    0  6.7 20 280   M    M   2 8      24 270
20  92  50  71   0   0   6 0.00  0.0    0  7.8 23 270   M    M   0 8      30 280
21  83  60  72   1   0   7 0.01  0.0    0  6.1 21  10   M    M   4        24 220
22  87  55  71   0   0   6    T  0.0    0  5.9 21 180   M    M   1        28 180
23  90  52  71   0   0   6 0.00  0.0    0  4.6 17 300   M    M   0        21 300
24  82  51  67  -4   0   2 0.00  0.0    0  7.6 26 360   M    M   0        32 360
25  83  39  61 -10   4   0 0.00  0.0    0  7.6 21 290   M    M   0        26 280
26  83  40  62  -9   3   0 0.00  0.0    0  4.8 15 210   M    M   0        17 190
27  90  44  67  -4   0   2 0.00  0.0    0  4.0  9 100   M    M   0        14 360
28  85  51  68  -3   0   3 0.00  0.0    0  4.9 12 150   M    M   0        15 320
================================================================================
SM 2418 1401        13 109  0.38     0.0 152.9          M       25
================================================================================
AV 86.4 50.0                               5.5 FASTST   M    M   1    MAX(MPH)
                                 MISC ---->  # 32 260               # 42  250
================================================================================
NOTES:
# LAST OF SEVERAL OCCURRENCES

COLUMN 17 PEAK WIND IN M.P.H.

PRELIMINARY LOCAL CLIMATOLOGICAL DATA (WS FORM: F-6) , PAGE 2

                                          STATION:  BOZEMAN/GALLATIN FIELD MT
                                          MONTH:    JULY
                                          YEAR:     2014
                                          LATITUDE:   45 46 N
                                          LONGITUDE: 111  9 W

[TEMPERATURE DATA]      [PRECIPITATION DATA]       SYMBOLS USED IN COLUMN 16

AVERAGE MONTHLY: 68.2   TOTAL FOR MONTH:   0.38    1 = FOG OR MIST
DPTR FM NORMAL:  -1.1   DPTR FM NORMAL:   -0.65    2 = FOG REDUCING VISIBILITY
HIGHEST:    92 ON 20, 4 GRTST 24HR  0.21 ON 12-12      TO 1/4 MILE OR LESS
LOWEST:     39 ON 25, 1                            3 = THUNDER
                        SNOW, ICE PELLETS, HAIL    4 = ICE PELLETS
                        TOTAL MONTH:   0.0 INCH    5 = HAIL
                        GRTST 24HR     0.0         6 = FREEZING RAIN OR DRIZZLE
                        GRTST DEPTH:   0           7 = DUSTSTORM OR SANDSTORM:
                                                       VSBY 1/2 MILE OR LESS
                                                   8 = SMOKE OR HAZE
[NO. OF DAYS WITH]      [WEATHER - DAYS WITH]      9 = BLOWING SNOW
                                                   X = TORNADO
MAX 32 OR BELOW:   0    0.01 INCH OR MORE:   4
MAX 90 OR ABOVE:   9    0.10 INCH OR MORE:   2
MIN 32 OR BELOW:   0    0.50 INCH OR MORE:   0
MIN  0 OR BELOW:   0    1.00 INCH OR MORE:   0

[HDD (BASE 65) ]
TOTAL THIS MO.    13    CLEAR  (SCALE 0-3)  24
DPTR FM NORMAL   -14    PTCLDY (SCALE 4-7)   4
TOTAL FM JUL 1    13    CLOUDY (SCALE 8-10)  0
DPTR FM NORMAL   -14

[CDD (BASE 65) ]
TOTAL THIS MO.   109
DPTR FM NORMAL   -35    [PRESSURE DATA]
TOTAL FM JAN 1   109    HIGHEST SLP M ON M
DPTR FM NORMAL   -77    LOWEST  SLP 29.66 ON 20

[REMARKS]
