000
CXUS55 KCAE 291400
CF6CAE
PRELIMINARY LOCAL CLIMATOLOGICAL DATA (WS FORM: F-6)

                                          STATION:   COLUMBIA METRO AIRPORT SC
                                          MONTH:     AUGUST
                                          YEAR:      2015
                                          LATITUDE:   33 57 N
                                          LONGITUDE:  81  7 W

  TEMPERATURE IN F:       :PCPN:    SNOW:  WIND      :SUNSHINE: SKY     :PK WND
================================================================================
1   2   3   4   5  6A  6B    7    8   9   10  11  12  13   14  15   16   17  18
                                     12Z  AVG MX 2MIN
DY MAX MIN AVG DEP HDD CDD  WTR  SNW DPTH SPD SPD DIR MIN PSBL S-S WX    SPD DR
================================================================================

 1  98  76  87   5   0  22 0.00  0.0    0  5.7 13 200   M    M   4        17  80
 2  98  75  87   5   0  22    T  0.0    0  5.8 22 160   M    M   5 18     26 140
 3  94  74  84   2   0  19 0.00  0.0    0  5.9 20 120   M    M   5 18     25 130
 4 102  74  88   6   0  23 0.00  0.0    0  4.4 15 270   M    M   3 18     21 280
 5 101  73  87   5   0  22 0.72  0.0    0  5.6 24 280   M    M   5 3      29 280
 6  95  72  84   2   0  19 1.36  0.0    0  7.2 21  80   M    M   4 13     25 340
 7  91  73  82   0   0  17 0.27  0.0    0  6.4 16  20   M    M   7 1      22  20
 8  91  73  82   0   0  17 0.00  0.0    0  4.9 12  20   M    M   5        16  50
 9  91  72  82   0   0  17 0.00  0.0    0  4.6 12  80   M    M   3        15  80
10  89  73  81  -1   0  16    T  0.0    0  6.7 15 200   M    M   5        20 210
11  94  76  85   4   0  20    T  0.0    0  5.7 15 230   M    M   7        18 320
12  94  73  84   3   0  19    T  0.0    0  5.2 14  70   M    M   3        17  60
13  93  70  82   1   0  17 0.00  0.0    0  4.4 16 110   M    M   3 1      19 100
14  92  68  80  -1   0  15 0.00  0.0    0  4.1 15  80   M    M   3        18  90
15  93  67  80  -1   0  15 0.00  0.0    0  2.1  9 120   M    M   5        13 110
16  93  70  82   1   0  17 0.00  0.0    0  3.9 12 180   M    M   5        16 100
17  93  72  83   2   0  18    T  0.0    0  3.6 21 200   M    M   6        26 160
18  90  74  82   1   0  17 0.20  0.0    0  4.4 20 200   M    M   7 13     25 210
19  93  72  83   2   0  18    T  0.0    0  5.3 14 210   M    M   6 1      18 240
20  96  75  86   5   0  21    T  0.0    0  7.2 15 190   M    M   5        27 310
21  93  74  84   4   0  19    T  0.0    0  3.3 10  40   M    M   5        13  30
22  92  76  84   4   0  19 0.07  0.0    0  3.2 13 260   M    M   5 18     16 250
23  90  73  82   2   0  17 0.01  0.0    0  4.3 13  20   M    M   6 1      18  10
24  95  71  83   3   0  18 0.00  0.0    0  3.9 10 290   M    M   5 18     13 300
25  97  75  86   6   0  21 0.00  0.0    0  3.8 13 320   M    M   3        17 270
26  93  73  83   3   0  18 0.00  0.0    0  6.0 14  60   M    M   5        18  70
27  90  74  82   2   0  17 0.00  0.0    0  8.5 16 110   M    M   6        19 110
28  91  67  79  -1   0  14 0.00  0.0    0  7.0 16 120   M    M   5        21 110
================================================================================
SM 2622 2035         0 514  2.63     0.0 143.1          M      136
================================================================================
AV 93.6 72.7                               5.1 FASTST   M    M   5    MAX(MPH)
                                 MISC ---->  # 24 280               # 29  280
================================================================================
NOTES:
# LAST OF SEVERAL OCCURRENCES

COLUMN 17 PEAK WIND IN M.P.H.

PRELIMINARY LOCAL CLIMATOLOGICAL DATA (WS FORM: F-6) , PAGE 2

                                          STATION:  COLUMBIA METRO AIRPORT SC
                                          MONTH:    AUGUST
                                          YEAR:     2015
                                          LATITUDE:   33 57 N
                                          LONGITUDE:  81  7 W

[TEMPERATURE DATA]      [PRECIPITATION DATA]       SYMBOLS USED IN COLUMN 16

AVERAGE MONTHLY: 83.2   TOTAL FOR MONTH:   2.63    1 = FOG OR MIST
DPTR FM NORMAL:   2.1   DPTR FM NORMAL:   -2.22    2 = FOG REDUCING VISIBILITY
HIGHEST:   102 ON  4    GRTST 24HR  1.62 ON  6- 7      TO 1/4 MILE OR LESS
LOWEST:     67 ON 28,15                            3 = THUNDER
                        SNOW, ICE PELLETS, HAIL    4 = ICE PELLETS
                        TOTAL MONTH:   0.0 INCH    5 = HAIL
                        GRTST 24HR     0.0         6 = FREEZING RAIN OR DRIZZLE
                        GRTST DEPTH:   0           7 = DUSTSTORM OR SANDSTORM:
                                                       VSBY 1/2 MILE OR LESS
                                                   8 = SMOKE OR HAZE
[NO. OF DAYS WITH]      [WEATHER - DAYS WITH]      9 = BLOWING SNOW
                                                   X = TORNADO
MAX 32 OR BELOW:   0    0.01 INCH OR MORE:   6
MAX 90 OR ABOVE:  27    0.10 INCH OR MORE:   4
MIN 32 OR BELOW:   0    0.50 INCH OR MORE:   2
MIN  0 OR BELOW:   0    1.00 INCH OR MORE:   1

[HDD (BASE 65) ]
TOTAL THIS MO.     0    CLEAR  (SCALE 0-3)   3
DPTR FM NORMAL     0    PTCLDY (SCALE 4-7)  25
TOTAL FM JUL 1     0    CLOUDY (SCALE 8-10)  0
DPTR FM NORMAL     0

[CDD (BASE 65) ]
TOTAL THIS MO.   514
DPTR FM NORMAL    63    [PRESSURE DATA]
TOTAL FM JAN 1  2111    HIGHEST SLP M ON M
DPTR FM NORMAL   383    LOWEST  SLP 29.75 ON  7

[REMARKS]
