000
CXUS55 KCAE 181400
CF6CAE
PRELIMINARY LOCAL CLIMATOLOGICAL DATA (WS FORM: F-6)

                                          STATION:   COLUMBIA METRO AIRPORT SC
                                          MONTH:     APRIL
                                          YEAR:      2014
                                          LATITUDE:   33 57 N
                                          LONGITUDE:  81  7 W

  TEMPERATURE IN F:       :PCPN:    SNOW:  WIND      :SUNSHINE: SKY     :PK WND
================================================================================
1   2   3   4   5  6A  6B    7    8   9   10  11  12  13   14  15   16   17  18
                                     12Z  AVG MX 2MIN
DY MAX MIN AVG DEP HDD CDD  WTR  SNW DPTH SPD SPD DIR MIN PSBL S-S WX    SPD DR
================================================================================

 1  87  44  66   6   0   1 0.00  0.0    0  4.9 17 270   M    M   3        26 310
 2  89  47  68   8   0   3 0.00  0.0    0  5.6 17 220   M    M   3        23 230
 3  88  57  73  13   0   8 0.00  0.0    0  6.2 18 190   M    M   5        25 200
 4  86  57  72  12   0   7 0.00  0.0    0 10.9 26 250   M    M   5        35 260
 5  81  55  68   7   0   3 0.00  0.0    0  6.9 17 230   M    M   6        23 270
 6  63  54  59  -2   6   0 0.00  0.0    0  8.2 15 100   M    M   8        19  40
 7  66  53  60  -1   5   0 0.69  0.0    0  7.9 16 150   M    M  10 138    22 220
 8  70  57  64   3   1   0 0.01  0.0    0  9.2 18 270   M    M   8 1      23 210
 9  73  47  60  -2   5   0    T  0.0    0  6.5 18 280   M    M   4        23 310
10  79  41  60  -2   5   0 0.00  0.0    0  3.8 15 250   M    M   0        19 240
11  81  49  65   3   0   0 0.00  0.0    0  8.0 24 190   M    M   3        28 190
12  84  53  69   7   0   4 0.00  0.0    0  4.4 13 180   M    M   2        17 180
13  85  58  72   9   0   7 0.00  0.0    0  7.5 16 140   M    M   5        22 220
14  84  62  73  10   0   8 0.22  0.0    0  8.8 17 170   M    M   7 1      23 180
15  73  46  60  -3   5   0 0.11  0.0    0 13.0 29 200   M    M   9 1      36 180
16  61  39  50 -13  15   0 0.00  0.0    0  8.9 18  10   M    M   1        24  20
17  70  41  56  -8   9   0 0.00  0.0    0  7.8 16  80   M    M   3        22  70
================================================================================
SM 1320  860        51  41  1.03     0.0 128.5          M       82
================================================================================
AV 77.6 50.6                               7.6 FASTST   M    M   5    MAX(MPH)
                                 MISC ---->  # 29 200               # 36  180
================================================================================
NOTES:
# LAST OF SEVERAL OCCURRENCES

COLUMN 17 PEAK WIND IN M.P.H.

PRELIMINARY LOCAL CLIMATOLOGICAL DATA (WS FORM: F-6) , PAGE 2

                                          STATION:  COLUMBIA METRO AIRPORT SC
                                          MONTH:    APRIL
                                          YEAR:     2014
                                          LATITUDE:   33 57 N
                                          LONGITUDE:  81  7 W

[TEMPERATURE DATA]      [PRECIPITATION DATA]       SYMBOLS USED IN COLUMN 16

AVERAGE MONTHLY: 64.1   TOTAL FOR MONTH:   1.03    1 = FOG OR MIST
DPTR FM NORMAL:   2.5   DPTR FM NORMAL:   -0.46    2 = FOG REDUCING VISIBILITY
HIGHEST:    89 ON  2    GRTST 24HR  0.70 ON  7- 8      TO 1/4 MILE OR LESS
LOWEST:     39 ON 16                               3 = THUNDER
                        SNOW, ICE PELLETS, HAIL    4 = ICE PELLETS
                        TOTAL MONTH:   0.0 INCH    5 = HAIL
                        GRTST 24HR     0.0         6 = FREEZING RAIN OR DRIZZLE
                        GRTST DEPTH:   0           7 = DUSTSTORM OR SANDSTORM:
                                                       VSBY 1/2 MILE OR LESS
                                                   8 = SMOKE OR HAZE
[NO. OF DAYS WITH]      [WEATHER - DAYS WITH]      9 = BLOWING SNOW
                                                   X = TORNADO
MAX 32 OR BELOW:   0    0.01 INCH OR MORE:   4
MAX 90 OR ABOVE:   0    0.10 INCH OR MORE:   3
MIN 32 OR BELOW:   0    0.50 INCH OR MORE:   1
MIN  0 OR BELOW:   0    1.00 INCH OR MORE:   0

[HDD (BASE 65) ]
TOTAL THIS MO.    51    CLEAR  (SCALE 0-3)   5
DPTR FM NORMAL   -36    PTCLDY (SCALE 4-7)  10
TOTAL FM JUL 1  2527    CLOUDY (SCALE 8-10)  2
DPTR FM NORMAL    31

[CDD (BASE 65) ]
TOTAL THIS MO.    41
DPTR FM NORMAL    11    [PRESSURE DATA]
TOTAL FM JAN 1    49    HIGHEST SLP M ON M
DPTR FM NORMAL    -3    LOWEST  SLP 29.61 ON 15

[REMARKS]
