000
CXUS55 KCAE 261400
CF6CAE
PRELIMINARY LOCAL CLIMATOLOGICAL DATA (WS FORM: F-6)

                                          STATION:   COLUMBIA METRO AIRPORT SC
                                          MONTH:     SEPTEMBER
                                          YEAR:      2016
                                          LATITUDE:   33 57 N
                                          LONGITUDE:  81  7 W

  TEMPERATURE IN F:       :PCPN:    SNOW:  WIND      :SUNSHINE: SKY     :PK WND
================================================================================
1   2   3   4   5  6A  6B    7    8   9   10  11  12  13   14  15   16   17  18
                                     12Z  AVG MX 2MIN
DY MAX MIN AVG DEP HDD CDD  WTR  SNW DPTH SPD SPD DIR MIN PSBL S-S WX    SPD DR
================================================================================

 1  95  71  83   4   0  18 0.69  0.0    0  5.4 17 180   M    M   5 13     21 170
 2  76  69  73  -6   0   8 3.88  0.0    0 12.0 25  20   M    M   8 13     39  20
 3  87  67  77  -1   0  12 0.00  0.0    0  5.1 13  20   M    M   2        18  20
 4  88  69  79   1   0  14 0.00  0.0    0  4.3 13  70   M    M   4        17  70
 5  88  65  77  -1   0  12 0.00  0.0    0  3.1 12  50   M    M   1        16  20
 6  93  64  79   1   0  14 0.00  0.0    0  4.1 14 300   M    M   1        20 310
 7  95  68  82   5   0  17 0.00  0.0    0  3.7 13 310   M    M   2        17 300
 8  95  70  83   6   0  18 0.00  0.0    0  4.2 10 190   M    M   2        14 170
 9  96  72  84   7   0  19 0.00  0.0    0  3.5 12 290   M    M   4        15 340
10  95  72  84   7   0  19 0.00  0.0    0  4.7 12 220   M    M   5        16 210
11  94  76  85   9   0  20 0.00  0.0    0  5.7 16 300   M    M   7        21 310
12  87  70  79   3   0  14 1.49  0.0    0  3.1 21  90   M    M   7 1238   26 100
13  89  72  81   5   0  16 0.02  0.0    0  5.9 25 110   M    M   7 1      35 130
14  87  74  81   6   0  16 0.25  0.0    0  5.3 18  60   M    M   7 138    26  60
15  91  71  81   6   0  16 0.00  0.0    0  4.6 14  70   M    M   2 18     17  80
16  88  70  79   4   0  14 0.00  0.0    0  6.6 14  60   M    M   3 18     17  40
17  86  71  79   5   0  14 0.00  0.0    0  4.0  9 120   M    M   5 1      12 120
18  91  68  80   6   0  15 0.00  0.0    0  2.2  7 260   M    M   4        11 280
19  92  69  81   7   0  16 0.24  0.0    0  4.4 23 330   M    M   6 13     31 340
20  87  69  78   5   0  13 0.01  0.0    0  6.2 13  80   M    M   6        17  20
21  80  72  76   3   0  11 0.09  0.0    0  6.4 18  20   M    M   8 18     25  10
22  84  71  78   5   0  13 0.01  0.0    0  6.0 12  60   M    M   8 18     15  30
23  87  72  80   8   0  15    T  0.0    0  4.5 13 360   M    M   7 8      17  30
24  92  68  80   8   0  15 0.00  0.0    0  1.6  9  90   M    M   2 1      11  80
25  90  67  79   7   0  14 0.00  0.0    0  3.5 12 130   M    M   1        14 130
================================================================================
SM 2233 1747         0 373  6.68     0.0 120.1          M      114
================================================================================
AV 89.3 69.9                               4.8 FASTST   M    M   5    MAX(MPH)
                                 MISC ---->  # 25  20               # 39   20
================================================================================
NOTES:
# LAST OF SEVERAL OCCURRENCES

COLUMN 17 PEAK WIND IN M.P.H.

PRELIMINARY LOCAL CLIMATOLOGICAL DATA (WS FORM: F-6) , PAGE 2

                                          STATION:  COLUMBIA METRO AIRPORT SC
                                          MONTH:    SEPTEMBER
                                          YEAR:     2016
                                          LATITUDE:   33 57 N
                                          LONGITUDE:  81  7 W

[TEMPERATURE DATA]      [PRECIPITATION DATA]       SYMBOLS USED IN COLUMN 16

AVERAGE MONTHLY: 79.6   TOTAL FOR MONTH:   6.68    1 = FOG OR MIST
DPTR FM NORMAL:   4.1   DPTR FM NORMAL:    3.71    2 = FOG REDUCING VISIBILITY
HIGHEST:    96 ON  9    GRTST 24HR  4.57 ON  1- 2      TO 1/4 MILE OR LESS
LOWEST:     64 ON  6                               3 = THUNDER
                        SNOW, ICE PELLETS, HAIL    4 = ICE PELLETS
                        TOTAL MONTH:   0.0 INCH    5 = HAIL
                        GRTST 24HR     0.0         6 = FREEZING RAIN OR DRIZZLE
                        GRTST DEPTH:   0           7 = DUSTSTORM OR SANDSTORM:
                                                       VSBY 1/2 MILE OR LESS
                                                   8 = SMOKE OR HAZE
[NO. OF DAYS WITH]      [WEATHER - DAYS WITH]      9 = BLOWING SNOW
                                                   X = TORNADO
MAX 32 OR BELOW:   0    0.01 INCH OR MORE:   9
MAX 90 OR ABOVE:  12    0.10 INCH OR MORE:   5
MIN 32 OR BELOW:   0    0.50 INCH OR MORE:   3
MIN  0 OR BELOW:   0    1.00 INCH OR MORE:   2

[HDD (BASE 65) ]
TOTAL THIS MO.     0    CLEAR  (SCALE 0-3)   9
DPTR FM NORMAL    -2    PTCLDY (SCALE 4-7)  16
TOTAL FM JUL 1     0    CLOUDY (SCALE 8-10)  0
DPTR FM NORMAL    -2

[CDD (BASE 65) ]
TOTAL THIS MO.   373
DPTR FM NORMAL   106    [PRESSURE DATA]
TOTAL FM JAN 1  2660    HIGHEST SLP M ON M
DPTR FM NORMAL   625    LOWEST  SLP 29.65 ON  2

[REMARKS]
