000
CXUS55 KGJT 301000
CF6CAG
PRELIMINARY LOCAL CLIMATOLOGICAL DATA (WS FORM: F-6)

                                          STATION:   CRAIG CO
                                          MONTH:     SEPTEMBER
                                          YEAR:      2016
                                          LATITUDE:   40 30 N
                                          LONGITUDE: 107 32 W

  TEMPERATURE IN F:       :PCPN:    SNOW:  WIND      :SUNSHINE: SKY     :PK WND
================================================================================
1   2   3   4   5  6A  6B    7    8   9   10  11  12  13   14  15   16   17  18
                                     12Z  AVG MX 2MIN
DY MAX MIN AVG DEP HDD CDD  WTR  SNW DPTH SPD SPD DIR MIN PSBL S-S WX    SPD DR
================================================================================

 1  89  44  67   6   0   2    T    M    M  5.3 18 120   M    M   1 3      23 220
 2  82  53  68   8   0   3 0.05    M    M  9.4 23 170   M    M   4 3      30 170
 3  81  51  66   6   0   1 0.46    M    M  5.7 28 200   M    M   4 13     34 200
 4  79  47  63   3   2   0 0.35    M    M  7.0 26 290   M    M   3 13     35 300
 5  81  41  61   1   4   0 0.00    M    M  7.5 24 250   M    M   0        32 230
 6  83  36  60   1   5   0 0.00    M    M  5.3 26 240   M    M   0        32 270
 7  81  37  59   0   6   0 0.00    M    M  5.6 28 280   M    M   0        34 250
 8  83  33  58   0   7   0 0.00    M    M  6.6 28 280   M    M   0        34 280
 9  74  34  54  -4  11   0 0.00    M    M  5.0 23 330   M    M   0        29 320
10  81  27  54  -4  11   0 0.00    M    M  5.6 22 270   M    M   0        29 270
11  86  29  58   1   7   0    T    M    M  7.5 30 250   M    M   1        42 200
12  82  48  65   8   0   0 0.01    M    M 11.5 36 220   M    M   3        47 210
13  79  39  59   2   6   0 0.05    M    M  7.5 31 240   M    M   3 3      46 240
14  77  42  60   4   5   0    T    M    M  5.6 29 310   M    M   4 3      41 300
15  66  34  50  -6  15   0 0.00    M    M  4.4 16 290   M    M   3        22 290
16  70  27  49  -6  16   0 0.00    M    M  2.8 15 280   M    M   0        20 290
17  74  28  51  -4  14   0 0.00    M    M  4.9 21 270   M    M   0        27 280
18  81  29  55   0  10   0 0.00    M    M  5.9 22 280   M    M   0        32 230
19  87  33  60   6   5   0 0.00    M    M  5.4 22 270   M    M   0        28 270
20  84  37  61   7   4   0 0.00    M    M  9.3 23 240   M    M   1        33 210
21  70  49  60   7   5   0    T    M    M  4.6 21 220   M    M   8        29 220
22  84  48  66  13   0   1 0.02    M    M  9.9 32 200   M    M   5        48 210
23  57  37  47  -5  18   0 0.24    M    M  6.3 21 270   M    M   5 1      29 280
24  51  38  45  -7  20   0 0.13    M    M  7.3 21 250   M    M   9 1      26 240
25  64  35  50  -2  15   0 0.00    M    M  1.6  9 230   M    M   4 12     13 260
26  72  30  51   0  14   0 0.00    M    M  1.8 10 260   M    M   0        13 230
27  78  31  55   4  10   0 0.00    M    M  2.0 13 290   M    M   0        16 290
28  83  31  57   7   8   0 0.00    M    M  3.4 12 300   M    M   0        14 290
29  69  41  55   5  10   0 0.03    M    M  4.0 21 280   M    M   5        24 280
================================================================================
SM 2228 1089       228   7  1.34    M    168.7          M       63
================================================================================
AV 76.8 37.6                               5.8 FASTST   M    M   2    MAX(MPH)
                                 MISC ---->  # 36 220               # 48  210
================================================================================
NOTES:
# LAST OF SEVERAL OCCURRENCES

COLUMN 17 PEAK WIND IN M.P.H.

PRELIMINARY LOCAL CLIMATOLOGICAL DATA (WS FORM: F-6) , PAGE 2

                                          STATION:  CRAIG CO
                                          MONTH:    SEPTEMBER
                                          YEAR:     2016
                                          LATITUDE:   40 30 N
                                          LONGITUDE: 107 32 W

[TEMPERATURE DATA]      [PRECIPITATION DATA]       SYMBOLS USED IN COLUMN 16

AVERAGE MONTHLY: 57.2   TOTAL FOR MONTH:   1.34    1 = FOG OR MIST
DPTR FM NORMAL:   1.6   DPTR FM NORMAL:   -0.50    2 = FOG REDUCING VISIBILITY
HIGHEST:    89 ON  1    GRTST 24HR  0.78 ON  3- 4      TO 1/4 MILE OR LESS
LOWEST:     27 ON 16,10                            3 = THUNDER
                        SNOW, ICE PELLETS, HAIL    4 = ICE PELLETS
                        TOTAL MONTH:    M          5 = HAIL
                        GRTST 24HR    M  ON   M    6 = FREEZING RAIN OR DRIZZLE
                        GRTST DEPTH:  M  ON   M    7 = DUSTSTORM OR SANDSTORM:
                                                       VSBY 1/2 MILE OR LESS
                                                   8 = SMOKE OR HAZE
[NO. OF DAYS WITH]      [WEATHER - DAYS WITH]      9 = BLOWING SNOW
                                                   X = TORNADO
MAX 32 OR BELOW:   0    0.01 INCH OR MORE:   9
MAX 90 OR ABOVE:   0    0.10 INCH OR MORE:   4
MIN 32 OR BELOW:   8    0.50 INCH OR MORE:   0
MIN  0 OR BELOW:   0    1.00 INCH OR MORE:   0

[HDD (BASE 65) ]
TOTAL THIS MO.   228    CLEAR  (SCALE 0-3)  19
DPTR FM NORMAL   -44    PTCLDY (SCALE 4-7)   9
TOTAL FM JUL 1   291    CLOUDY (SCALE 8-10)  1
DPTR FM NORMAL   -58

[CDD (BASE 65) ]
TOTAL THIS MO.     7
DPTR FM NORMAL     7    [PRESSURE DATA]
TOTAL FM JAN 1   201    HIGHEST SLP M ON M
DPTR FM NORMAL    61    LOWEST  SLP 29.45 ON 23

[REMARKS]
