000
CXUS55 KGJT 011000
CF6CAG
PRELIMINARY LOCAL CLIMATOLOGICAL DATA (WS FORM: F-6)

                                          STATION:   CRAIG CO
                                          MONTH:     FEBRUARY
                                          YEAR:      2015
                                          LATITUDE:   40 30 N
                                          LONGITUDE: 107 32 W

  TEMPERATURE IN F:       :PCPN:    SNOW:  WIND      :SUNSHINE: SKY     :PK WND
================================================================================
1   2   3   4   5  6A  6B    7    8   9   10  11  12  13   14  15   16   17  18
                                     12Z  AVG MX 2MIN
DY MAX MIN AVG DEP HDD CDD  WTR  SNW DPTH SPD SPD DIR MIN PSBL S-S WX    SPD DR
================================================================================

 1  35  12  24   6  41   0 0.00    M    M  3.2 13 230   M    M   5        14 260
 2  43  27  35  17  30   0 0.01    M    M  4.2 15 220   M    M  10 1      18 210
 3  45  30  38  20  27   0    T    M    M  6.8 18 240   M    M   8        23 250
 4  41  32  37  19  28   0 0.17    M    M  5.2 17 260   M    M   8 1      21 260
 5  50  27  39  21  26   0 0.00    M    M  1.1  8  60   M    M   0 1      10  70
 6  55  19  37  19  28   0 0.00    M    M  2.7 16 200   M    M   0        20 200
 7  57  25  41  23  24   0 0.00    M    M  6.4 18 240   M    M   2        22 240
 8  57  25  41  22  24   0 0.00    M    M  2.6 14 290   M    M   2        17 280
 9  61  22  42  23  23   0 0.00    M    M  6.6 29 240   M    M   3        35 260
10  47  27  37  18  28   0 0.10    M    M  4.3 15 170   M    M   8 1      20 180
11  50  20  35  16  30   0 0.00    M    M  1.5  7  80   M    M   0         9  80
12  53  21  37  17  28   0 0.00    M    M  2.4 13  70   M    M   3        16  80
13  57  19  38  18  27   0 0.00    M    M  1.2  8  80   M    M   0        10 260
14  61  20  41  21  24   0 0.00    M    M  3.5 12 280   M    M   0        15 290
15  46  25  36  16  29   0    T    M    M  7.1 18 340   M    M   7 1      25 320
16  38  20  29   8  36   0 0.00    M    M  7.0 24 340   M    M   6 18     30 340
17  40  17  29   8  36   0 0.00    M    M  8.2 21 270   M    M   4        26 270
18  51  16  34  13  31   0 0.00    M    M  3.7 17 260   M    M   1        21 280
19  58  17  38  16  27   0 0.00    M    M  5.0 17 280   M    M   1        24 270
20  37  25  31   9  34   0 0.07    M    M  4.9 25 240   M    M   7 18     31 240
21  37  26  32  10  33   0 0.05    M    M  3.5 17 280   M    M  10 1      20 270
22  23  13  18  -5  47   0    T    M    M  6.6 17 240   M    M   9 18     20 250
23  28  10  19  -4  46   0    T    M    M  4.5 13 230   M    M   5 8      14 200
24  40   5  23  -1  42   0 0.00    M    M  2.5 12 210   M    M   1        14 210
25  39  14  27   3  38   0 0.03    M    M  6.3 23 340   M    M   9 18     27 340
26  31   9  20  -4  45   0 0.01    M    M  2.3 10  80   M    M   8 18     12  80
27  35   6  21  -4  44   0 0.00    M    M  2.9 10 240   M    M   4 8      13 250
28  42  17  30   5  35   0 0.06    M    M  6.4 17  70   M    M   4 1      23  70
================================================================================
SM 1257  546       911   0  0.50    M    122.6          M      125
================================================================================
AV 44.9 19.5                               4.4 FASTST   M    M   4    MAX(MPH)
                                 MISC ---->  # 29 240               # 35  260
================================================================================
NOTES:
# LAST OF SEVERAL OCCURRENCES

COLUMN 17 PEAK WIND IN M.P.H.

PRELIMINARY LOCAL CLIMATOLOGICAL DATA (WS FORM: F-6) , PAGE 2

                                          STATION:  CRAIG CO
                                          MONTH:    FEBRUARY
                                          YEAR:     2015
                                          LATITUDE:   40 30 N
                                          LONGITUDE: 107 32 W

[TEMPERATURE DATA]      [PRECIPITATION DATA]       SYMBOLS USED IN COLUMN 16

AVERAGE MONTHLY: 32.2   TOTAL FOR MONTH:   0.50    1 = FOG OR MIST
DPTR FM NORMAL:  11.5   DPTR FM NORMAL:   -0.32    2 = FOG REDUCING VISIBILITY
HIGHEST:    61 ON 14, 9 GRTST 24HR  0.17 ON  4- 4      TO 1/4 MILE OR LESS
LOWEST:      5 ON 24                               3 = THUNDER
                        SNOW, ICE PELLETS, HAIL    4 = ICE PELLETS
                        TOTAL MONTH:    M          5 = HAIL
                        GRTST 24HR    M  ON   M    6 = FREEZING RAIN OR DRIZZLE
                        GRTST DEPTH:  M  ON   M    7 = DUSTSTORM OR SANDSTORM:
                                                       VSBY 1/2 MILE OR LESS
                                                   8 = SMOKE OR HAZE
[NO. OF DAYS WITH]      [WEATHER - DAYS WITH]      9 = BLOWING SNOW
                                                   X = TORNADO
MAX 32 OR BELOW:   3    0.01 INCH OR MORE:   8
MAX 90 OR ABOVE:   0    0.10 INCH OR MORE:   2
MIN 32 OR BELOW:  28    0.50 INCH OR MORE:   0
MIN  0 OR BELOW:   0    1.00 INCH OR MORE:   0

[HDD (BASE 65) ]
TOTAL THIS MO.   911    CLEAR  (SCALE 0-3)  12
DPTR FM NORMAL  -331    PTCLDY (SCALE 4-7)  11
TOTAL FM JUL 1  5461    CLOUDY (SCALE 8-10)  5
DPTR FM NORMAL  -865

[CDD (BASE 65) ]
TOTAL THIS MO.     0
DPTR FM NORMAL     0    [PRESSURE DATA]
TOTAL FM JAN 1     0    HIGHEST SLP 30.54 ON 13
DPTR FM NORMAL     0    LOWEST  SLP 29.77 ON 28

[REMARKS]
#FINAL-02-15#
