000
CXUS55 KGJT 281000
CF6CAG
PRELIMINARY LOCAL CLIMATOLOGICAL DATA (WS FORM: F-6)

                                          STATION:   CRAIG CO
                                          MONTH:     JANUARY
                                          YEAR:      2015
                                          LATITUDE:   40 30 N
                                          LONGITUDE: 107 32 W

  TEMPERATURE IN F:       :PCPN:    SNOW:  WIND      :SUNSHINE: SKY     :PK WND
================================================================================
1   2   3   4   5  6A  6B    7    8   9   10  11  12  13   14  15   16   17  18
                                     12Z  AVG MX 2MIN
DY MAX MIN AVG DEP HDD CDD  WTR  SNW DPTH SPD SPD DIR MIN PSBL S-S WX    SPD DR
================================================================================

 1   2 -24 -11 -26  76   0 0.00    M    M  1.4  8 280   M    M   3 18      9  70
 2  12 -16  -2 -17  67   0 0.00    M    M  0.3  7 210   M    M   3         7 210
 3  26  -5  11  -4  54   0 0.02    M    M  1.4  8 280   M    M   9 128     9 290
 4  27  -3  12  -3  53   0 0.00    M    M  1.7  9  70   M    M  10 12     11  70
 5  38   7  23   8  42   0 0.00    M    M  2.6  9  70   M    M   8 1       M  M
 6  39  15  27  12  38   0 0.00    M    M  0.3  7 210   M    M   4 128     8 210
 7  35  12  24   9  41   0 0.00    M    M  0.2  6 220   M    M   4 128     7 220
 8  39  12  26  11  39   0 0.00    M    M  1.6 10 140   M    M   1 1      12 140
 9  34  16  25  10  40   0 0.00    M    M  2.5 12 220   M    M   7 128    12 220
10  30  15  23   8  42   0    T    M    M  0.9  5 250   M    M   8 128     7 230
11  36  23  30  15  35   0 0.27    M    M  1.1  9 210   M    M  10 1      11 200
12  40  23  32  17  33   0    T    M    M  2.5 10  70   M    M   9 12     13  80
13  38  15  27  12  38   0 0.03    M    M  2.7  8 230   M    M   5 12     11 320
14  31   3  17   2  48   0 0.00    M    M  1.3  8 270   M    M   7 1      10 280
15  24   1  13  -3  52   0 0.00    M    M  0.8  7 270   M    M   5 128     7 270
16  32  -2  15  -1  50   0 0.00    M    M  2.4 12 190   M    M   5 18     13 300
17  37   5  21   5  44   0 0.00    M    M  3.2 23 230   M    M   1        26 240
18  43   7  25   9  40   0 0.00    M    M  4.5 15  70   M    M   3        20  70
19  37  12  25   9  40   0    T    M    M  2.4 13 220   M    M   9 1      14 220
20  34   4  19   3  46   0 0.00    M    M  2.2  9 250   M    M   2         9 260
21  26  -2  12  -4  53   0 0.00    M    M  2.1 10 360   M    M   2        13 350
22  25 -13   6 -10  59   0 0.00    M    M  1.5  8  50   M    M   0         9  50
23  33  -1  16   0  49   0 0.00    M    M  2.8  8 220   M    M   2        10 220
24  29  -1  14  -2  51   0 0.00    M    M  2.1  9 320   M    M   4        10 330
25  42   9  26   9  39   0 0.00    M    M  2.0  9  80   M    M   1 1      11  70
26  42   8  25   8  40   0 0.00    M    M  2.0  9 210   M    M   0        10 210
27  42   8  25   8  40   0    T    M    M  1.9  9 210   M    M   4 1      10 210
================================================================================
SM  873  128      1249   0  0.32    M     50.4          M      126
================================================================================
AV 32.3  4.7                               1.9 FASTST   M    M   5    MAX(MPH)
                                 MISC ---->  # 23 230               # 26  240
================================================================================
NOTES:
# LAST OF SEVERAL OCCURRENCES

COLUMN 17 PEAK WIND IN M.P.H.

PRELIMINARY LOCAL CLIMATOLOGICAL DATA (WS FORM: F-6) , PAGE 2

                                          STATION:  CRAIG CO
                                          MONTH:    JANUARY
                                          YEAR:     2015
                                          LATITUDE:   40 30 N
                                          LONGITUDE: 107 32 W

[TEMPERATURE DATA]      [PRECIPITATION DATA]       SYMBOLS USED IN COLUMN 16

AVERAGE MONTHLY: 18.5   TOTAL FOR MONTH:   0.32    1 = FOG OR MIST
DPTR FM NORMAL:   2.9   DPTR FM NORMAL:   -0.43    2 = FOG REDUCING VISIBILITY
HIGHEST:    43 ON 18    GRTST 24HR  0.27 ON 11-11      TO 1/4 MILE OR LESS
LOWEST:    -24 ON  1                               3 = THUNDER
                        SNOW, ICE PELLETS, HAIL    4 = ICE PELLETS
                        TOTAL MONTH:    M          5 = HAIL
                        GRTST 24HR    M  ON   M    6 = FREEZING RAIN OR DRIZZLE
                        GRTST DEPTH:  M  ON   M    7 = DUSTSTORM OR SANDSTORM:
                                                       VSBY 1/2 MILE OR LESS
                                                   8 = SMOKE OR HAZE
[NO. OF DAYS WITH]      [WEATHER - DAYS WITH]      9 = BLOWING SNOW
                                                   X = TORNADO
MAX 32 OR BELOW:  11    0.01 INCH OR MORE:   3
MAX 90 OR ABOVE:   0    0.10 INCH OR MORE:   1
MIN 32 OR BELOW:  27    0.50 INCH OR MORE:   0
MIN  0 OR BELOW:   9    1.00 INCH OR MORE:   0

[HDD (BASE 65) ]
TOTAL THIS MO.  1249    CLEAR  (SCALE 0-3)  11
DPTR FM NORMAL   -86    PTCLDY (SCALE 4-7)  11
TOTAL FM JUL 1  4424    CLOUDY (SCALE 8-10)  5
DPTR FM NORMAL  -467

[CDD (BASE 65) ]
TOTAL THIS MO.     0
DPTR FM NORMAL     0    [PRESSURE DATA]
TOTAL FM JAN 1     0    HIGHEST SLP M ON M
DPTR FM NORMAL     0    LOWEST  SLP 29.92 ON M

[REMARKS]
