000
CXUS55 KABQ 221000
CF6CAO
PRELIMINARY LOCAL CLIMATOLOGICAL DATA (WS FORM: F-6)

                                          STATION:   CLAYTON  NM
                                          MONTH:     FEBRUARY
                                          YEAR:      2017
                                          LATITUDE:   36 27 N
                                          LONGITUDE: 103  9 W

  TEMPERATURE IN F:       :PCPN:    SNOW:  WIND      :SUNSHINE: SKY     :PK WND
================================================================================
1   2   3   4   5  6A  6B    7    8   9   10  11  12  13   14  15   16   17  18
                                     12Z  AVG MX 2MIN
DY MAX MIN AVG DEP HDD CDD  WTR  SNW DPTH SPD SPD DIR MIN PSBL S-S WX    SPD DR
================================================================================

 1  48  17  33  -3  32   0 0.00  0.0    0  9.1 20  30   M    M   0        23  20
 2  35  15  25 -11  40   0 0.00  0.0    0 11.3 24 200   M    M   5        30 200
 3  35  13  24 -12  41   0 0.00  0.0    0 10.2 24 180   M    M   1        28 190
 4  65  18  42   6  23   0 0.00  0.0    0  8.4 21 230   M    M   0        27 240
 5  71  33  52  16  13   0 0.00  0.0    0 10.6 23 200   M    M   0        29 210
 6  68  33  51  15  14   0 0.00  0.0    0 15.9 40 270   M    M   0        51 260
 7  70  38  54  18  11   0 0.00  0.0    0 14.7 26 240   M    M   0        34 250
 8  66  35  51  15  14   0 0.00  0.0    0 13.4 29  60   M    M   0 8      35  60
 9  78  34  56  20   9   0 0.00  0.0    0 13.1 29 190   M    M   0        33 190
10  82  52  67  31   0   2 0.00  0.0    0 18.1 33 250   M    M   0        42 250
11  83  46  65  28   0   0 0.00  0.0    0 14.9 30 260   M    M   0        37 250
12  48  33  41   4  24   0 0.14  0.7    0 13.1 35  20   M    M   4 16     42  20
13  42  33  38   1  27   0 0.11  0.3    0 11.9 36 360   M    M   9 1      41 360
14  45  31  38   1  27   0    T    T    0 18.4 32  10   M    M   7 1      42  10
15  59  27  43   6  22   0 0.00  0.0    0 10.1 16 250   M    M   0        20 250
16  71  35  53  16  12   0 0.00  0.0    0  9.4 17 210   M    M   0        22 190
17  67  26  47   9  18   0 0.00  0.0    0 12.9 30  20   M    M   0        37  40
18  67  32  50  12  15   0 0.00  0.0    0  9.5 21 160   M    M   0        34 160
19  56  38  47   9  18   0 0.00  0.0    0 13.3 23 180   M    M   3        28 190
20  66  34  50  12  15   0 0.00  0.0    0 13.8 37 340   M    M   1        47 340
21  79  33  56  18   9   0 0.00  0.0    0 11.0 25 340   M    M   0        30 340
================================================================================
SM 1301  656       384   2  0.25     1.0 263.1          M       30
================================================================================
AV 62.0 31.2                              12.5 FASTST   M    M   1    MAX(MPH)
                                 MISC ---->  # 40 270               # 51  260
================================================================================
NOTES:
# LAST OF SEVERAL OCCURRENCES

COLUMN 17 PEAK WIND IN M.P.H.

PRELIMINARY LOCAL CLIMATOLOGICAL DATA (WS FORM: F-6) , PAGE 2

                                          STATION:  CLAYTON  NM
                                          MONTH:    FEBRUARY
                                          YEAR:     2017
                                          LATITUDE:   36 27 N
                                          LONGITUDE: 103  9 W

[TEMPERATURE DATA]      [PRECIPITATION DATA]       SYMBOLS USED IN COLUMN 16

AVERAGE MONTHLY: 46.6   TOTAL FOR MONTH:   0.25    1 = FOG OR MIST
DPTR FM NORMAL:   9.8   DPTR FM NORMAL:    0.02    2 = FOG REDUCING VISIBILITY
HIGHEST:    83 ON 11    GRTST 24HR  0.19 ON 12-13      TO 1/4 MILE OR LESS
LOWEST:     13 ON  3                               3 = THUNDER
                        SNOW, ICE PELLETS, HAIL    4 = ICE PELLETS
                        TOTAL MONTH:   1.0 INCH    5 = HAIL
                        GRTST 24HR   0.7 ON   M    6 = FREEZING RAIN OR DRIZZLE
                        GRTST DEPTH:   0           7 = DUSTSTORM OR SANDSTORM:
                                                       VSBY 1/2 MILE OR LESS
                                                   8 = SMOKE OR HAZE
[NO. OF DAYS WITH]      [WEATHER - DAYS WITH]      9 = BLOWING SNOW
                                                   X = TORNADO
MAX 32 OR BELOW:   0    0.01 INCH OR MORE:   2
MAX 90 OR ABOVE:   0    0.10 INCH OR MORE:   2
MIN 32 OR BELOW:   8    0.50 INCH OR MORE:   0
MIN  0 OR BELOW:   0    1.00 INCH OR MORE:   0

[HDD (BASE 65) ]
TOTAL THIS MO.   384    CLEAR  (SCALE 0-3)  17
DPTR FM NORMAL  -208    PTCLDY (SCALE 4-7)   3
TOTAL FM JUL 1  2866    CLOUDY (SCALE 8-10)  1
DPTR FM NORMAL  -632

[CDD (BASE 65) ]
TOTAL THIS MO.     2
DPTR FM NORMAL     2    [PRESSURE DATA]
TOTAL FM JAN 1     2    HIGHEST SLP M ON M
DPTR FM NORMAL     2    LOWEST  SLP 29.62 ON 18

[REMARKS]
