000
CXUS51 KCAR 010600
CF6CAR
PRELIMINARY LOCAL CLIMATOLOGICAL DATA (WS FORM: F-6)

                                          STATION:   CARIBOU ME
                                          MONTH:     SEPTEMBER
                                          YEAR:      2014
                                          LATITUDE:   46 52 N
                                          LONGITUDE:  68  1 W

  TEMPERATURE IN F:       :PCPN:    SNOW:  WIND      :SUNSHINE: SKY     :PK WND
================================================================================
1   2   3   4   5  6A  6B    7    8   9   10  11  12  13   14  15   16   17  18
                                     12Z  AVG MX 2MIN
DY MAX MIN AVG DEP HDD CDD  WTR  SNW DPTH SPD SPD DIR MIN PSBL S-S WX    SPD DR
================================================================================

 1  74  64  69   9   0   4 0.23  0.0    0  5.5 13 110   M    M   9 18     17 110
 2  77  63  70  10   0   5    T  0.0    0  8.4 17 160   M    M   9 1      23 140
 3  79  57  68   8   0   3 1.29  0.0    0  8.3 20 320   M    M   5 1      29 310
 4  80  53  67   8   0   2 0.00  0.0    0  7.0 18 250   M    M   1 8      24 240
 5  83  60  72  13   0   7    T  0.0    0  5.9 15 230   M    M   3        21 210
 6  80  50  65   7   0   0 0.15  0.0    0  7.9 20 250   M    M   7 1      29 260
 7  69  43  56  -2   9   0 0.00  0.0    0  6.8 20 300   M    M   1        28 270
 8  67  37  52  -6  13   0 0.00  0.0    0  3.7 10 250   M    M   0        14 250
 9  72  43  58   0   7   0 0.00  0.0    0  5.8 15 150   M    M   0        19 170
10  72  43  58   1   7   0 0.00  0.0    0  3.5 13 170   M    M   0        17 160
11  63  53  58   1   7   0 0.35  0.0    0 11.3 22 180   M    M   8 1      30 180
12  61  39  50  -6  15   0 0.00  0.0    0 10.7 25 330   M    M   3        35 320
13  55  33  44 -12  21   0 0.13  0.0    0  4.0  9 130   M    M   4 1      13  90
14  56  40  48  -8  17   0 0.03  0.0    0  7.7 17 250   M    M   8 1      22 320
15  59  39  49  -6  16   0    T  0.0    0  4.8 13 280   M    M   6 1      18 270
16  59  42  51  -4  14   0 0.23  0.0    0  5.3 15 250   M    M   6 1      23 270
17  57  43  50  -4  15   0 0.02  0.0    0  5.1 13 360   M    M   6        16 330
18  53  31  42 -12  23   0    T  0.0    0  7.3 18 300   M    M   7        24 300
19  53  29  41 -13  24   0 0.00  0.0    0  5.4 16 320   M    M   0        24 320
20  55  36  46  -7  19   0 0.04  0.0    0  9.3 17 190   M    M   6        24 180
21  73  53  63  10   2   0    T  0.0    0 11.5 24 190   M    M   3 1      35 200
22  70  44  57   5   8   0 0.10  0.0    0  9.8 28 240   M    M   9 12     38 250
23  55  38  47  -5  18   0 0.01  0.0    0  7.7 15 300   M    M   5        22 290
24  63  32  48  -4  17   0 0.00  0.0    0  5.3 13 240   M    M   0        17 250
25  74  42  58   7   7   0 0.00  0.0    0  5.7 16 240   M    M   0        20 250
26  77  48  63  12   2   0 0.00  0.0    0  3.3 10 250   M    M   1 12     13 260
27  75  53  64  14   1   0 0.00  0.0    0  5.1 17 330   M    M   0 8      24 320
28  84  52  68  18   0   3 0.00  0.0    0  7.1 17 240   M    M   0        24 220
29  65  41  53   3  12   0 0.01  0.0    0 10.1 20  10   M    M  10 1      27  10
30  50  40  45  -4  20   0    T  0.0    0  3.3  8 360   M    M  10 1      10 360
================================================================================
SM 2010 1341       294  24  2.59     0.0 202.6          M      127
================================================================================
AV 67.0 44.7                               6.8 FASTST   M    M   4    MAX(MPH)
                                 MISC ---->  # 28 240               # 38  250
================================================================================
NOTES:
# LAST OF SEVERAL OCCURRENCES

COLUMN 17 PEAK WIND IN M.P.H.

PRELIMINARY LOCAL CLIMATOLOGICAL DATA (WS FORM: F-6) , PAGE 2

                                          STATION:  CARIBOU ME
                                          MONTH:    SEPTEMBER
                                          YEAR:     2014
                                          LATITUDE:   46 52 N
                                          LONGITUDE:  68  1 W

[TEMPERATURE DATA]      [PRECIPITATION DATA]       SYMBOLS USED IN COLUMN 16

AVERAGE MONTHLY: 55.8   TOTAL FOR MONTH:   2.59    1 = FOG OR MIST
DPTR FM NORMAL:   0.8   DPTR FM NORMAL:   -0.73    2 = FOG REDUCING VISIBILITY
HIGHEST:    84 ON 28    GRTST 24HR  1.29 ON  3- 3      TO 1/4 MILE OR LESS
LOWEST:     29 ON 19                               3 = THUNDER
                        SNOW, ICE PELLETS, HAIL    4 = ICE PELLETS
                        TOTAL MONTH:   0.0 INCH    5 = HAIL
                        GRTST 24HR     0.0         6 = FREEZING RAIN OR DRIZZLE
                        GRTST DEPTH:   0           7 = DUSTSTORM OR SANDSTORM:
                                                       VSBY 1/2 MILE OR LESS
                                                   8 = SMOKE OR HAZE
[NO. OF DAYS WITH]      [WEATHER - DAYS WITH]      9 = BLOWING SNOW
                                                   X = TORNADO
MAX 32 OR BELOW:   0    0.01 INCH OR MORE:  12
MAX 90 OR ABOVE:   0    0.10 INCH OR MORE:   7
MIN 32 OR BELOW:   3    0.50 INCH OR MORE:   1
MIN  0 OR BELOW:   0    1.00 INCH OR MORE:   1

[HDD (BASE 65) ]
TOTAL THIS MO.   294    CLEAR  (SCALE 0-3)  14
DPTR FM NORMAL   -19    PTCLDY (SCALE 4-7)  11
TOTAL FM JUL 1   352    CLOUDY (SCALE 8-10)  5
DPTR FM NORMAL  -115

[CDD (BASE 65) ]
TOTAL THIS MO.    24
DPTR FM NORMAL    13    [PRESSURE DATA]
TOTAL FM JAN 1   265    HIGHEST SLP 30.63 ON 24
DPTR FM NORMAL    85    LOWEST  SLP 29.39 ON 22

[REMARKS]
#FINAL-09-14#
