000
CXUS55 KBOU 261117
CF6CCU
PRELIMINARY LOCAL CLIMATOLOGICAL DATA (WS FORM: F-6)

                                          STATION:   COPPER MTN CO
                                          MONTH:     MAY
                                          YEAR:      2015
                                          LATITUDE:   39 28 N
                                          LONGITUDE: 106  9 W

  TEMPERATURE IN F:       :PCPN:    SNOW:  WIND      :SUNSHINE: SKY     :PK WND
================================================================================
1   2   3   4   5  6A  6B    7    8   9   10  11  12  13   14  15   16   17  18
                                     12Z  AVG MX 2MIN
DY MAX MIN AVG DEP HDD CDD  WTR  SNW DPTH SPD SPD DIR MIN PSBL S-S WX    SPD DR
================================================================================

 1  45  36  41   M  24   0    M    M    M 12.4 24 280   M    M   5 3      35 280
 2  46  36  41   M  24   0    M    M    M 13.3 36 270   M    M   5        46 270
 3  45  36  41   M  24   0    M    M    M  8.7 20 160   M    M   6        23 160
 4  45  34  40   M  25   0    M    M    M  9.1 15 280   M    M   7 3      25 170
 5  45  34  40   M  25   0    M    M    M  8.1 13 170   M    M   7 3      16  80
 6  37  34  36   M  29   0    M    M    M 12.5 20 250   M    M  10 38     27 270
 7  41  32  37   M  28   0    M    M    M 12.5 29 170   M    M   5 3      39 170
 8  41  32  37   M  28   0    M    M    M 12.9 29 160   M    M   7 38     39 160
 9  37  27  32   M  33   0    M    M    M 11.4 21 280   M    M   9 23     22 110
10  27  21  24   M  41   0    M    M    M 17.0 28 280   M    M  10 8      33 280
11  39  21  30   M  35   0    M    M    M 12.9 24 270   M    M   4 8      28 160
12  45  34  40   M  25   0    M    M    M 16.7 23 180   M    M   3 8      29 170
13  43  34  39   M  26   0    M    M    M 11.7 18 280   M    M   8 3      27 280
14  45  34  40   M  25   0    M    M    M 13.6 20 160   M    M   4 3      32 110
15  41  27  34   M  31   0    M    M    M 12.9 27 280   M    M   6 38     36 280
16  37  27  32   M  33   0    M    M    M 12.0 29 280   M    M   6 3      38 280
17  37  28  33   M  32   0    M    M    M 15.9 27 260   M    M   9 8      33 270
18  45  34  40   M  25   0    M    M    M 15.7 23 170   M    M   6 38     25 170
19  37  30  34   M  31   0    M    M    M  9.1 16 240   M    M  10 38     27 240
20  41  28  35   M  30   0    M    M    M 12.1 20 170   M    M   5        25 180
21  45  34  40   M  25   0    M    M    M 12.6 23 150   M    M   5 3      30 100
22  41  32  37   M  28   0    M    M    M 10.7 22 160   M    M   8 238    28 230
23  41  27  34   M  31   0    M    M    M  8.7 23 170   M    M   8 38     36 160
24  37  28  33   M  32   0    M    M    M 10.3 25 280   M    M   9 238    32 280
25  39  28  34   M  31   0    M    M    M 16.4 21 280   M    M  10 138    29 280
================================================================================
SM 1022  768       721   0    M     M    309.2          M      172
================================================================================
AV 40.9 30.7                              12.4 FASTST   M    M   7    MAX(MPH)
                                 MISC ---->    36   M               # 46  270
================================================================================
NOTES:
# LAST OF SEVERAL OCCURRENCES

COLUMN 17 PEAK WIND IN M.P.H.

PRELIMINARY LOCAL CLIMATOLOGICAL DATA (WS FORM: F-6) , PAGE 2

                                          STATION:  COPPER MTN CO
                                          MONTH:    MAY
                                          YEAR:     2015
                                          LATITUDE:   39 28 N
                                          LONGITUDE: 106  9 W

[TEMPERATURE DATA]      [PRECIPITATION DATA]       SYMBOLS USED IN COLUMN 16

AVERAGE MONTHLY: 35.8   TOTAL FOR MONTH:      M    1 = FOG OR MIST
DPTR FM NORMAL:     M   DPTR FM NORMAL:       M    2 = FOG REDUCING VISIBILITY
HIGHEST:    46 ON  2    GRTST 24HR    M  ON   M        TO 1/4 MILE OR LESS
LOWEST:     21 ON 11,10                            3 = THUNDER
                        SNOW, ICE PELLETS, HAIL    4 = ICE PELLETS
                        TOTAL MONTH:    M          5 = HAIL
                        GRTST 24HR    M  ON   M    6 = FREEZING RAIN OR DRIZZLE
                        GRTST DEPTH:  M  ON   M    7 = DUSTSTORM OR SANDSTORM:
                                                       VSBY 1/2 MILE OR LESS
                                                   8 = SMOKE OR HAZE
[NO. OF DAYS WITH]      [WEATHER - DAYS WITH]      9 = BLOWING SNOW
                                                   X = TORNADO
MAX 32 OR BELOW:   1    0.01 INCH OR MORE:   0
MAX 90 OR ABOVE:   0    0.10 INCH OR MORE:   0
MIN 32 OR BELOW:  14    0.50 INCH OR MORE:   0
MIN  0 OR BELOW:   0    1.00 INCH OR MORE:   0

[HDD (BASE 65) ]
TOTAL THIS MO.   721    CLEAR  (SCALE 0-3)   0
DPTR FM NORMAL     M    PTCLDY (SCALE 4-7)  17
TOTAL FM JUL 1  9435    CLOUDY (SCALE 8-10)  8
DPTR FM NORMAL     M

[CDD (BASE 65) ]
TOTAL THIS MO.     0
DPTR FM NORMAL     M    [PRESSURE DATA]
TOTAL FM JAN 1     0    HIGHEST SLP M ON M
DPTR FM NORMAL     M    LOWEST  SLP M ON M

[REMARKS]
