000
CXUS56 KSLC 190810
CF6CDC
PRELIMINARY LOCAL CLIMATOLOGICAL DATA (WS FORM: F-6)
STATION: CEDAR CITY UT
MONTH: APRIL
YEAR: 2024
LATITUDE: 37 42 N
LONGITUDE: 113 6 W
TEMPERATURE IN F: :PCPN: SNOW: WIND :SUNSHINE: SKY :PK WND
================================================================================
1 2 3 4 5 6A 6B 7 8 9 10 11 12 13 14 15 16 17 18
12Z AVG MX 2MIN
DY MAX MIN AVG DEP HDD CDD WTR SNW DPTH SPD SPD DIR MIN PSBL S-S WX SPD DR
================================================================================
1 48 30 39 -5 26 0 0.01 M M 8.7 22 10 M M 8 18 29 360
2 59 28 44 -1 21 0 0.00 M M 4.0 12 20 M M 0 20 360
3 68 28 48 3 17 0 0.00 0.0 M 7.7 24 220 M M 0 30 220
4 67 41 54 9 11 0 0.00 0.0 M 22.9 43 180 M M 0 60 180
5 53 29 41 -4 24 0 0.01 M M 22.8 38 180 M M 5 1 53 180
6 50 24 37 -8 28 0 0.00 M M 9.0 24 280 M M 4 35 290
7 51 22 37 -8 28 0 0.00 M M 6.4 15 350 M M 2 21 350
8 52 22 37 -9 28 0 0.00 0.0 M 9.9 25 350 M M 3 38 10
9 58 22 40 -6 25 0 0.00 0.0 M 8.3 18 360 M M 0 27 360
10 66 27 47 1 18 0 0.00 0.0 M 6.9 17 340 M M 0 24 30
11 73 31 52 6 13 0 0.00 0.0 M 4.1 16 220 M M 0 21 220
12 74 37 56 10 9 0 0.00 0.0 M 10.1 31 190 M M 1 48 180
13 69 42 56 10 9 0 0.00 M M 13.5 29 200 M M 0 40 180
14 61 42 52 5 13 0 0.00 M M 16.9 32 200 M M 3 45 190
15 53 30 42 -5 23 0 0.04 M M 8.1 21 330 M M 6 1 29 340
16 67 26 47 0 18 0 0.00 M M 4.2 14 220 M M 0 17 20
17 73 38 56 9 9 0 0.00 M M 10.5 25 280 M M 1 35 270
18 67 33 50 2 15 0 0.00 M M 3.3 13 350 M M 0 16 320
================================================================================
SM 1109 552 335 0 0.06 0.0 177.3 M 33
================================================================================
AV 61.6 30.7 9.9 FASTST M M 2 MAX(MPH)
MISC ----> 43 180 60 180
================================================================================
NOTES:
# LAST OF SEVERAL OCCURRENCES
COLUMN 17 PEAK WIND IN M.P.H.
PRELIMINARY LOCAL CLIMATOLOGICAL DATA (WS FORM: F-6) , PAGE 2
STATION: CEDAR CITY UT
MONTH: APRIL
YEAR: 2024
LATITUDE: 37 42 N
LONGITUDE: 113 6 W
[TEMPERATURE DATA] [PRECIPITATION DATA] SYMBOLS USED IN COLUMN 16
AVERAGE MONTHLY: 46.1 TOTAL FOR MONTH: 0.06 1 = FOG OR MIST
DPTR FM NORMAL: 0.3 DPTR FM NORMAL: -0.57 2 = FOG REDUCING VISIBILITY
HIGHEST: 74 ON 12 GRTST 24HR 0.04 ON 15-15 TO 1/4 MILE OR LESS
LOWEST: 22 ON 9, 8 3 = THUNDER
SNOW, ICE PELLETS, HAIL 4 = ICE PELLETS
TOTAL MONTH: 0.0 INCH 5 = HAIL
GRTST 24HR 0.0 6 = FREEZING RAIN OR DRIZZLE
GRTST DEPTH: M ON M 7 = DUSTSTORM OR SANDSTORM:
VSBY 1/2 MILE OR LESS
8 = SMOKE OR HAZE
[NO. OF DAYS WITH] [WEATHER - DAYS WITH] 9 = BLOWING SNOW
X = TORNADO
MAX 32 OR BELOW: 0 0.01 INCH OR MORE: 3
MAX 90 OR ABOVE: 0 0.10 INCH OR MORE: 0
MIN 32 OR BELOW: 12 0.50 INCH OR MORE: 0
MIN 0 OR BELOW: 0 1.00 INCH OR MORE: 0
[HDD (BASE 65) ]
TOTAL THIS MO. 335 CLEAR (SCALE 0-3) 13
DPTR FM NORMAL -8 PTCLDY (SCALE 4-7) 5
TOTAL FM JUL 1 5002 CLOUDY (SCALE 8-10) 0
DPTR FM NORMAL -469
[CDD (BASE 65) ]
TOTAL THIS MO. 0
DPTR FM NORMAL 0 [PRESSURE DATA]
TOTAL FM JAN 1 0 HIGHEST SLP M ON M
DPTR FM NORMAL 0 LOWEST SLP 29.39 ON 5
[REMARKS]