000
CXUS56 KSLC 301246
CF6CDC
PRELIMINARY LOCAL CLIMATOLOGICAL DATA (WS FORM: F-6)

                                          STATION:   CEDAR CITY UT
                                          MONTH:     APRIL
                                          YEAR:      2017
                                          LATITUDE:   37 42 N
                                          LONGITUDE: 113  6 W

  TEMPERATURE IN F:       :PCPN:    SNOW:  WIND      :SUNSHINE: SKY     :PK WND
================================================================================
1   2   3   4   5  6A  6B    7    8   9   10  11  12  13   14  15   16   17  18
                                     12Z  AVG MX 2MIN
DY MAX MIN AVG DEP HDD CDD  WTR  SNW DPTH SPD SPD DIR MIN PSBL S-S WX    SPD DR
================================================================================

 1  57  33  45   2  20   0    T    M    0  8.9 18 330   M    M   6        23 330
 2  63  30  47   4  18   0 0.08    M    0  5.2 17 330   M    M   4 13     22 320
 3  46  30  38  -5  27   0 0.34    M    0  7.0 30 320   M    M   8 13     37 320
 4  48  23  36  -8  29   0 0.00  0.0    0  8.2 20  10   M    M   1 1      24 360
 5  60  24  42  -2  23   0 0.00  0.0    0  3.6  9 330   M    M   0        11 350
 6  69  30  50   6  15   0 0.00  0.0    0 10.5 28 210   M    M   0        35 210
 7  66  49  58  14   7   0 0.00  0.0    0 23.2 35 210   M    M   0        45 200
 8  61  33  47   3  18   0 0.14    M    0 22.0 39 180   M    M   4 1      52 210
 9  51  23  37  -8  28   0 0.00  0.0    0  6.9 16  40   M    M   1        24  50
10  62  19  41  -4  24   0 0.00  0.0    0  4.3 16 230   M    M   0        20 220
11  65  27  46   1  19   0 0.00  0.0    0  7.4 25 190   M    M   2        34 200
12  70  30  50   4  15   0 0.00  0.0    0  9.0 24 230   M    M   0        31 220
13  71  44  58  12   7   0 0.00  0.0    0 19.8 39 190   M    M   0        54 200
14  63  31  47   1  18   0 0.00  0.0    0  5.1 15 200   M    M   0        21 310
15  63  25  44  -2  21   0 0.00  0.0    0  3.6 10 320   M    M   0        15 350
16  71  30  51   5  14   0 0.00  0.0    0  7.5 22 220   M    M   0        31 220
17  69  48  59  12   6   0 0.00  0.0    0 13.9 26 200   M    M   1        34 200
18  70  40  55   8  10   0 0.21    M    0 13.5 36 200   M    M   3 18     44 190
19  63  36  50   3  15   0 0.03    M    0  3.7 14  40   M    M   5 12     18  40
20  68  30  49   1  16   0 0.00  0.0    0  8.6 25 290   M    M   2        33 280
21  58  30  44  -4  21   0 0.00  0.0    0 11.9 22  20   M    M   0        29  20
22  67  27  47  -1  18   0 0.00  0.0    0  3.2 10 350   M    M   0        13 360
23  73  41  57   8   8   0 0.00  0.0    0 13.8 35 210   M    M   1        47 190
24  68  33  51   2  14   0 0.00  0.0    0 10.0 24 280   M    M   3        34 280
25  53  31  42  -7  23   0 0.06    M    0  7.3 25 290   M    M   4 1      31 290
26  64  26  45  -5  20   0    T    M    0  7.5 28 210   M    M   4        33 210
27  61  31  46  -4  19   0    T    M    0  8.4 21 300   M    M   5        29 300
28  48  26  37 -13  28   0    T    M    0 14.0 31 350   M    M   4        41 360
29  56  29  43  -7  22   0 0.00  0.0    0 13.8 26 360   M    M   5        35  20
================================================================================
SM 1804  909       523   0  0.86     0.0 281.8          M       63
================================================================================
AV 62.2 31.3                               9.7 FASTST   M    M   2    MAX(MPH)
                                 MISC ---->  # 39 180               # 54  200
================================================================================
NOTES:
# LAST OF SEVERAL OCCURRENCES

COLUMN 17 PEAK WIND IN M.P.H.

PRELIMINARY LOCAL CLIMATOLOGICAL DATA (WS FORM: F-6) , PAGE 2

                                          STATION:  CEDAR CITY UT
                                          MONTH:    APRIL
                                          YEAR:     2017
                                          LATITUDE:   37 42 N
                                          LONGITUDE: 113  6 W

[TEMPERATURE DATA]      [PRECIPITATION DATA]       SYMBOLS USED IN COLUMN 16

AVERAGE MONTHLY: 46.8   TOTAL FOR MONTH:   0.86    1 = FOG OR MIST
DPTR FM NORMAL:   0.4   DPTR FM NORMAL:   -0.17    2 = FOG REDUCING VISIBILITY
HIGHEST:    73 ON 23    GRTST 24HR  0.42 ON  2- 3      TO 1/4 MILE OR LESS
LOWEST:     19 ON 10                               3 = THUNDER
                        SNOW, ICE PELLETS, HAIL    4 = ICE PELLETS
                        TOTAL MONTH:   0.0 INCH    5 = HAIL
                        GRTST 24HR     0.0         6 = FREEZING RAIN OR DRIZZLE
                        GRTST DEPTH:   0           7 = DUSTSTORM OR SANDSTORM:
                                                       VSBY 1/2 MILE OR LESS
                                                   8 = SMOKE OR HAZE
[NO. OF DAYS WITH]      [WEATHER - DAYS WITH]      9 = BLOWING SNOW
                                                   X = TORNADO
MAX 32 OR BELOW:   0    0.01 INCH OR MORE:   6
MAX 90 OR ABOVE:   0    0.10 INCH OR MORE:   3
MIN 32 OR BELOW:  20    0.50 INCH OR MORE:   0
MIN  0 OR BELOW:   0    1.00 INCH OR MORE:   0

[HDD (BASE 65) ]
TOTAL THIS MO.   523    CLEAR  (SCALE 0-3)  18
DPTR FM NORMAL   -15    PTCLDY (SCALE 4-7)  11
TOTAL FM JUL 1  5135    CLOUDY (SCALE 8-10)  0
DPTR FM NORMAL  -737

[CDD (BASE 65) ]
TOTAL THIS MO.     0
DPTR FM NORMAL     0    [PRESSURE DATA]
TOTAL FM JAN 1     0    HIGHEST SLP M ON M
DPTR FM NORMAL     0    LOWEST  SLP 29.39 ON 13

[REMARKS]
