000
CXUS54 KLUB 200812
CF6CDS
PRELIMINARY LOCAL CLIMATOLOGICAL DATA (WS FORM: F-6)

                                          STATION:   CHILDRESS
                                          MONTH:     OCTOBER
                                          YEAR:      2014
                                          LATITUDE:   34 25 N
                                          LONGITUDE: 100 17 W

  TEMPERATURE IN F:       :PCPN:    SNOW:  WIND      :SUNSHINE: SKY     :PK WND
================================================================================
1   2   3   4   5  6A  6B    7    8   9   10  11  12  13   14  15   16   17  18
                                     12Z  AVG MX 2MIN
DY MAX MIN AVG DEP HDD CDD  WTR  SNW DPTH SPD SPD DIR MIN PSBL S-S WX    SPD DR
================================================================================

 1  94  64  79  11   0  14 0.00  0.0    0  9.6 20 200   M    M   0        26 210
 2  79  54  67  -1   0   2 0.00  0.0    0 12.0 28  10   M    M   0 8      34 330
 3  73  48  61  -7   4   0 0.00  0.0    0  9.3 31 360   M    M   0 8      37 360
 4  80  46  63  -4   2   0 0.00  0.0    0  9.9 23 200   M    M   0        27 190
 5  89  54  72   5   0   7 0.00  0.0    0  5.9 15 140   M    M   0        20 150
 6  90  54  72   6   0   7 0.00  0.0    0  7.9 16 210   M    M   0        20 200
 7  96  53  75   9   0  10 0.00  0.0    0  7.8 20 220   M    M   0        23 220
 8  93  61  77  11   0  12 0.00  0.0    0 10.4 20 180   M    M   0        24 170
 9  91  65  78  13   0  13 0.00  0.0    0 10.1 21 170   M    M   1        25 180
10  77  50  64  -1   1   0    T  0.0    0 15.9 29 360   M    M   7        35 360
11  68  48  58  -7   7   0 0.00  0.0    0 10.2 21 360   M    M   6        25 350
12  88  47  68   4   0   3 0.13    M    0 16.1 41 330   M    M   2 38     55 330
13  69  49  59  -5   6   0 0.15    M    0 20.5 38 330   M    M   4 1      46 340
14  80  44  62  -2   3   0 0.00  0.0    0  8.1 18 290   M    M   0 8      29 290
15  85  45  65   2   0   0 0.00  0.0    0  6.4 12 220   M    M   0 8      19 160
16  95  52  74  11   0   9 0.00  0.0    0  9.7 20 230   M    M   0 8      26 230
17  80  50  65   2   0   0 0.00  0.0    0  8.1 16  60   M    M   0        23  50
18  75  47  61  -1   4   0 0.00  0.0    0  6.5 13  50   M    M   0        17  30
19  80  54  67   5   0   2 0.00  0.0    0  6.9 15 180   M    M   4        19 200
================================================================================
SM 1582  985        27  79  0.28     0.0 191.3          M       24
================================================================================
AV 83.3 51.8                              10.1 FASTST   M    M   1    MAX(MPH)
                                 MISC ---->  # 41 330               # 55  330
================================================================================
NOTES:
# LAST OF SEVERAL OCCURRENCES

COLUMN 17 PEAK WIND IN M.P.H.

PRELIMINARY LOCAL CLIMATOLOGICAL DATA (WS FORM: F-6) , PAGE 2

                                          STATION:  CHILDRESS
                                          MONTH:    OCTOBER
                                          YEAR:     2014
                                          LATITUDE:   34 25 N
                                          LONGITUDE: 100 17 W

[TEMPERATURE DATA]      [PRECIPITATION DATA]       SYMBOLS USED IN COLUMN 16

AVERAGE MONTHLY: 67.6   TOTAL FOR MONTH:   0.28    1 = FOG OR MIST
DPTR FM NORMAL:   2.5   DPTR FM NORMAL:   -1.16    2 = FOG REDUCING VISIBILITY
HIGHEST:    96 ON  7    GRTST 24HR  0.28 ON 12-13      TO 1/4 MILE OR LESS
LOWEST:     44 ON 14                               3 = THUNDER
                        SNOW, ICE PELLETS, HAIL    4 = ICE PELLETS
                        TOTAL MONTH:   0.0 INCH    5 = HAIL
                        GRTST 24HR     0.0         6 = FREEZING RAIN OR DRIZZLE
                        GRTST DEPTH:   0           7 = DUSTSTORM OR SANDSTORM:
                                                       VSBY 1/2 MILE OR LESS
                                                   8 = SMOKE OR HAZE
[NO. OF DAYS WITH]      [WEATHER - DAYS WITH]      9 = BLOWING SNOW
                                                   X = TORNADO
MAX 32 OR BELOW:   0    0.01 INCH OR MORE:   2
MAX 90 OR ABOVE:   6    0.10 INCH OR MORE:   2
MIN 32 OR BELOW:   0    0.50 INCH OR MORE:   0
MIN  0 OR BELOW:   0    1.00 INCH OR MORE:   0

[HDD (BASE 65) ]
TOTAL THIS MO.    27    CLEAR  (SCALE 0-3)  15
DPTR FM NORMAL   -33    PTCLDY (SCALE 4-7)   4
TOTAL FM JUL 1    37    CLOUDY (SCALE 8-10)  0
DPTR FM NORMAL   -40

[CDD (BASE 65) ]
TOTAL THIS MO.    79
DPTR FM NORMAL    18    [PRESSURE DATA]
TOTAL FM JAN 1  2257    HIGHEST SLP M ON M
DPTR FM NORMAL    72    LOWEST  SLP 29.46 ON 12

[REMARKS]
