000
CXUS51 KLWX 270620
CF6CHO
PRELIMINARY LOCAL CLIMATOLOGICAL DATA (WS FORM: F-6)

                                          STATION:   CHARLOTTESVILLE VA
                                          MONTH:     FEBRUARY
                                          YEAR:      2015
                                          LATITUDE:   38  7 N
                                          LONGITUDE:  78 27 W

  TEMPERATURE IN F:       :PCPN:    SNOW:  WIND      :SUNSHINE: SKY     :PK WND
================================================================================
1   2   3   4   5  6A  6B    7    8   9   10  11  12  13   14  15   16   17  18
                                     12Z  AVG MX 2MIN
DY MAX MIN AVG DEP HDD CDD  WTR  SNW DPTH SPD SPD DIR MIN PSBL S-S WX    SPD DR
================================================================================

 1  43  27  35  -1  30   0 0.04    M    M  2.3 10 140   M    M   8        14 140
 2  52  25  39   3  26   0 0.05    M    M  9.4 24 310   M    M   6 1      42 300
 3  40  23  32  -4  33   0 0.00    M    M  4.4 10 190   M    M   M        15 270
 4  57  21  39   3  26   0 0.00    M    M  9.8 20 190   M    M   0        25 190
 5  43  18  31  -5  34   0 0.00    M    M  8.6 22 340   M    M   1        32 340
 6  43  12  28  -9  37   0 0.00    M    M  7.5 15 180   M    M   1        20 210
 7  52  28  40   3  25   0 0.00    M    M  5.3 17 200   M    M   2        23 190
 8  71  35  53  16  12   0 0.00    M    M  9.2 21 190   M    M   0        26 210
 9  54  35  45   8  20   0 0.03    M    M  8.2 16  40   M    M   9 18     22  50
10  46  30  38   1  27   0    T    M    M  6.7 16  40   M    M   7 1      21  50
11  48  24  36  -1  29   0 0.00    M    M  2.1 10 170   M    M   1        13 150
12  47  21  34  -4  31   0 0.00    M    M  7.0 21 310   M    M   7        31 300
13  33  14  24 -14  41   0 0.00    M    M  7.2 14 340   M    M   0        25 340
14  47  16  32  -6  33   0    T    M    M 10.8 26 320   M    M   8 8      41 330
15  23  10  17 -21  48   0 0.00    M    M 11.8 29 310   M    M   2        45 330
16  20  12  16 -22  49   0 0.33    M    M  3.4 10 320   M    M   7 18     15 330
17  34  13  24 -14  41   0 0.09    M    M  3.6  8 180   M    M   3 18     10  50
18  33   8  21 -18  44   0    T    M    M  7.0 18 300   M    M   3 1      30 310
19  16   7  12 -27  53   0 0.00    M    M  8.6 17 340   M    M   3        26 290
20  19   0  10 -29  55   0 0.00    M    M  5.7 12 200   M    M   2        18 290
21  32   8  20 -19  45   0 0.40    M    M  9.2 20 190   M    M   7 124    24 210
22  49  32  41   1  24   0 0.00    M    M  3.5 10 190   M    M   6 128    13 180
23  38  17  28 -12  37   0 0.00    M    M  5.8 16  30   M    M   5        23 320
24  26   8  17 -23  48   0 0.00    M    M  7.3 16 180   M    M   3        21 200
25  40  13  27 -13  38   0 0.00    M    M  4.8 13 200   M    M   0        16 210
26  37  28  33  -7  32   0 0.02    M    M  5.4 15  50   M    M  10 18     19  50
================================================================================
SM 1043  485       918   0  0.96    M    174.6          M      101
================================================================================
AV 40.1 18.7                               6.7 FASTST   M    M   4    MAX(MPH)
                                 MISC ---->  # 29 310               # 45  330
================================================================================
NOTES:
# LAST OF SEVERAL OCCURRENCES

COLUMN 17 PEAK WIND IN M.P.H.

PRELIMINARY LOCAL CLIMATOLOGICAL DATA (WS FORM: F-6) , PAGE 2

                                          STATION:  CHARLOTTESVILLE VA
                                          MONTH:    FEBRUARY
                                          YEAR:     2015
                                          LATITUDE:   38  7 N
                                          LONGITUDE:  78 27 W

[TEMPERATURE DATA]      [PRECIPITATION DATA]       SYMBOLS USED IN COLUMN 16

AVERAGE MONTHLY: 29.4   TOTAL FOR MONTH:   0.96    1 = FOG OR MIST
DPTR FM NORMAL:  -8.5   DPTR FM NORMAL:   -1.50    2 = FOG REDUCING VISIBILITY
HIGHEST:    71 ON  8    GRTST 24HR  0.42 ON 16-17      TO 1/4 MILE OR LESS
LOWEST:      0 ON 20                               3 = THUNDER
                        SNOW, ICE PELLETS, HAIL    4 = ICE PELLETS
                        TOTAL MONTH:    M          5 = HAIL
                        GRTST 24HR    M  ON   M    6 = FREEZING RAIN OR DRIZZLE
                        GRTST DEPTH:  M  ON   M    7 = DUSTSTORM OR SANDSTORM:
                                                       VSBY 1/2 MILE OR LESS
                                                   8 = SMOKE OR HAZE
[NO. OF DAYS WITH]      [WEATHER - DAYS WITH]      9 = BLOWING SNOW
                                                   X = TORNADO
MAX 32 OR BELOW:   6    0.01 INCH OR MORE:   7
MAX 90 OR ABOVE:   0    0.10 INCH OR MORE:   2
MIN 32 OR BELOW:  24    0.50 INCH OR MORE:   0
MIN  0 OR BELOW:   1    1.00 INCH OR MORE:   0

[HDD (BASE 65) ]
TOTAL THIS MO.   918    CLEAR  (SCALE 0-3)  11
DPTR FM NORMAL   214    PTCLDY (SCALE 4-7)  12
TOTAL FM JUL 1  3440    CLOUDY (SCALE 8-10)  2
DPTR FM NORMAL    76

[CDD (BASE 65) ]
TOTAL THIS MO.     0
DPTR FM NORMAL     0    [PRESSURE DATA]
TOTAL FM JAN 1     0    HIGHEST SLP M ON M
DPTR FM NORMAL     0    LOWEST  SLP 29.42 ON  2

[REMARKS]
