000
CXUS52 KCHS 270715
CF6CHS
PRELIMINARY LOCAL CLIMATOLOGICAL DATA (WS FORM: F-6)

                                          STATION:   NORTH CHARLESTON SC
                                          MONTH:     FEBRUARY
                                          YEAR:      2015
                                          LATITUDE:   32 54 N
                                          LONGITUDE:  80  2 W

  TEMPERATURE IN F:       :PCPN:    SNOW:  WIND      :SUNSHINE: SKY     :PK WND
================================================================================
1   2   3   4   5  6A  6B    7    8   9   10  11  12  13   14  15   16   17  18
                                     12Z  AVG MX 2MIN
DY MAX MIN AVG DEP HDD CDD  WTR  SNW DPTH SPD SPD DIR MIN PSBL S-S WX    SPD DR
================================================================================

 1  67  36  52   3  13   0    T  0.0    0  7.9 23 210   M    M   7 8      29 210
 2  64  38  51   1  14   0 0.05  0.0    0 18.7 33 210   M    M   6 1      44 290
 3  51  31  41  -9  24   0 0.00  0.0    0  6.9 15  10   M    M   3        20  10
 4  57  32  45  -5  20   0 0.42  0.0    0  5.5 10  60   M    M   7 1      14  40
 5  60  38  49  -1  16   0 0.39  0.0    0 11.6 24  10   M    M   6 1      32  20
 6  51  28  40 -10  25   0 0.00  0.0    0  5.8 16  30   M    M   2        26 280
 7  62  29  46  -4  19   0 0.00  0.0    0  5.0 15 200   M    M   1        20 210
 8  70  40  55   5  10   0 0.00  0.0    0  9.5 23 220   M    M   0 1      31 220
 9  70  46  58   7   7   0 0.12  0.0    0  6.2 14 240   M    M   7 1      18 290
10  55  45  50  -1  15   0    T  0.0    0 14.7 31 360   M    M   8 1      38 350
11  59  35  47  -4  18   0 0.00  0.0    0  7.3 16  10   M    M   0        20 330
12  69  37  53   2  12   0 0.00  0.0    0 12.2 25 340   M    M   1 1      36 330
13  44  29  37 -14  28   0 0.00  0.0    0  7.6 26 360   M    M   3        36 360
14  60  27  44  -8  21   0 0.00  0.0    0  9.3 22 240   M    M   0        28 260
15  55  32  44  -8  21   0 0.00  0.0    0 12.0 25 320   M    M   3        37 320
16  63  31  47  -5  18   0    T  0.0    0  9.0 31 210   M    M   8        37 210
17  62  36  49  -3  16   0 0.31  0.0    0 13.4 31 210   M    M  10 1      39 220
18  54  32  43  -9  22   0 0.00  0.0    0 10.0 24 270   M    M   4 1      31 320
19  36  24  30 -22  35   0 0.00  0.0    0 13.1 23 330   M    M   0        31 280
20  39  18  29 -24  36   0 0.00  0.0    0  6.8 13  20   M    M   2        18 130
21  65  28  47  -6  18   0 0.00  0.0    0  6.0 21 190   M    M   7 8      25 200
22  76  49  63  10   2   0    T    M    0  5.4 21 260   M    M   8        28 250
23  61  43  52  -1  13   0 0.44    M    0  8.6 20 360   M    M   9 1      22 360
24  43  32  38 -16  27   0 0.19  0.0    0  9.5 18  50   M    M  10 16     23  50
25  44  34  39 -15  26   0 1.64  0.0    0  6.7 17  90   M    M  10 13     22  90
26  44  37  41 -13  24   0 0.84  0.0    0 10.5 21 340   M    M  10 1      24 330
================================================================================
SM 1481  887       500   0  4.40     0.0 239.2          M      132
================================================================================
AV 57.0 34.1                               9.2 FASTST   M    M   5    MAX(MPH)
                                 MISC ---->  # 33 210               # 44  290
================================================================================
NOTES:
# LAST OF SEVERAL OCCURRENCES

COLUMN 17 PEAK WIND IN M.P.H.

PRELIMINARY LOCAL CLIMATOLOGICAL DATA (WS FORM: F-6) , PAGE 2

                                          STATION:  NORTH CHARLESTON SC
                                          MONTH:    FEBRUARY
                                          YEAR:     2015
                                          LATITUDE:   32 54 N
                                          LONGITUDE:  80  2 W

[TEMPERATURE DATA]      [PRECIPITATION DATA]       SYMBOLS USED IN COLUMN 16

AVERAGE MONTHLY: 45.5   TOTAL FOR MONTH:   4.40    1 = FOG OR MIST
DPTR FM NORMAL:  -6.0   DPTR FM NORMAL:    1.65    2 = FOG REDUCING VISIBILITY
HIGHEST:    76 ON 22    GRTST 24HR  2.48 ON 25-26      TO 1/4 MILE OR LESS
LOWEST:     18 ON 20                               3 = THUNDER
                        SNOW, ICE PELLETS, HAIL    4 = ICE PELLETS
                        TOTAL MONTH:   0.0 INCH    5 = HAIL
                        GRTST 24HR     0.0         6 = FREEZING RAIN OR DRIZZLE
                        GRTST DEPTH:   0           7 = DUSTSTORM OR SANDSTORM:
                                                       VSBY 1/2 MILE OR LESS
                                                   8 = SMOKE OR HAZE
[NO. OF DAYS WITH]      [WEATHER - DAYS WITH]      9 = BLOWING SNOW
                                                   X = TORNADO
MAX 32 OR BELOW:   0    0.01 INCH OR MORE:   9
MAX 90 OR ABOVE:   0    0.10 INCH OR MORE:   8
MIN 32 OR BELOW:  13    0.50 INCH OR MORE:   2
MIN  0 OR BELOW:   0    1.00 INCH OR MORE:   1

[HDD (BASE 65) ]
TOTAL THIS MO.   500    CLEAR  (SCALE 0-3)  11
DPTR FM NORMAL   144    PTCLDY (SCALE 4-7)  10
TOTAL FM JUL 1  1697    CLOUDY (SCALE 8-10)  5
DPTR FM NORMAL    82

[CDD (BASE 65) ]
TOTAL THIS MO.     0
DPTR FM NORMAL     0    [PRESSURE DATA]
TOTAL FM JAN 1     4    HIGHEST SLP M ON M
DPTR FM NORMAL     2    LOWEST  SLP 29.48 ON 26

[REMARKS]
