000
CXUS55 KDVN 221100
CF6CID
PRELIMINARY LOCAL CLIMATOLOGICAL DATA (WS FORM: F-6)

                                          STATION:   CEDAR RAPIDS IA
                                          MONTH:     MAY
                                          YEAR:      2017
                                          LATITUDE:   41 52 N
                                          LONGITUDE:  91 42 W

  TEMPERATURE IN F:       :PCPN:    SNOW:  WIND      :SUNSHINE: SKY     :PK WND
================================================================================
1   2   3   4   5  6A  6B    7    8   9   10  11  12  13   14  15   16   17  18
                                     12Z  AVG MX 2MIN
DY MAX MIN AVG DEP HDD CDD  WTR  SNW DPTH SPD SPD DIR MIN PSBL S-S WX    SPD DR
================================================================================

 1  51  40  46  -9  19   0 0.14    M    M 15.5 28 280   M    M  10 18     33 270
 2  60  38  49  -6  16   0 0.00    M    M 17.1 30 320   M    M   5        37 290
 3  58  33  46 -10  19   0 0.00    M    M  4.7 13 120   M    M   0        18 140
 4  69  35  52  -4  13   0 0.00    M    M 11.4 23 360   M    M   1        30 360
 5  72  40  56   0   9   0 0.00    M    M  9.9 24 350   M    M   0        31 350
 6  69  47  58   1   7   0 0.00    M    M 11.1 23  60   M    M   1        30  10
 7  69  41  55  -2  10   0 0.00    M    M  5.6 10  90   M    M   1        13 150
 8  74  44  59   1   6   0 0.08    M    M 10.9 21 120   M    M   2 3      29 110
 9  72  46  59   1   6   0    T    M    M  8.1 18  50   M    M   1 138    22  50
10  63  51  57  -1   8   0 0.88    M    M 10.9 22 340   M    M   8 138    28  80
11  73  54  64   6   1   0    T    M    M  7.8 17 350   M    M   4 18     21 340
12  73  46  60   1   5   0 0.00    M    M  9.2 21  10   M    M   0        25  10
13  81  49  65   6   0   0 0.00    M    M  9.5 20 260   M    M   1        28 320
14  82  53  68   8   0   3 0.00    M    M  9.1 21 250   M    M   1        26 260
15  88  57  73  13   0   8 0.00    M    M 11.7 24 190   M    M   3 8      33 190
16  87  67  77  17   0  12 0.00    M    M 16.1 28 190   M    M   1        37 200
17  82  59  71  11   0   6 0.89    M    M 12.1 45 250   M    M   4 13     57 250
18  67  53  60  -1   5   0 0.00    M    M 14.8 24 250   M    M   9        30 250
19  54  45  50 -11  15   0 0.71    M    M 15.2 25  70   M    M   9 138    31  70
20  61  45  53  -9  12   0 0.24    M    M 12.7 25  90   M    M   9 13     34  80
21  52  46  49 -13  16   0    T    M    M 15.3 25 270   M    M   9 1      32 290
================================================================================
SM 1457  989       167  29  2.94    M    238.7          M       79
================================================================================
AV 69.4 47.1                              11.4 FASTST   M    M   4    MAX(MPH)
                                 MISC ---->  # 45 250               # 57  250
================================================================================
NOTES:
# LAST OF SEVERAL OCCURRENCES

COLUMN 17 PEAK WIND IN M.P.H.

PRELIMINARY LOCAL CLIMATOLOGICAL DATA (WS FORM: F-6) , PAGE 2

                                          STATION:  CEDAR RAPIDS IA
                                          MONTH:    MAY
                                          YEAR:     2017
                                          LATITUDE:   41 52 N
                                          LONGITUDE:  91 42 W

[TEMPERATURE DATA]      [PRECIPITATION DATA]       SYMBOLS USED IN COLUMN 16

AVERAGE MONTHLY: 58.2   TOTAL FOR MONTH:   2.94    1 = FOG OR MIST
DPTR FM NORMAL:  -0.2   DPTR FM NORMAL:    0.17    2 = FOG REDUCING VISIBILITY
HIGHEST:    88 ON 15    GRTST 24HR  0.89 ON 17-17      TO 1/4 MILE OR LESS
LOWEST:     33 ON  3                               3 = THUNDER
                        SNOW, ICE PELLETS, HAIL    4 = ICE PELLETS
                        TOTAL MONTH:    M          5 = HAIL
                        GRTST 24HR    M  ON   M    6 = FREEZING RAIN OR DRIZZLE
                        GRTST DEPTH:  M  ON   M    7 = DUSTSTORM OR SANDSTORM:
                                                       VSBY 1/2 MILE OR LESS
                                                   8 = SMOKE OR HAZE
[NO. OF DAYS WITH]      [WEATHER - DAYS WITH]      9 = BLOWING SNOW
                                                   X = TORNADO
MAX 32 OR BELOW:   0    0.01 INCH OR MORE:   6
MAX 90 OR ABOVE:   0    0.10 INCH OR MORE:   5
MIN 32 OR BELOW:   0    0.50 INCH OR MORE:   3
MIN  0 OR BELOW:   0    1.00 INCH OR MORE:   0

[HDD (BASE 65) ]
TOTAL THIS MO.   167    CLEAR  (SCALE 0-3)  12
DPTR FM NORMAL    11    PTCLDY (SCALE 4-7)   4
TOTAL FM JUL 1  5678    CLOUDY (SCALE 8-10)  5
DPTR FM NORMAL -1123

[CDD (BASE 65) ]
TOTAL THIS MO.    29
DPTR FM NORMAL    10    [PRESSURE DATA]
TOTAL FM JAN 1    38    HIGHEST SLP M ON M
DPTR FM NORMAL    12    LOWEST  SLP 29.37 ON  1

[REMARKS]
