000
CXUS54 KHGX 301415
CF6CLL
PRELIMINARY LOCAL CLIMATOLOGICAL DATA (WS FORM: F-6)

                                          STATION:   COLLEGE STATION
                                          MONTH:     OCTOBER
                                          YEAR:      2014
                                          LATITUDE:   30 34 N
                                          LONGITUDE:  96 22 W

  TEMPERATURE IN F:       :PCPN:    SNOW:  WIND      :SUNSHINE: SKY     :PK WND
================================================================================
1   2   3   4   5  6A  6B    7    8   9   10  11  12  13   14  15   16   17  18
                                     12Z  AVG MX 2MIN
DY MAX MIN AVG DEP HDD CDD  WTR  SNW DPTH SPD SPD DIR MIN PSBL S-S WX    SPD DR
================================================================================

 1  91  74  83   8   0  18 0.00  0.0    0  7.2 15 170   M    M   4 1      29 290
 2  93  70  82   7   0  17 0.66  0.0    0 10.5 24 320   M    M   6 138    30 310
 3  83  62  73  -2   0   8 0.00  0.0    0  9.9 21  20   M    M   0        27  10
 4  77  57  67  -7   0   2 0.00  0.0    0  7.6 15  60   M    M   0        20  40
 5  85  57  71  -3   0   6 0.00  0.0    0  9.9 18 170   M    M   0        25 190
 6  82  66  74   0   0   9 0.06  0.0    0  7.7 31  50   M    M   3 1      41  50
 7  90  66  78   5   0  13 0.00  0.0    0  8.1 17 160   M    M   4 12     22 150
 8  89  73  81   8   0  16 0.00  0.0    0  8.2 18 120   M    M   6 1      23 120
 9  89  73  81   8   0  16 0.00  0.0    0 10.3 18 150   M    M   4        28 160
10  91  73  82   9   0  17 0.00  0.0    0 10.6 18 160   M    M   4 1      25 180
11  75  63  69  -3   0   4 0.23  0.0    0  9.2 22 360   M    M   8 1      26  10
12  78  62  70  -2   0   5 0.11  0.0    0  6.7 20 170   M    M   8 13     26 170
13  78  56  67  -5   0   2 0.75  0.0    0 14.0 30 310   M    M   5 13     42 320
14  77  51  64  -7   1   0 0.00  0.0    0  7.2 22 320   M    M   0        28 320
15  85  50  68  -3   0   3 0.00  0.0    0  2.7 10 270   M    M   0        13 320
16  85  56  71   0   0   6 0.00  0.0    0  7.5 18 200   M    M   0        22 230
17  85  59  72   1   0   7 0.00  0.0    0  6.0 16 210   M    M   0        20 220
18  86  63  75   5   0  10 0.00  0.0    0  3.7 14  60   M    M   1        18  50
19  81  63  72   2   0   7 0.00  0.0    0  6.7 14  80   M    M   2        18  70
20  81  59  70   0   0   5 0.00  0.0    0  5.2 12  20   M    M   0        14  20
21  82  56  69   0   0   4 0.00  0.0    0  4.5 10  50   M    M   0 1      14  70
22  82  63  73   4   0   8 0.00  0.0    0  5.6 14  90   M    M   0        19  50
23  80  63  72   3   0   7    T  0.0    0  5.0 10  30   M    M   2        13  30
24  83  58  71   2   0   6 0.00  0.0    0  2.2  7 140   M    M   1        11  60
25  85  59  72   4   0   7 0.00  0.0    0  3.1  8 170   M    M   0 8      13 240
26  84  60  72   4   0   7 0.00  0.0    0  7.0 18 160   M    M   0        22 160
27  85  61  73   5   0   8    T  0.0    0  9.6 22 200   M    M   1        28 150
28  82  64  73   6   0   8 0.00  0.0    0  4.1 12 220   M    M   1        14 190
29  77  61  69   2   0   4 0.00  0.0    0  6.8 16  30   M    M   6 1      20  20
================================================================================
SM 2421 1798         1 230  1.81     0.0 206.8          M       66
================================================================================
AV 83.5 62.0                               7.1 FASTST   M    M   2    MAX(MPH)
                                 MISC ---->  # 31  50               # 42  320
================================================================================
NOTES:
# LAST OF SEVERAL OCCURRENCES

COLUMN 17 PEAK WIND IN M.P.H.

PRELIMINARY LOCAL CLIMATOLOGICAL DATA (WS FORM: F-6) , PAGE 2

                                          STATION:  COLLEGE STATION
                                          MONTH:    OCTOBER
                                          YEAR:     2014
                                          LATITUDE:   30 34 N
                                          LONGITUDE:  96 22 W

[TEMPERATURE DATA]      [PRECIPITATION DATA]       SYMBOLS USED IN COLUMN 16

AVERAGE MONTHLY: 72.7   TOTAL FOR MONTH:   1.81    1 = FOG OR MIST
DPTR FM NORMAL:   1.6   DPTR FM NORMAL:   -2.84    2 = FOG REDUCING VISIBILITY
HIGHEST:    93 ON  2    GRTST 24HR  0.84 ON 12-13      TO 1/4 MILE OR LESS
LOWEST:     50 ON 15                               3 = THUNDER
                        SNOW, ICE PELLETS, HAIL    4 = ICE PELLETS
                        TOTAL MONTH:   0.0 INCH    5 = HAIL
                        GRTST 24HR     0.0         6 = FREEZING RAIN OR DRIZZLE
                        GRTST DEPTH:   0           7 = DUSTSTORM OR SANDSTORM:
                                                       VSBY 1/2 MILE OR LESS
                                                   8 = SMOKE OR HAZE
[NO. OF DAYS WITH]      [WEATHER - DAYS WITH]      9 = BLOWING SNOW
                                                   X = TORNADO
MAX 32 OR BELOW:   0    0.01 INCH OR MORE:   5
MAX 90 OR ABOVE:   4    0.10 INCH OR MORE:   4
MIN 32 OR BELOW:   0    0.50 INCH OR MORE:   2
MIN  0 OR BELOW:   0    1.00 INCH OR MORE:   0

[HDD (BASE 65) ]
TOTAL THIS MO.     1    CLEAR  (SCALE 0-3)  19
DPTR FM NORMAL   -26    PTCLDY (SCALE 4-7)   9
TOTAL FM JUL 1     1    CLOUDY (SCALE 8-10)  1
DPTR FM NORMAL   -28

[CDD (BASE 65) ]
TOTAL THIS MO.   230
DPTR FM NORMAL    22    [PRESSURE DATA]
TOTAL FM JAN 1  2910    HIGHEST SLP M ON M
DPTR FM NORMAL   -94    LOWEST  SLP 29.71 ON 13

[REMARKS]
