000
CXUS52 KGSP 280817
CF6CLT
PRELIMINARY LOCAL CLIMATOLOGICAL DATA (WS FORM: F-6)

                                          STATION:   CHARLOTTE NC
                                          MONTH:     MAY
                                          YEAR:      2015
                                          LATITUDE:   35 12 N
                                          LONGITUDE:  80 57 W

  TEMPERATURE IN F:       :PCPN:    SNOW:  WIND      :SUNSHINE: SKY     :PK WND
================================================================================
1   2   3   4   5  6A  6B    7    8   9   10  11  12  13   14  15   16   17  18
                                     12Z  AVG MX 2MIN
DY MAX MIN AVG DEP HDD CDD  WTR  SNW DPTH SPD SPD DIR MIN PSBL S-S WX    SPD DR
================================================================================

 1  67  47  57  -6   8   0 0.00  0.0    0  8.4 18  20   M    M   6        25 360
 2  76  45  61  -3   4   0 0.00  0.0    0  5.5 17  20   M    M   3        21  30
 3  80  46  63  -1   2   0 0.00  0.0    0  4.1 13 210   M    M   4        20 260
 4  83  55  69   5   0   4 0.00  0.0    0  6.9 14 190   M    M   2        18 180
 5  82  56  69   5   0   4 0.00  0.0    0  4.6 14 170   M    M   1        20 140
 6  84  53  69   4   0   4 0.00  0.0    0  4.5 15 100   M    M   4        21 120
 7  81  58  70   5   0   5 0.00  0.0    0  6.1 16  40   M    M   8        24 140
 8  85  57  71   6   0   6 0.00  0.0    0  8.2 18  10   M    M   4        26  60
 9  84  60  72   7   0   7    T  0.0    0  9.2 21  40   M    M   5        29  70
10  82  65  74   8   0   9 0.00  0.0    0 10.1 18  20   M    M   6        26  10
11  90  61  76  10   0  11 0.00  0.0    0  5.5 16 170   M    M   3 1      18 170
12  88  66  77  11   0  12    T  0.0    0  6.2 16 230   M    M   6        23 220
13  85  60  73   7   0   8 0.00  0.0    0  5.5 12  40   M    M   6        20  60
14  75  58  67   0   0   2 0.00  0.0    0  8.1 15  50   M    M   6        23  80
15  82  63  73   6   0   8 0.00  0.0    0  7.0 14 190   M    M   7        17 230
16  87  62  75   8   0  10 0.00  0.0    0  8.3 15 170   M    M   7        17 180
17  86  63  75   7   0  10 0.00  0.0    0  5.1 12 220   M    M   7        18 230
18  89  67  78  10   0  13 0.00  0.0    0  5.4 15 240   M    M   8 3      20 270
19  89  65  77   9   0  12    T  0.0    0  3.7 17 330   M    M   7 1238   26 330
20  91  61  76   8   0  11 0.00  0.0    0  4.3 15 160   M    M   4        18 150
21  86  64  75   6   0  10 0.00  0.0    0  7.4 17 350   M    M   7        22 360
22  76  52  64  -5   1   0 0.00  0.0    0  6.6  3 200   M    M   4         3 190
23  82  47  65  -4   0   0 0.00  0.0    0  5.7 13 130   M    M   1        18  90
24  82  54  68  -2   0   3 0.00  0.0    0  6.6 15 140   M    M   4        18 150
25  86  59  73   3   0   8 0.00  0.0    0  5.8 14 170   M    M   4        17 190
26  88  67  78   8   0  13 0.32  0.0    0  7.0 26 230   M    M   8 13     35 230
27  84  65  75   5   0  10    T  0.0    0  6.0 12 160   M    M   6        15 160
================================================================================
SM 2250 1576        15 180  0.32     0.0 171.8          M      138
================================================================================
AV 83.3 58.4                               6.4 FASTST   M    M   5    MAX(MPH)
                                 MISC ---->  # 26 230               # 35  230
================================================================================
NOTES:
# LAST OF SEVERAL OCCURRENCES

COLUMN 17 PEAK WIND IN M.P.H.

PRELIMINARY LOCAL CLIMATOLOGICAL DATA (WS FORM: F-6) , PAGE 2

                                          STATION:  CHARLOTTE NC
                                          MONTH:    MAY
                                          YEAR:     2015
                                          LATITUDE:   35 12 N
                                          LONGITUDE:  80 57 W

[TEMPERATURE DATA]      [PRECIPITATION DATA]       SYMBOLS USED IN COLUMN 16

AVERAGE MONTHLY: 70.9   TOTAL FOR MONTH:   0.32    1 = FOG OR MIST
DPTR FM NORMAL:   4.1   DPTR FM NORMAL:   -2.39    2 = FOG REDUCING VISIBILITY
HIGHEST:    91 ON 20    GRTST 24HR  0.32 ON 26-26      TO 1/4 MILE OR LESS
LOWEST:     45 ON  2                               3 = THUNDER
                        SNOW, ICE PELLETS, HAIL    4 = ICE PELLETS
                        TOTAL MONTH:   0.0 INCH    5 = HAIL
                        GRTST 24HR     0.0         6 = FREEZING RAIN OR DRIZZLE
                        GRTST DEPTH:   0           7 = DUSTSTORM OR SANDSTORM:
                                                       VSBY 1/2 MILE OR LESS
                                                   8 = SMOKE OR HAZE
[NO. OF DAYS WITH]      [WEATHER - DAYS WITH]      9 = BLOWING SNOW
                                                   X = TORNADO
MAX 32 OR BELOW:   0    0.01 INCH OR MORE:   1
MAX 90 OR ABOVE:   2    0.10 INCH OR MORE:   1
MIN 32 OR BELOW:   0    0.50 INCH OR MORE:   0
MIN  0 OR BELOW:   0    1.00 INCH OR MORE:   0

[HDD (BASE 65) ]
TOTAL THIS MO.    15    CLEAR  (SCALE 0-3)   4
DPTR FM NORMAL   -36    PTCLDY (SCALE 4-7)  22
TOTAL FM JUL 1  3254    CLOUDY (SCALE 8-10)  1
DPTR FM NORMAL  -129

[CDD (BASE 65) ]
TOTAL THIS MO.   180
DPTR FM NORMAL    81    [PRESSURE DATA]
TOTAL FM JAN 1   243    HIGHEST SLP M ON M
DPTR FM NORMAL   107    LOWEST  SLP 29.77 ON 21

[REMARKS]
