000
CXUS51 KILN 280537
CF6CMH
PRELIMINARY LOCAL CLIMATOLOGICAL DATA (WS FORM: F-6)

                                          STATION:   COLUMBUS OH
                                          MONTH:     FEBRUARY
                                          YEAR:      2015
                                          LATITUDE:   40  0 N
                                          LONGITUDE:  82 53 W

  TEMPERATURE IN F:       :PCPN:    SNOW:  WIND      :SUNSHINE: SKY     :PK WND
================================================================================
1   2   3   4   5  6A  6B    7    8   9   10  11  12  13   14  15   16   17  18
                                     12Z  AVG MX 2MIN
DY MAX MIN AVG DEP HDD CDD  WTR  SNW DPTH SPD SPD DIR MIN PSBL S-S WX    SPD DR
================================================================================

 1  41  31  36   6  29   0 0.55  1.5    1  6.7 16 140   M    M  10 16     22 160
 2  41  14  28  -2  37   0 0.02    T    0 14.1 26 320   M    M   7 1      33 320
 3  31  14  23  -7  42   0 0.00  0.0    0  7.6 16 230   M    M   8        21 220
 4  42  24  33   2  32   0 0.14  1.5    0  9.5 21 340   M    M   8 1      25 340
 5  24   9  17 -14  48   0    T    T    1  9.4 24 340   M    M   2 1      32 340
 6  29   8  19 -12  46   0 0.00  0.0    1  6.5 14 220   M    M   8        18 230
 7  50  28  39   8  26   0 0.00  0.0    1  7.7 18 210   M    M   7        25 220
 8  56  41  49  18  16   0 0.12  0.0    0  9.8 21 240   M    M  10 18     32 210
 9  46  21  34   3  31   0    T    T    0 12.8 18 350   M    M  10 18     24 350
10  32  20  26  -6  39   0 0.00  0.0    0  7.5 15  20   M    M   7 1      21  10
11  38  19  29  -3  36   0 0.02  0.0    0  7.1 20 290   M    M   7 168    28 290
12  32   8  20 -12  45   0 0.04  0.6    T 13.8 29 320   M    M   7 168    33 310
13  26   4  15 -17  50   0 0.00  0.0    T  4.3 15 190   M    M   5        21 220
14  30   6  18 -14  47   0 0.09  1.7    T 19.1 39 290   M    M   9 1289   49 340
15   8   0   4 -29  61   0 0.00  0.0    1  9.5 24 320   M    M   2        35 320
16  10   0   5 -28  60   0 0.07  1.7    1  8.0 14 110   M    M  10        18  90
17  19  -4   8 -25  57   0 0.00  0.0    2  6.4 16 200   M    M   5 18     21 210
18  18   4  11 -22  54   0 0.12  1.5    2 12.9 29 280   M    M   8 128    36 270
19   8  -3   3 -31  62   0    T    T    3 13.2 23 280   M    M   4 8      25 290
20  14  -8   3 -31  62   0 0.00  0.0    2  7.5 14 190   M    M   5 18     17 190
21  33  14  24 -10  41   0 0.52  6.8    6  5.6 14 340   M    M  10 12     17 330
22  31  15  23 -11  42   0 0.00  0.0    5  7.2 21 340   M    M   9 18     24 350
23  19  -3   8 -27  57   0 0.00  0.0    4  9.8 23 340   M    M   3        29 340
24  24 -11   7 -28  58   0 0.00  0.0    4  8.4 22 220   M    M   4 18     28 220
25  33  17  25 -10  40   0 0.00  0.0    4  7.2 16 240   M    M   7        21 230
26  22   9  16 -20  49   0    T    T    4 11.5 18 340   M    M   9 8      23  10
27  18   4  11 -25  54   0    T    T    0  3.2 12 270   M    M   6 18     15 300
================================================================================
SM  775  281      1221   0  1.69    15.3 246.3          M      187
================================================================================
AV 28.7 10.4                               9.1 FASTST   M    M   7    MAX(MPH)
                                 MISC ---->  # 39 290               # 49  340
================================================================================
NOTES:
# LAST OF SEVERAL OCCURRENCES

COLUMN 17 PEAK WIND IN M.P.H.

PRELIMINARY LOCAL CLIMATOLOGICAL DATA (WS FORM: F-6) , PAGE 2

                                          STATION:  COLUMBUS OH
                                          MONTH:    FEBRUARY
                                          YEAR:     2015
                                          LATITUDE:   40  0 N
                                          LONGITUDE:  82 53 W

[TEMPERATURE DATA]      [PRECIPITATION DATA]       SYMBOLS USED IN COLUMN 16

AVERAGE MONTHLY: 19.6   TOTAL FOR MONTH:   1.69    1 = FOG OR MIST
DPTR FM NORMAL: -13.1   DPTR FM NORMAL:   -0.48    2 = FOG REDUCING VISIBILITY
HIGHEST:    56 ON  8    GRTST 24HR  0.56 ON  1- 2      TO 1/4 MILE OR LESS
LOWEST:    -11 ON 24                               3 = THUNDER
                        SNOW, ICE PELLETS, HAIL    4 = ICE PELLETS
                        TOTAL MONTH:  15.3 INCHES  5 = HAIL
                        GRTST 24HR   6.8 ON   M    6 = FREEZING RAIN OR DRIZZLE
                        GRTST DEPTH:   6 ON 21     7 = DUSTSTORM OR SANDSTORM:
                                                       VSBY 1/2 MILE OR LESS
                                                   8 = SMOKE OR HAZE
[NO. OF DAYS WITH]      [WEATHER - DAYS WITH]      9 = BLOWING SNOW
                                                   X = TORNADO
MAX 32 OR BELOW:  18    0.01 INCH OR MORE:  10
MAX 90 OR ABOVE:   0    0.10 INCH OR MORE:   5
MIN 32 OR BELOW:  26    0.50 INCH OR MORE:   2
MIN  0 OR BELOW:   7    1.00 INCH OR MORE:   0

[HDD (BASE 65) ]
TOTAL THIS MO.  1221    CLEAR  (SCALE 0-3)   2
DPTR FM NORMAL   347    PTCLDY (SCALE 4-7)  16
TOTAL FM JUL 1  4502    CLOUDY (SCALE 8-10)  9
DPTR FM NORMAL   536

[CDD (BASE 65) ]
TOTAL THIS MO.     0
DPTR FM NORMAL     0    [PRESSURE DATA]
TOTAL FM JAN 1     0    HIGHEST SLP 30.74 ON 27
DPTR FM NORMAL     0    LOWEST  SLP 29.48 ON  2

[REMARKS]
