000
CXUS51 KILN 220538
CF6CMH
PRELIMINARY LOCAL CLIMATOLOGICAL DATA (WS FORM: F-6)

                                          STATION:   COLUMBUS OH
                                          MONTH:     JULY
                                          YEAR:      2017
                                          LATITUDE:   40  0 N
                                          LONGITUDE:  82 53 W

  TEMPERATURE IN F:       :PCPN:    SNOW:  WIND      :SUNSHINE: SKY     :PK WND
================================================================================
1   2   3   4   5  6A  6B    7    8   9   10  11  12  13   14  15   16   17  18
                                     12Z  AVG MX 2MIN
DY MAX MIN AVG DEP HDD CDD  WTR  SNW DPTH SPD SPD DIR MIN PSBL S-S WX    SPD DR
================================================================================

 1  83  68  76   1   0  11 0.07  0.0    0  7.7 16 250   M    M   7 13     22 220
 2  86  65  76   1   0  11 0.00  0.0    0  6.8 20 250   M    M   3 1      25 250
 3  89  63  76   1   0  11 0.00  0.0    0  4.5 16 300   M    M   6        21 300
 4  86  67  77   2   0  12 0.00  0.0    0  5.7 14  50   M    M   5        16  30
 5  87  65  76   1   0  11 0.00  0.0    0  4.0  9  60   M    M   7        11  60
 6  79  70  75   0   0  10 0.43  0.0    0  2.9 10 300   M    M   9 1      12 300
 7  84  64  74  -1   0   9 0.61  0.0    0  6.9 38  10   M    M   5 13     46  10
 8  80  64  72  -3   0   7 0.00  0.0    0  7.6 20 310   M    M   5        23 310
 9  80  57  69  -6   0   4 0.00  0.0    0  4.8 15 200   M    M   1        19 200
10  81  65  73  -2   0   8 1.71  0.0    0  7.6 40 270   M    M   8 13     52 270
11  85  68  77   2   0  12 0.21  0.0    0 10.1 23 250   M    M   8 13     31 230
12  89  72  81   6   0  16 0.00  0.0    0  8.8 22 210   M    M   8        25 200
13  80  71  76   1   0  11 3.11  0.0    0  6.3 20  10   M    M  10 13     24 220
14  87  70  79   4   0  14 0.01  0.0    0  7.5 20 300   M    M   6 1      24 290
15  83  65  74  -1   0   9 0.00  0.0    0  6.6 13 320   M    M   3        17 310
16  85  62  74  -1   0   9    T  0.0    0  4.1 13 220   M    M   4        17 270
17  86  68  77   2   0  12 0.00  0.0    0  5.0 10 360   M    M   6 1      14  20
18  90  67  79   4   0  14 0.00  0.0    0  5.1 13 190   M    M   3        18 250
19  91  71  81   6   0  16 0.00  0.0    0  4.9 14 210   M    M   2        20 230
20  89  71  80   5   0  15 0.00  0.0    0  7.4 17 270   M    M   7 1      21 270
21  85  71  78   3   0  13 0.56  0.0    0  5.7 40 280   M    M   8 138    49 290
================================================================================
SM 1785 1404         0 235  6.71     0.0 130.0          M      121
================================================================================
AV 85.0 66.9                               6.2 FASTST   M    M   6    MAX(MPH)
                                 MISC ---->  # 40 270               # 52  270
================================================================================
NOTES:
# LAST OF SEVERAL OCCURRENCES

COLUMN 17 PEAK WIND IN M.P.H.

PRELIMINARY LOCAL CLIMATOLOGICAL DATA (WS FORM: F-6) , PAGE 2

                                          STATION:  COLUMBUS OH
                                          MONTH:    JULY
                                          YEAR:     2017
                                          LATITUDE:   40  0 N
                                          LONGITUDE:  82 53 W

[TEMPERATURE DATA]      [PRECIPITATION DATA]       SYMBOLS USED IN COLUMN 16

AVERAGE MONTHLY: 75.9   TOTAL FOR MONTH:   6.71    1 = FOG OR MIST
DPTR FM NORMAL:   0.9   DPTR FM NORMAL:    3.41    2 = FOG REDUCING VISIBILITY
HIGHEST:    91 ON 19    GRTST 24HR  3.11 ON 13-13      TO 1/4 MILE OR LESS
LOWEST:     57 ON  9                               3 = THUNDER
                        SNOW, ICE PELLETS, HAIL    4 = ICE PELLETS
                        TOTAL MONTH:   0.0 INCH    5 = HAIL
                        GRTST 24HR     0.0         6 = FREEZING RAIN OR DRIZZLE
                        GRTST DEPTH:   0           7 = DUSTSTORM OR SANDSTORM:
                                                       VSBY 1/2 MILE OR LESS
                                                   8 = SMOKE OR HAZE
[NO. OF DAYS WITH]      [WEATHER - DAYS WITH]      9 = BLOWING SNOW
                                                   X = TORNADO
MAX 32 OR BELOW:   0    0.01 INCH OR MORE:   8
MAX 90 OR ABOVE:   2    0.10 INCH OR MORE:   6
MIN 32 OR BELOW:   0    0.50 INCH OR MORE:   4
MIN  0 OR BELOW:   0    1.00 INCH OR MORE:   2

[HDD (BASE 65) ]
TOTAL THIS MO.     0    CLEAR  (SCALE 0-3)   4
DPTR FM NORMAL     0    PTCLDY (SCALE 4-7)  12
TOTAL FM JUL 1     0    CLOUDY (SCALE 8-10)  5
DPTR FM NORMAL     0

[CDD (BASE 65) ]
TOTAL THIS MO.   235
DPTR FM NORMAL    25    [PRESSURE DATA]
TOTAL FM JAN 1   590    HIGHEST SLP 30.13 ON 13
DPTR FM NORMAL    82    LOWEST  SLP 29.76 ON  7

[REMARKS]
