000
CXUS54 KMAF 261100
CF6CNM
PRELIMINARY LOCAL CLIMATOLOGICAL DATA (WS FORM: F-6)

                                          STATION:   Carlsbad
                                          MONTH:     MAY
                                          YEAR:      2017
                                          LATITUDE:   32 20 N
                                          LONGITUDE: 104 15 W

  TEMPERATURE IN F:       :PCPN:    SNOW:  WIND      :SUNSHINE: SKY     :PK WND
================================================================================
1   2   3   4   5  6A  6B    7    8   9   10  11  12  13   14  15   16   17  18
                                     12Z  AVG MX 2MIN
DY MAX MIN AVG DEP HDD CDD  WTR  SNW DPTH SPD SPD DIR MIN PSBL S-S WX    SPD DR
================================================================================

 1  86  44  65  -3   0   0 0.00  0.0    0  7.2 22 300   M    M   0        28 300
 2  94  44  69   1   0   4 0.00  0.0    0 11.4 28 250   M    M   0        35 250
 3  79  55  67  -1   0   2 0.00  0.0    0 14.0 40 320   M    M   0        49 320
 4  76  46  61  -8   4   0 0.00  0.0    0  5.0 12 340   M    M   0        16  50
 5  89  45  67  -2   0   2 0.00  0.0    0 10.4 23 160   M    M   0        30 150
 6  97  50  74   5   0   9 0.00  0.0    0 11.3 24 130   M    M   0        36 110
 7  94  57  76   6   0  11 0.00  0.0    0 15.0 33 130   M    M   0        40 140
 8  90  54  72   2   0   7 0.00  0.0    0 12.8 32 130   M    M   2        41 130
 9  90  65  78   8   0  13 0.07  0.0    0 17.2 35 140   M    M   6 3      45 140
10  79  54  67  -4   0   2 0.00  0.0    0 16.1 32 260   M    M   1        39 260
11  81  51  66  -5   0   1 0.00  0.0    0 11.7 25 360   M    M   0        31 350
12  81  54  68  -3   0   3 0.00  0.0    0  7.7 16 360   M    M   0        18  10
13  92  53  73   1   0   8 0.00  0.0    0 11.3 21 120   M    M   0        29 170
14 100  58  79   7   0  14 0.00  0.0    0 10.0 29 160   M    M   0        37 160
15  97  61  79   7   0  14 0.00  0.0    0 10.3 28 210   M    M   0        34 210
16  91  57  74   1   0   9 0.00  0.0    0 18.7 38 280   M    M   1 8      49 280
17  86  50  68  -5   0   3 0.00  0.0    0 16.2 30 250   M    M   0        36 250
18  90  60  75   2   0  10 0.00  0.0    0 14.9 32 240   M    M   0        40 270
19  87  57  72  -2   0   7 0.00  0.0    0 14.3 33 240   M    M   0        38 240
20  79  51  65  -9   0   0 0.00  0.0    0  8.1 17 350   M    M   1        20 360
21  77  56  67  -7   0   2 0.00  0.0    0 12.0 25 150   M    M   5        31 160
22   M   M   M   M   M   M    T    M    0  6.6 12 130   M    M   9 1       M  M
23  72  54  63 -12   2   0 0.00  0.0    0 10.5 23 360   M    M   5        27 350
24  96  49  73  -2   0   8 0.00  0.0    0  9.4 29 250   M    M   0        34 260
25 100  69  85  10   0  20 0.00  0.0    0 19.3 39 260   M    M   0        47 260
================================================================================
SM 2103 1294         6 149  0.07     0.0 301.4          M       30
================================================================================
AV 87.6 53.9                              12.1 FASTST   M    M   1    MAX(MPH)
                                 MISC ---->  # 40 320               # 49  320
================================================================================
NOTES:
# LAST OF SEVERAL OCCURRENCES

COLUMN 17 PEAK WIND IN M.P.H.

PRELIMINARY LOCAL CLIMATOLOGICAL DATA (WS FORM: F-6) , PAGE 2

                                          STATION:  Carlsbad
                                          MONTH:    MAY
                                          YEAR:     2017
                                          LATITUDE:   32 20 N
                                          LONGITUDE: 104 15 W

[TEMPERATURE DATA]      [PRECIPITATION DATA]       SYMBOLS USED IN COLUMN 16

AVERAGE MONTHLY: 70.8   TOTAL FOR MONTH:   0.07    1 = FOG OR MIST
DPTR FM NORMAL:  -0.8   DPTR FM NORMAL:   -1.02    2 = FOG REDUCING VISIBILITY
HIGHEST:   100 ON 25,14 GRTST 24HR  0.07 ON  9- 9      TO 1/4 MILE OR LESS
LOWEST:     44 ON  2, 1                            3 = THUNDER
                        SNOW, ICE PELLETS, HAIL    4 = ICE PELLETS
                        TOTAL MONTH:   0.0 INCH    5 = HAIL
                        GRTST 24HR     0.0         6 = FREEZING RAIN OR DRIZZLE
                        GRTST DEPTH:   0           7 = DUSTSTORM OR SANDSTORM:
                                                       VSBY 1/2 MILE OR LESS
                                                   8 = SMOKE OR HAZE
[NO. OF DAYS WITH]      [WEATHER - DAYS WITH]      9 = BLOWING SNOW
                                                   X = TORNADO
MAX 32 OR BELOW:   0    0.01 INCH OR MORE:   1
MAX 90 OR ABOVE:  12    0.10 INCH OR MORE:   0
MIN 32 OR BELOW:   0    0.50 INCH OR MORE:   0
MIN  0 OR BELOW:   0    1.00 INCH OR MORE:   0

[HDD (BASE 65) ]
TOTAL THIS MO.     6    CLEAR  (SCALE 0-3)  21
DPTR FM NORMAL    -7    PTCLDY (SCALE 4-7)   3
TOTAL FM JUL 1  2036    CLOUDY (SCALE 8-10)  1
DPTR FM NORMAL  -782

[CDD (BASE 65) ]
TOTAL THIS MO.   149
DPTR FM NORMAL   -33    [PRESSURE DATA]
TOTAL FM JAN 1   289    HIGHEST SLP M ON M
DPTR FM NORMAL    30    LOWEST  SLP 29.41 ON 16

[REMARKS]
